157.51.242.44 - - [28/Aug/2025:20:42:43 +0530] "GET /shopdetail/19010939/gallerycategory.php HTTP/1.1" 404 796 "-" "Mozilla/5.0 (Macintosh; Intel Mac OS X 10_11_6) AppleWebKit/537.36 (KHTML, like Gecko) Chrome/103.0.0.0 Safari/537.36"
57.141.0.6 - - [28/Aug/2025:20:43:21 +0530] "GET /shopdetail/12350273/Gas-brazing-alloys.pdf HTTP/2" 404 796 "-" "meta-externalagent/1.1 (+https://developers.facebook.com/docs/sharing/webmasters/crawler)"
8.217.152.180 - - [28/Aug/2025:20:27:39 +0530] "GET /robots.txt HTTP/1.1" 404 796 "-" "AliyunSecBot/Aliyun (AliyunSecBot@service.alibaba.com)"
103.77.218.37 - - [28/Aug/2025:20:31:41 +0530] "GET /shopdetail/1531495/ HTTP/1.1" 404 796 "-" "Mozilla/5.0 (Windows NT 10.0; Win64; x64) AppleWebKit/537.36 (KHTML, like Gecko) Chrome/101.0.0.0 Safari/537.36"
57.141.0.7 - - [28/Aug/2025:20:35:19 +0530] "GET /shopdetail/5641995/CUTTING-AND-GOUGING.pdf HTTP/2" 404 796 "-" "meta-externalagent/1.1 (+https://developers.facebook.com/docs/sharing/webmasters/crawler)"
57.141.0.19 - - [28/Aug/2025:20:35:20 +0530] "GET /shopdetail/20775595/Tig-filler-wires.pdf HTTP/2" 404 796 "-" "meta-externalagent/1.1 (+https://developers.facebook.com/docs/sharing/webmasters/crawler)"
113.163.254.245 - - [28/Aug/2025:20:36:24 +0530] "GET /shopdetail/5447162/ HTTP/1.1" 404 796 "-" "Mozilla/5.0 (Windows NT 10.0; Win64; x64) AppleWebKit/537.36 (KHTML, like Gecko) Chrome/92.0.4515.107 Safari/537.36"
202.53.141.6 - - [28/Aug/2025:20:38:41 +0530] "GET /shopdetail/21610440/ HTTP/1.1" 404 796 "-" "Mozilla/5.0 (Macintosh; Intel Mac OS X 10_10_3) AppleWebKit/537.36 (KHTML, like Gecko) Chrome/65.0.3325.44 Safari/537.36"
57.141.0.7 - - [28/Aug/2025:20:39:20 +0530] "GET /shopdetail/3946884/welding.php HTTP/2" 404 796 "-" "meta-externalagent/1.1 (+https://developers.facebook.com/docs/sharing/webmasters/crawler)"
57.141.0.15 - - [28/Aug/2025:20:39:22 +0530] "GET /shopdetail/18002584/EQUIPMENTS.pdf HTTP/2" 404 796 "-" "meta-externalagent/1.1 (+https://developers.facebook.com/docs/sharing/webmasters/crawler)"
66.249.66.35 - - [28/Aug/2025:20:42:05 +0530] "GET /shopdetail/2544628/ HTTP/1.1" 404 796 "-" "Mozilla/5.0 (Linux; Android 6.0.1; Nexus 5X Build/MMB29P) AppleWebKit/537.36 (KHTML, like Gecko) Chrome/138.0.7204.183 Mobile Safari/537.36 (compatible; Googlebot/2.1; +http://www.google.com/bot.html)"
57.141.0.11 - - [28/Aug/2025:20:43:19 +0530] "GET /shopdetail/17567939/CAST-IRON.pdf HTTP/2" 404 796 "-" "meta-externalagent/1.1 (+https://developers.facebook.com/docs/sharing/webmasters/crawler)"
57.141.0.22 - - [28/Aug/2025:20:43:20 +0530] "GET /shopdetail/27515840/CONSUMABLES-RANUSH.pdf HTTP/2" 404 796 "-" "meta-externalagent/1.1 (+https://developers.facebook.com/docs/sharing/webmasters/crawler)"
57.141.0.26 - - [28/Aug/2025:20:47:19 +0530] "GET /shopdetail/9475040/TUBULAR-ELECTRODES.pdf HTTP/2" 404 796 "-" "meta-externalagent/1.1 (+https://developers.facebook.com/docs/sharing/webmasters/crawler)"
57.141.0.13 - - [28/Aug/2025:20:47:20 +0530] "GET /shopdetail/23164206/Hot-metal-spray-powders.pdf HTTP/2" 404 796 "-" "meta-externalagent/1.1 (+https://developers.facebook.com/docs/sharing/webmasters/crawler)"
57.141.0.10 - - [28/Aug/2025:20:47:21 +0530] "GET /shopdetail/10985773/ESAB-Low-Heat-Hardfacing-alloys.pdf HTTP/2" 404 796 "-" "meta-externalagent/1.1 (+https://developers.facebook.com/docs/sharing/webmasters/crawler)"
57.141.0.16 - - [28/Aug/2025:20:51:19 +0530] "GET /shopdetail/27470095/Hot-metal-spray-powders.pdf HTTP/2" 404 796 "-" "meta-externalagent/1.1 (+https://developers.facebook.com/docs/sharing/webmasters/crawler)"
57.141.0.13 - - [28/Aug/2025:20:51:22 +0530] "GET /shopdetail/19715495/CAST-IRON.pdf HTTP/2" 404 796 "-" "meta-externalagent/1.1 (+https://developers.facebook.com/docs/sharing/webmasters/crawler)"
110.249.201.87 - - [28/Aug/2025:20:54:10 +0530] "GET /robots.txt HTTP/1.1" 404 796 "-" "Mozilla/5.0 (Linux; Android 5.0) AppleWebKit/537.36 (KHTML, like Gecko) Mobile Safari/537.36 (compatible; Bytespider; https://zhanzhang.toutiao.com/)"
57.141.0.27 - - [28/Aug/2025:20:55:20 +0530] "GET /shopdetail/10774973/EQUIPMENTS.pdf HTTP/2" 404 796 "-" "meta-externalagent/1.1 (+https://developers.facebook.com/docs/sharing/webmasters/crawler)"
57.141.0.26 - - [28/Aug/2025:20:55:21 +0530] "GET /shopdetail/23377151/ESAB-Low-Heat-Hardfacing-alloys.pdf HTTP/2" 404 796 "-" "meta-externalagent/1.1 (+https://developers.facebook.com/docs/sharing/webmasters/crawler)"
57.141.0.26 - - [28/Aug/2025:20:43:22 +0530] "GET /shopdetail/10669795/gallery.php HTTP/2" 404 796 "-" "meta-externalagent/1.1 (+https://developers.facebook.com/docs/sharing/webmasters/crawler)"
57.141.0.1 - - [28/Aug/2025:20:47:22 +0530] "GET /shopdetail/4487373/welding.php HTTP/2" 404 796 "-" "meta-externalagent/1.1 (+https://developers.facebook.com/docs/sharing/webmasters/crawler)"
57.141.0.14 - - [28/Aug/2025:20:51:20 +0530] "GET /shopdetail/1147106/NON-FERROUS-ALLOY.pdf HTTP/2" 404 796 "-" "meta-externalagent/1.1 (+https://developers.facebook.com/docs/sharing/webmasters/crawler)"
57.141.0.30 - - [28/Aug/2025:20:51:21 +0530] "GET /shopdetail/25008362/CUTTING-AND-GOUGING.pdf HTTP/2" 404 796 "-" "meta-externalagent/1.1 (+https://developers.facebook.com/docs/sharing/webmasters/crawler)"
57.141.0.4 - - [28/Aug/2025:20:55:20 +0530] "GET /shopdetail/14479084/CAST-IRON.pdf HTTP/2" 404 796 "-" "meta-externalagent/1.1 (+https://developers.facebook.com/docs/sharing/webmasters/crawler)"
68.145.153.192 - - [28/Aug/2025:20:56:44 +0530] "GET /shopdetail/19720484/msgp.php HTTP/1.1" 404 796 "-" "Mozilla/5.0 (Windows NT 10.0; Win64; x64) AppleWebKit/537.36 (KHTML, like Gecko) Chrome/74.0.3729.131 Safari/537.36"
57.141.0.7 - - [28/Aug/2025:20:59:19 +0530] "GET /shopdetail/22035517/Hot-metal-spray-powders.pdf HTTP/2" 404 796 "-" "meta-externalagent/1.1 (+https://developers.facebook.com/docs/sharing/webmasters/crawler)"
57.141.0.26 - - [28/Aug/2025:20:59:22 +0530] "GET /shopdetail/29300617/ HTTP/2" 404 796 "-" "meta-externalagent/1.1 (+https://developers.facebook.com/docs/sharing/webmasters/crawler)"
57.141.0.10 - - [28/Aug/2025:21:03:22 +0530] "GET /shopdetail/4640240/NON-FERROUS-ALLOY.pdf HTTP/2" 404 796 "-" "meta-externalagent/1.1 (+https://developers.facebook.com/docs/sharing/webmasters/crawler)"
57.141.0.2 - - [28/Aug/2025:21:07:20 +0530] "GET /shopdetail/30295040/Flux-cored-wires.pdf HTTP/2" 404 796 "-" "meta-externalagent/1.1 (+https://developers.facebook.com/docs/sharing/webmasters/crawler)"
57.141.0.26 - - [28/Aug/2025:21:07:22 +0530] "GET /shopdetail/25761295/Gas-brazing-alloys.pdf HTTP/2" 404 796 "-" "meta-externalagent/1.1 (+https://developers.facebook.com/docs/sharing/webmasters/crawler)"
57.141.0.9 - - [28/Aug/2025:21:11:20 +0530] "GET /shopdetail/24853762/ HTTP/2" 404 796 "-" "meta-externalagent/1.1 (+https://developers.facebook.com/docs/sharing/webmasters/crawler)"
57.141.0.24 - - [28/Aug/2025:21:11:20 +0530] "GET /shopdetail/19605162/Hot-metal-spray-powders.pdf HTTP/2" 404 796 "-" "meta-externalagent/1.1 (+https://developers.facebook.com/docs/sharing/webmasters/crawler)"
57.141.0.16 - - [28/Aug/2025:21:15:22 +0530] "GET /shopdetail/9248940/EQUIPMENTS.pdf HTTP/2" 404 796 "-" "meta-externalagent/1.1 (+https://developers.facebook.com/docs/sharing/webmasters/crawler)"
113.190.76.173 - - [28/Aug/2025:21:15:57 +0530] "GET /pcmypage?callback=product%2Freview%2F46397166 HTTP/1.1" 404 796 "-" "Mozilla/5.0 (Windows NT 5.1) AppleWebKit/537.36 (KHTML, like Gecko) Chrome/36.0.1985.67 Safari/537.36"
57.141.0.14 - - [28/Aug/2025:20:55:22 +0530] "GET /shopdetail/6499939/index.php HTTP/2" 404 796 "-" "meta-externalagent/1.1 (+https://developers.facebook.com/docs/sharing/webmasters/crawler)"
57.141.0.12 - - [28/Aug/2025:20:59:20 +0530] "GET /shopdetail/25724239/CUTTING-AND-GOUGING.pdf HTTP/2" 404 796 "-" "meta-externalagent/1.1 (+https://developers.facebook.com/docs/sharing/webmasters/crawler)"
57.141.0.12 - - [28/Aug/2025:20:59:22 +0530] "GET /shopdetail/18379951/Gas-brazing-alloys.pdf HTTP/2" 404 796 "-" "meta-externalagent/1.1 (+https://developers.facebook.com/docs/sharing/webmasters/crawler)"
57.141.0.18 - - [28/Aug/2025:21:03:20 +0530] "GET /shopdetail/26667751/Gas-brazing-alloys.pdf HTTP/2" 404 796 "-" "meta-externalagent/1.1 (+https://developers.facebook.com/docs/sharing/webmasters/crawler)"
57.141.0.17 - - [28/Aug/2025:21:03:22 +0530] "GET /shopdetail/5240962/Tig-filler-wires.pdf HTTP/2" 404 796 "-" "meta-externalagent/1.1 (+https://developers.facebook.com/docs/sharing/webmasters/crawler)"
57.141.0.21 - - [28/Aug/2025:21:03:28 +0530] "GET /shopdetail/4724051/gallery.php HTTP/2" 404 796 "-" "meta-externalagent/1.1 (+https://developers.facebook.com/docs/sharing/webmasters/crawler)"
57.141.0.23 - - [28/Aug/2025:21:07:19 +0530] "GET /shopdetail/27920406/NON-FERROUS-ALLOY.pdf HTTP/2" 404 796 "-" "meta-externalagent/1.1 (+https://developers.facebook.com/docs/sharing/webmasters/crawler)"
57.141.0.4 - - [28/Aug/2025:21:07:22 +0530] "GET /shopdetail/22331928/NON-FERROUS-ALLOY.pdf HTTP/2" 404 796 "-" "meta-externalagent/1.1 (+https://developers.facebook.com/docs/sharing/webmasters/crawler)"
57.141.0.18 - - [28/Aug/2025:21:11:22 +0530] "GET /shopdetail/17744740/Hot-metal-spray-powders.pdf HTTP/2" 404 796 "-" "meta-externalagent/1.1 (+https://developers.facebook.com/docs/sharing/webmasters/crawler)"
57.141.0.1 - - [28/Aug/2025:21:11:22 +0530] "GET /shopdetail/9175017/NON-FERROUS-ALLOY.pdf HTTP/2" 404 796 "-" "meta-externalagent/1.1 (+https://developers.facebook.com/docs/sharing/webmasters/crawler)"
57.141.0.4 - - [28/Aug/2025:21:15:20 +0530] "GET /shopdetail/10881795/Flux-cored-wires.pdf HTTP/2" 404 796 "-" "meta-externalagent/1.1 (+https://developers.facebook.com/docs/sharing/webmasters/crawler)"
57.141.0.14 - - [28/Aug/2025:21:15:28 +0530] "GET /shopdetail/15907539/CAST-IRON.pdf HTTP/2" 404 796 "-" "meta-externalagent/1.1 (+https://developers.facebook.com/docs/sharing/webmasters/crawler)"
114.129.15.108 - - [28/Aug/2025:21:17:20 +0530] "GET /shopdetail/7435673/about.php HTTP/1.1" 404 796 "-" "Mozilla/5.0 (Macintosh; Intel Mac OS X 10_15_7) AppleWebKit/537.36 (KHTML, like Gecko) Chrome/94.0.4606.114 Safari/537.36"
57.141.0.26 - - [28/Aug/2025:21:19:20 +0530] "GET /shopdetail/16320051/welding.php HTTP/2" 404 796 "-" "meta-externalagent/1.1 (+https://developers.facebook.com/docs/sharing/webmasters/crawler)"
66.249.66.34 - - [28/Aug/2025:21:19:21 +0530] "GET /product/edit/87316325 HTTP/1.1" 404 796 "-" "Mozilla/5.0 (Linux; Android 6.0.1; Nexus 5X Build/MMB29P) AppleWebKit/537.36 (KHTML, like Gecko) Chrome/138.0.7204.183 Mobile Safari/537.36 (compatible; Googlebot/2.1; +http://www.google.com/bot.html)"
66.249.66.34 - - [28/Aug/2025:21:19:24 +0530] "GET /shopdetail/%E3%82%B9%E3%83%86%E3%83%B3%E3%83%89%E3%82%B0%E3%83%A9%E3%82%B9%20%E3%83%A9%E3%82%A4%E3%83%88%20%E3%82%A2%E3%83%B3%E3%83%86%E3%82%A3%E3%83%BC%E3%82%AF%E8%AA%BF%20%E3%82%B9%E3%82%BF%E3%83%B3%E3%83%89%E3%83%A9%E3%83%B3%E3%83%97%20%E3%83%8A%E3%82%A4%E3%83%88%E3%82%B9%E3%82%BF%E3%83%B3%E3%83%89%20%E7%85%A7%E6%98%8E HTTP/1.1" 404 796 "-" "Mozilla/5.0 (Linux; Android 6.0.1; Nexus 5X Build/MMB29P) AppleWebKit/537.36 (KHTML, like Gecko) Chrome/138.0.7204.183 Mobile Safari/537.36 (compatible; Googlebot/2.1; +http://www.google.com/bot.html)"
66.249.66.34 - - [28/Aug/2025:21:19:39 +0530] "GET /shopdetail/TW%E7%B3%BB%E3%82%B5%E3%83%B3%E3%83%90%E3%83%BC%20%E3%82%AA%E3%83%97%E3%82%B7%E3%83%A7%E3%83%B3%20%E3%83%95%E3%83%AD%E3%83%B3%E3%83%88%E3%82%B0%E3%83%AA%E3%83%AB%20%E3%82%B9%E3%83%90%E3%83%AB%20%E5%AF%8C%E5%A3%AB%E9%87%8D%E5%B7%A5%E8%A3%BD%206%E4%BB%A3%E7%9B%AE HTTP/1.1" 404 796 "-" "Mozilla/5.0 (Linux; Android 6.0.1; Nexus 5X Build/MMB29P) AppleWebKit/537.36 (KHTML, like Gecko) Chrome/138.0.7204.183 Mobile Safari/537.36 (compatible; Googlebot/2.1; +http://www.google.com/bot.html)"
66.249.66.34 - - [28/Aug/2025:21:19:41 +0530] "GET /shopdetail/%E6%97%A7%E3%82%AD%E3%83%83%E3%83%88%E3%80%8F%E6%96%B0%E5%93%81%E3%83%BB%E6%9C%AA%E9%96%8B%E5%B0%81%E3%80%801/100%20%E3%83%AA%E3%82%A2%E3%83%AB%E3%82%BF%E3%82%A4%E3%83%97%20RX-78%20%E6%A9%9F%E5%8B%95%E6%88%A6%E5%A3%AB%E3%82%AC%E3%83%B3%E3%83%80%E3%83%A0 HTTP/1.1" 404 796 "-" "Mozilla/5.0 (Linux; Android 6.0.1; Nexus 5X Build/MMB29P) AppleWebKit/537.36 (KHTML, like Gecko) Chrome/138.0.7204.183 Mobile Safari/537.36 (compatible; Googlebot/2.1; +http://www.google.com/bot.html)"
66.249.66.34 - - [28/Aug/2025:21:19:41 +0530] "GET /shopdetail/%E3%83%9E%E3%82%AD%E3%82%BF%20%E3%83%9E%E3%83%AB%E3%83%81%E3%83%84%E3%83%BC%E3%83%AB%E7%94%A8%E3%83%84%E3%83%BC%E3%83%AB%E3%83%9C%E3%83%83%E3%82%AF%E3%82%B9%20%E3%83%9E%E3%83%AB%E3%83%81%E3%83%84%E3%83%BC%E3%83%AB%E6%A8%99%E6%BA%96%E4%BB%98%E5%B1%9E%E5%93%81%20821538-0%20%E9%AB%98%E6%A9%8B%E6%9C%AC%E7%A4%BEPayPay%E3%83%A2%E3%83%BC%E3%83%AB%E5%BA%97%20-%20%E9%80%9A%E8%B2%A9%20-%20PayPay%E3%83%A2%E3%83%BC%E3%83%AB HTTP/1.1" 404 796 "-" "Mozilla/5.0 (Linux; Android 6.0.1; Nexus 5X Build/MMB29P) AppleWebKit/537.36 (KHTML, like Gecko) Chrome/138.0.7204.183 Mobile Safari/537.36 (compatible; Googlebot/2.1; +http://www.google.com/bot.html)"
66.249.66.34 - - [28/Aug/2025:21:19:42 +0530] "GET /shopdetail/Ron%20herman%20%C3%97%20ten%20%E3%83%AA%E3%83%96%E3%83%8B%E3%83%83%E3%83%88 HTTP/1.1" 404 796 "-" "Mozilla/5.0 (Linux; Android 6.0.1; Nexus 5X Build/MMB29P) AppleWebKit/537.36 (KHTML, like Gecko) Chrome/138.0.7204.183 Mobile Safari/537.36 (compatible; Googlebot/2.1; +http://www.google.com/bot.html)"
66.249.66.34 - - [28/Aug/2025:21:19:43 +0530] "GET /shopdetail/%E3%82%AF%E3%83%AA%E3%82%B9%E3%83%9E%E3%82%B9%E3%83%95%E3%82%A1%E3%83%83%E3%82%B7%E3%83%A7%E3%83%B3%20%E9%99%90%E5%AE%9A%20%E3%82%B9%E3%82%BF%E3%83%BC%E3%83%90%E3%83%83%E3%82%AF%E3%82%B9%20%E3%82%A2%E3%83%B3%E3%83%90%E3%82%B5%E3%83%80%E3%83%BC%E3%83%9E%E3%82%B0%202010 HTTP/1.1" 404 796 "-" "Mozilla/5.0 (Linux; Android 6.0.1; Nexus 5X Build/MMB29P) AppleWebKit/537.36 (KHTML, like Gecko) Chrome/138.0.7204.183 Mobile Safari/537.36 (compatible; Googlebot/2.1; +http://www.google.com/bot.html)"
66.249.66.34 - - [28/Aug/2025:21:19:43 +0530] "GET /shopdetail/%E5%89%B2%E5%BC%95%E8%B3%BC%E5%85%A5%20%E3%83%A1%E3%83%80%E3%82%AB%E5%B0%82%E7%94%A8%E7%99%BD%E5%AE%B9%E5%99%A8%EF%BC%91%EF%BC%90%E5%80%8B%20%E7%B4%84%EF%BC%92%EF%BC%90%E3%83%AA%E3%83%83%E3%83%88%E3%83%AB(%E6%AD%A3%E6%96%B9%E5%BD%A2)%20-%20%E3%82%B1%E3%83%BC%E3%82%B9 HTTP/1.1" 404 796 "-" "Mozilla/5.0 (Linux; Android 6.0.1; Nexus 5X Build/MMB29P) AppleWebKit/537.36 (KHTML, like Gecko) Chrome/138.0.7204.183 Mobile Safari/537.36 (compatible; Googlebot/2.1; +http://www.google.com/bot.html)"
66.249.66.34 - - [28/Aug/2025:21:19:59 +0530] "GET /index.php/safe_search/config?return_url=%2Fproduct%2Fdetail%2F41096431 HTTP/1.1" 200 4740 "-" "Mozilla/5.0 (Linux; Android 6.0.1; Nexus 5X Build/MMB29P) AppleWebKit/537.36 (KHTML, like Gecko) Chrome/138.0.7204.183 Mobile Safari/537.36 (compatible; Googlebot/2.1; +http://www.google.com/bot.html)"
66.249.66.35 - - [28/Aug/2025:21:20:52 +0530] "GET /shopdetail/29960173/ HTTP/1.1" 404 796 "-" "Mozilla/5.0 (Linux; Android 6.0.1; Nexus 5X Build/MMB29P) AppleWebKit/537.36 (KHTML, like Gecko) Chrome/138.0.7204.183 Mobile Safari/537.36 (compatible; Googlebot/2.1; +http://www.google.com/bot.html)"
57.141.0.25 - - [28/Aug/2025:21:23:22 +0530] "GET /shopdetail/608051/CONSUMABLES-RANUSH.pdf HTTP/2" 404 796 "-" "meta-externalagent/1.1 (+https://developers.facebook.com/docs/sharing/webmasters/crawler)"
66.249.66.36 - - [28/Aug/2025:21:19:10 +0530] "GET /%E3%83%96%E3%83%AB%E3%82%BA%20%E3%82%B8%E3%83%A7%E3%83%BC%E3%83%80%E3%83%B3%E5%BE%A9%E5%88%BB%20NBA%E3%83%A6%E3%83%8B%E3%83%95%E3%82%A9%E3%83%BC%E3%83%A0%20T-ACE%E3%81%95%E3%82%93%E3%81%AE%E7%9D%80%E3%81%93%E3%81%AA%E3%81%97%E3%82%82 HTTP/1.1" 404 796 "-" "Mozilla/5.0 (Linux; Android 6.0.1; Nexus 5X Build/MMB29P) AppleWebKit/537.36 (KHTML, like Gecko) Chrome/138.0.7204.183 Mobile Safari/537.36 (compatible; Googlebot/2.1; +http://www.google.com/bot.html)"
66.249.66.35 - - [28/Aug/2025:21:19:16 +0530] "GET /%E3%81%8A%E3%82%82%E3%81%A1%E3%82%83%E3%83%BB%E3%83%9B%E3%83%93%E3%83%BC%E3%81%AE%E3%83%81%E3%83%A3%E3%83%B3%E3%83%94%E3%82%AA%E3%83%B3%E3%83%99%E3%83%AB%E3%83%88%E3%83%AC%E3%83%97%E3%83%AA%E3%82%AB HTTP/1.1" 404 796 "-" "Mozilla/5.0 (Linux; Android 6.0.1; Nexus 5X Build/MMB29P) AppleWebKit/537.36 (KHTML, like Gecko) Chrome/138.0.7204.183 Mobile Safari/537.36 (compatible; Googlebot/2.1; +http://www.google.com/bot.html)"
57.141.0.25 - - [28/Aug/2025:21:19:20 +0530] "GET /shopdetail/16399128/CONSUMABLES-RANUSH.pdf HTTP/2" 404 796 "-" "meta-externalagent/1.1 (+https://developers.facebook.com/docs/sharing/webmasters/crawler)"
57.141.0.17 - - [28/Aug/2025:21:19:22 +0530] "GET /shopdetail/24341728/CAST-IRON.pdf HTTP/2" 404 796 "-" "meta-externalagent/1.1 (+https://developers.facebook.com/docs/sharing/webmasters/crawler)"
57.141.0.4 - - [28/Aug/2025:21:23:20 +0530] "GET /shopdetail/13253139/Steel-and-Dissimilar-Steel-Joining-Alloys.pdf HTTP/2" 404 796 "-" "meta-externalagent/1.1 (+https://developers.facebook.com/docs/sharing/webmasters/crawler)"
57.141.0.11 - - [28/Aug/2025:21:23:20 +0530] "GET /shopdetail/16739528/welding.php HTTP/2" 404 796 "-" "meta-externalagent/1.1 (+https://developers.facebook.com/docs/sharing/webmasters/crawler)"
66.249.66.35 - - [28/Aug/2025:21:26:00 +0530] "GET /shopdetail/ZIPPO%20%E3%82%B8%E3%83%83%E3%83%9D%E3%83%BC%20%E3%82%B8%E3%83%83%E3%83%9D%E3%83%A9%E3%82%A4%E3%82%BF%E3%83%BC%20%E3%82%A2%E3%83%BC%E3%83%9E%E3%83%BC%20%E3%82%B7%E3%83%B3%E3%83%97%E3%83%AB%20%E3%82%B9%E3%82%BF%E3%83%B3%E3%83%80%E3%83%BC%E3%83%89%20%E3%83%81%E3%82%BF%E3%83%B3%E3%82%B3%E3%83%BC%E3%83%86%E3%82%A3%E3%83%B3%E3%82%B0%20167%E3%83%96%E3%83%A9%E3%83%83%E3%82%AF%E3%82%A2%E3%82%A4%E3%82%B9%20%20%E3%80%90%E3%82%AE%E3%83%95%E3%83%88/%E3%83%97%E3%83%AC%E3%82%BC%E3%83%B3%E3%83%88/%E5%96%AB%E7%85%99%E5%85%B7/%E5%AE%9A%E7%95%AA%E3%83%A2%E3%83%87%E3%83%AB%E3%80%91 HTTP/1.1" 404 796 "-" "Mozilla/5.0 (Linux; Android 6.0.1; Nexus 5X Build/MMB29P) AppleWebKit/537.36 (KHTML, like Gecko) Chrome/138.0.7204.183 Mobile Safari/537.36 (compatible; Googlebot/2.1; +http://www.google.com/bot.html)"
57.141.0.1 - - [28/Aug/2025:21:27:19 +0530] "GET /shopdetail/17471140/Tig-filler-wires.pdf HTTP/2" 404 796 "-" "meta-externalagent/1.1 (+https://developers.facebook.com/docs/sharing/webmasters/crawler)"
66.249.66.34 - - [28/Aug/2025:21:30:51 +0530] "GET /shopdetail/17399984/ HTTP/1.1" 404 796 "-" "Mozilla/5.0 (Linux; Android 6.0.1; Nexus 5X Build/MMB29P) AppleWebKit/537.36 (KHTML, like Gecko) Chrome/138.0.7204.183 Mobile Safari/537.36 (compatible; Googlebot/2.1; +http://www.google.com/bot.html)"
57.141.0.19 - - [28/Aug/2025:21:31:20 +0530] "GET /shopdetail/10194195/Steel-and-Dissimilar-Steel-Joining-Alloys.pdf HTTP/2" 404 796 "-" "meta-externalagent/1.1 (+https://developers.facebook.com/docs/sharing/webmasters/crawler)"
57.141.0.12 - - [28/Aug/2025:21:31:21 +0530] "GET /shopdetail/27147239/CONSUMABLES-RANUSH.pdf HTTP/2" 404 796 "-" "meta-externalagent/1.1 (+https://developers.facebook.com/docs/sharing/webmasters/crawler)"
57.141.0.21 - - [28/Aug/2025:21:35:20 +0530] "GET /shopdetail/21468862/WEAR-PLATES.pdf HTTP/2" 404 796 "-" "meta-externalagent/1.1 (+https://developers.facebook.com/docs/sharing/webmasters/crawler)"
57.141.0.15 - - [28/Aug/2025:21:35:20 +0530] "GET /shopdetail/26583362/EQUIPMENTS.pdf HTTP/2" 404 796 "-" "meta-externalagent/1.1 (+https://developers.facebook.com/docs/sharing/webmasters/crawler)"
66.249.66.43 - - [28/Aug/2025:21:37:33 +0530] "GET /shopdetail/22648928/ HTTP/1.1" 404 796 "-" "Mozilla/5.0 (Linux; Android 6.0.1; Nexus 5X Build/MMB29P) AppleWebKit/537.36 (KHTML, like Gecko) Chrome/138.0.7204.183 Mobile Safari/537.36 (compatible; Googlebot/2.1; +http://www.google.com/bot.html)"
186.215.33.250 - - [28/Aug/2025:21:37:39 +0530] "GET /admin/blog/49849074_WhatsApp%20Image%202018-07-11%20at%2013.38.56.jpeg HTTP/1.1" 200 118883 "-" "Mozilla/5.0 (Windows NT 10.0; WOW64; x64) AppleWebKit/537.36 (KHTML, like Gecko) Chrome/105.0.5118.205 Safari/537.36"
57.141.0.16 - - [28/Aug/2025:21:39:20 +0530] "GET /shopdetail/3436828/contact.php HTTP/2" 404 796 "-" "meta-externalagent/1.1 (+https://developers.facebook.com/docs/sharing/webmasters/crawler)"
57.141.0.6 - - [28/Aug/2025:21:27:20 +0530] "GET /shopdetail/11467851/welding.php HTTP/2" 404 796 "-" "meta-externalagent/1.1 (+https://developers.facebook.com/docs/sharing/webmasters/crawler)"
57.141.0.29 - - [28/Aug/2025:21:27:22 +0530] "GET /shopdetail/29223639/ESAB-Low-Heat-Hardfacing-alloys.pdf HTTP/2" 404 796 "-" "meta-externalagent/1.1 (+https://developers.facebook.com/docs/sharing/webmasters/crawler)"
179.108.61.58 - - [28/Aug/2025:21:27:54 +0530] "GET /shopdetail/19010939/gallery.php HTTP/1.1" 404 796 "-" "Mozilla/5.0 (Windows NT 6.3; WOW64) AppleWebKit/537.36 (KHTML, like Gecko) Chrome/81.0.4044.129 Safari/537.36"
57.141.0.6 - - [28/Aug/2025:21:31:20 +0530] "GET /shopdetail/23619773/CAST-IRON.pdf HTTP/2" 404 796 "-" "meta-externalagent/1.1 (+https://developers.facebook.com/docs/sharing/webmasters/crawler)"
57.141.0.21 - - [28/Aug/2025:21:35:21 +0530] "GET /shopdetail/16590017/WEAR-PLATES.pdf HTTP/2" 404 796 "-" "meta-externalagent/1.1 (+https://developers.facebook.com/docs/sharing/webmasters/crawler)"
57.141.0.22 - - [28/Aug/2025:21:39:20 +0530] "GET /shopdetail/3077184/CAST-IRON.pdf HTTP/2" 404 796 "-" "meta-externalagent/1.1 (+https://developers.facebook.com/docs/sharing/webmasters/crawler)"
57.141.0.27 - - [28/Aug/2025:21:39:21 +0530] "GET /shopdetail/4458984/EQUIPMENTS.pdf HTTP/2" 404 796 "-" "meta-externalagent/1.1 (+https://developers.facebook.com/docs/sharing/webmasters/crawler)"
57.141.0.9 - - [28/Aug/2025:21:43:19 +0530] "GET /shopdetail/11215662/CAST-IRON.pdf HTTP/2" 404 796 "-" "meta-externalagent/1.1 (+https://developers.facebook.com/docs/sharing/webmasters/crawler)"
57.141.0.5 - - [28/Aug/2025:21:43:19 +0530] "GET /shopdetail/17666039/ HTTP/2" 404 796 "-" "meta-externalagent/1.1 (+https://developers.facebook.com/docs/sharing/webmasters/crawler)"
57.141.0.18 - - [28/Aug/2025:21:43:22 +0530] "GET /shopdetail/19136840/ HTTP/2" 404 796 "-" "meta-externalagent/1.1 (+https://developers.facebook.com/docs/sharing/webmasters/crawler)"
57.141.0.11 - - [28/Aug/2025:21:47:20 +0530] "GET /shopdetail/27698140/WEAR-PLATES.pdf HTTP/2" 404 796 "-" "meta-externalagent/1.1 (+https://developers.facebook.com/docs/sharing/webmasters/crawler)"
57.141.0.29 - - [28/Aug/2025:21:47:22 +0530] "GET /shopdetail/24709006/Flux-cored-wires.pdf HTTP/2" 404 796 "-" "meta-externalagent/1.1 (+https://developers.facebook.com/docs/sharing/webmasters/crawler)"
57.141.0.27 - - [28/Aug/2025:21:47:28 +0530] "GET /shopdetail/18937384/Flux-cored-wires.pdf HTTP/2" 404 796 "-" "meta-externalagent/1.1 (+https://developers.facebook.com/docs/sharing/webmasters/crawler)"
185.24.60.123 - - [28/Aug/2025:21:52:00 +0530] "GET /shopdetail/19720484/contact.php HTTP/1.1" 404 796 "-" "Mozilla/5.0 (Macintosh; Intel Mac OS X 10_15_5) AppleWebKit/537.36 (KHTML, like Gecko) Chrome/96.0.4664.110 Safari/537.36"
66.249.66.34 - - [28/Aug/2025:21:52:43 +0530] "GET /shopdetail/%E3%82%B8%E3%83%A5%E3%83%BC%E3%82%B7%E3%83%BC%E3%83%8F%E3%83%8B%E3%83%BC%20%E6%9C%80%E6%96%B0%E4%BD%9C%20PLUS%20 HTTP/1.1" 404 796 "-" "Mozilla/5.0 (Linux; Android 6.0.1; Nexus 5X Build/MMB29P) AppleWebKit/537.36 (KHTML, like Gecko) Chrome/138.0.7204.183 Mobile Safari/537.36 (compatible; Googlebot/2.1; +http://www.google.com/bot.html)"
57.141.0.27 - - [28/Aug/2025:21:55:19 +0530] "GET /shopdetail/9366162/Flux-cored-wires.pdf HTTP/2" 404 796 "-" "meta-externalagent/1.1 (+https://developers.facebook.com/docs/sharing/webmasters/crawler)"
57.141.0.2 - - [28/Aug/2025:21:55:19 +0530] "GET /shopdetail/25105595/welding.php HTTP/2" 404 796 "-" "meta-externalagent/1.1 (+https://developers.facebook.com/docs/sharing/webmasters/crawler)"
57.141.0.22 - - [28/Aug/2025:21:55:22 +0530] "GET /shopdetail/30525151/Gas-brazing-alloys.pdf HTTP/2" 404 796 "-" "meta-externalagent/1.1 (+https://developers.facebook.com/docs/sharing/webmasters/crawler)"
57.141.0.10 - - [28/Aug/2025:21:55:22 +0530] "GET /shopdetail/25775906/Tig-filler-wires.pdf HTTP/2" 404 796 "-" "meta-externalagent/1.1 (+https://developers.facebook.com/docs/sharing/webmasters/crawler)"
57.141.0.24 - - [28/Aug/2025:21:59:22 +0530] "GET /shopdetail/11027995/CUTTING-AND-GOUGING.pdf HTTP/2" 404 796 "-" "meta-externalagent/1.1 (+https://developers.facebook.com/docs/sharing/webmasters/crawler)"
57.141.0.29 - - [28/Aug/2025:21:43:22 +0530] "GET /shopdetail/12463739/CAST-IRON.pdf HTTP/2" 404 796 "-" "meta-externalagent/1.1 (+https://developers.facebook.com/docs/sharing/webmasters/crawler)"
66.249.66.44 - - [28/Aug/2025:21:43:48 +0530] "GET /shopdetail/26916762/ HTTP/1.1" 404 796 "-" "Mozilla/5.0 (Linux; Android 6.0.1; Nexus 5X Build/MMB29P) AppleWebKit/537.36 (KHTML, like Gecko) Chrome/138.0.7204.183 Mobile Safari/537.36 (compatible; Googlebot/2.1; +http://www.google.com/bot.html)"
57.141.0.23 - - [28/Aug/2025:21:47:29 +0530] "GET /shopdetail/26737106/Hot-metal-spray-powders.pdf HTTP/2" 404 796 "-" "meta-externalagent/1.1 (+https://developers.facebook.com/docs/sharing/webmasters/crawler)"
57.141.0.25 - - [28/Aug/2025:21:51:20 +0530] "GET /shopdetail/27373951/Flux-cored-wires.pdf HTTP/2" 404 796 "-" "meta-externalagent/1.1 (+https://developers.facebook.com/docs/sharing/webmasters/crawler)"
57.141.0.17 - - [28/Aug/2025:21:51:20 +0530] "GET /shopdetail/13430806/Steel-and-Dissimilar-Steel-Joining-Alloys.pdf HTTP/2" 404 796 "-" "meta-externalagent/1.1 (+https://developers.facebook.com/docs/sharing/webmasters/crawler)"
57.141.0.28 - - [28/Aug/2025:21:51:22 +0530] "GET /shopdetail/12591251/Flux-cored-wires.pdf HTTP/2" 404 796 "-" "meta-externalagent/1.1 (+https://developers.facebook.com/docs/sharing/webmasters/crawler)"
57.141.0.6 - - [28/Aug/2025:21:51:22 +0530] "GET /shopdetail/18353117/WEAR-PLATES.pdf HTTP/2" 404 796 "-" "meta-externalagent/1.1 (+https://developers.facebook.com/docs/sharing/webmasters/crawler)"
103.76.47.169 - - [28/Aug/2025:21:54:38 +0530] "GET /admin/blog/37964324_WhatsApp%20Image%202017-08-02%20at%2012.07.28.jpeg HTTP/1.1" 200 187473 "-" "Mozilla/5.0 (Macintosh; Intel Mac OS X 10_11_6) AppleWebKit/537.36 (KHTML, like Gecko) Brave Chrome/81.0.4044.113 Safari/537.36"
66.249.66.34 - - [28/Aug/2025:21:54:55 +0530] "GET /shopdetail/%E3%82%92%E3%81%84%E3%81%9F%E3%81%A0%E3%81%84%E2%94%B9%20Apuweiser-riche%20by%20%E3%81%A8%E3%82%82%E3%81%A1%E3%82%83%E3%81%BE HTTP/1.1" 404 796 "-" "Mozilla/5.0 (Linux; Android 6.0.1; Nexus 5X Build/MMB29P) AppleWebKit/537.36 (KHTML, like Gecko) Chrome/138.0.7204.183 Mobile Safari/537.36 (compatible; Googlebot/2.1; +http://www.google.com/bot.html)"
57.141.0.7 - - [28/Aug/2025:21:59:20 +0530] "GET /shopdetail/12082551/welding.php HTTP/2" 404 796 "-" "meta-externalagent/1.1 (+https://developers.facebook.com/docs/sharing/webmasters/crawler)"
57.141.0.6 - - [28/Aug/2025:21:59:22 +0530] "GET /shopdetail/5179817/Tig-filler-wires.pdf HTTP/2" 404 796 "-" "meta-externalagent/1.1 (+https://developers.facebook.com/docs/sharing/webmasters/crawler)"
57.141.0.27 - - [28/Aug/2025:21:59:28 +0530] "GET /shopdetail/28889239/Flux-cored-wires.pdf HTTP/2" 404 796 "-" "meta-externalagent/1.1 (+https://developers.facebook.com/docs/sharing/webmasters/crawler)"
57.141.0.22 - - [28/Aug/2025:22:03:19 +0530] "GET /shopdetail/20650284/Flux-cored-wires.pdf HTTP/2" 404 796 "-" "meta-externalagent/1.1 (+https://developers.facebook.com/docs/sharing/webmasters/crawler)"
66.249.66.44 - - [28/Aug/2025:22:05:18 +0530] "GET /shopdetail/2022%E5%B9%B4%E6%9C%80%E6%96%B0%E5%85%A5%E8%8D%B7%20%E3%83%AB%E3%83%94%E3%83%8A%E3%82%B9%E6%A7%98%E5%B0%82%E7%94%A8%20%E3%81%95%E3%81%8F%E3%82%89%E3%82%93%E3%81%BC%E3%81%AE%E7%B5%B5%20%E5%8E%9F%E7%94%BB%20%E3%83%95%E3%83%AC%E3%83%BC%E3%83%A0%E4%BB%98%E3%81%8D HTTP/1.1" 404 796 "-" "Googlebot-Image/1.0"
66.249.66.42 - - [28/Aug/2025:22:06:24 +0530] "GET /shopdetail/%E4%BA%BA%E6%B0%97%E3%83%96%E3%83%A9%E3%83%B3%E3%83%89%E3%82%92%20%E7%9D%80%E7%89%A9%20%E6%B5%B4%E8%A1%A3/%E6%B0%B4%E7%9D%80-autolook.pt HTTP/1.1" 404 796 "-" "Googlebot-Image/1.0"
66.249.66.43 - - [28/Aug/2025:22:06:46 +0530] "GET /shopdetail/%E3%81%A7%E3%81%8D%E3%81%AA%E3%81%84%E3%81%9F%E2%85%B6%20Apuweiser-riche%20%E3%82%A2%E3%83%97%E6%96%B0%E5%93%81%E6%9C%AA%E4%BD%BF%E7%94%A8%E2%80%BC%EF%B8%8EV%E3%83%8D%E3%83%83%E3%82%AF%E3%83%97%E3%83%AA%E3%83%BC%E3%83%84 HTTP/1.1" 404 796 "-" "Googlebot-Image/1.0"
66.249.66.44 - - [28/Aug/2025:22:07:09 +0530] "GET /shopdetail/%E8%89%AF%E8%B3%AA%20%E7%9D%80%E7%89%A9%20%E6%B5%B4%E8%A1%A3/%E6%B0%B4%E7%9D%80-shibuya-nob.com HTTP/1.1" 404 796 "-" "Googlebot-Image/1.0"
57.141.0.4 - - [28/Aug/2025:22:07:22 +0530] "GET /shopdetail/29604295/NON-FERROUS-ALLOY.pdf HTTP/2" 404 796 "-" "meta-externalagent/1.1 (+https://developers.facebook.com/docs/sharing/webmasters/crawler)"
66.249.66.43 - - [28/Aug/2025:22:07:53 +0530] "GET /shopdetail/%E3%83%95%E3%82%A1%E3%83%83%E3%82%B7%E3%83%A7%E3%83%B3%E3%83%87%E3%82%B6%E3%82%A4%E3%83%8A%E3%83%BC%20*Tempalay*%20%E3%83%86%E3%83%B3%E3%83%91%E3%83%AC%E3%82%A4%20Summer%20time%20%E3%80%90%E3%82%B5%E3%82%A4%E3%83%B3 HTTP/1.1" 404 796 "-" "Googlebot-Image/1.0"
66.249.66.42 - - [28/Aug/2025:22:08:14 +0530] "GET /zhHant/product/surugaya/40454488?campaign_uid=f64d716db5e979ed2f947dbaf4296895b951ae7f HTTP/1.1" 404 796 "-" "Mozilla/5.0 (Linux; Android 6.0.1; Nexus 5X Build/MMB29P) AppleWebKit/537.36 (KHTML, like Gecko) Chrome/138.0.7204.183 Mobile Safari/537.36 (compatible; Googlebot/2.1; +http://www.google.com/bot.html)"
66.249.66.42 - - [28/Aug/2025:22:08:15 +0530] "GET /shopdetail/%E3%82%92%E3%81%84%E3%81%9F%E3%81%A0%E3%81%84%E2%94%B9%20Apuweiser-riche%20by%20%E3%81%A8%E3%82%82%E3%81%A1%E3%82%83%E3%81%BE HTTP/1.1" 404 796 "-" "Googlebot-Image/1.0"
66.249.66.42 - - [28/Aug/2025:22:10:07 +0530] "GET /shopdetail/%E4%BB%A3%E5%AE%98%E5%B1%B1)Yohji%20Yamamoto%20POURHOMME%20x%20New%20ERA%20%E3%83%A8%E3%82%A6%E3%82%B8%E3%83%A4%E3%83%9E%E3%83%A2%E3%83%88%C3%97%E3%83%8B%E3%83%A5%E3%83%BC%E3%82%A8%E3%83%A9%20HD-H52-976%20NO%20FUTURE%20%20%E3%82%AD%E3%83%A3%E3%83%83%E3%83%97%20%E3%83%96%E3%83%A9%E3%83%83%E3%82%AF%20%E3%82%BF%E3%82%B0%E4%BB%98%E3%81%8D%20:dky-2102240002-je-037703394:CYCLE%20PARADISE%20-%20%E9%80%9A%E8%B2%A9%20- HTTP/1.1" 404 796 "-" "Googlebot-Image/1.0"
66.249.66.42 - - [28/Aug/2025:22:10:52 +0530] "GET /shopdetail/SH29%20%E3%83%88%E3%83%83%E3%83%97%E3%82%B1%E3%83%BC%E3%82%B9%20%E7%84%A1%E5%A1%97%E8%A3%85%E3%83%96%E3%83%A9%E3%83%83%E3%82%AF%20(D0B29100)%20SHAD%EF%BC%88%E3%82%B7%E3%83%A3%E3%83%83%E3%83%89 HTTP/1.1" 404 796 "-" "Googlebot-Image/1.0"
66.249.66.44 - - [28/Aug/2025:22:11:14 +0530] "GET /shopdetail/%E4%BD%90%E8%97%A4%20%E6%85%B6%20:%20%E4%BF%B3%E5%84%AA%E3%83%A1%E3%83%A2 HTTP/1.1" 404 796 "-" "Googlebot-Image/1.0"
57.141.0.28 - - [28/Aug/2025:22:11:19 +0530] "GET /shopdetail/4511751/EQUIPMENTS.pdf HTTP/2" 404 796 "-" "meta-externalagent/1.1 (+https://developers.facebook.com/docs/sharing/webmasters/crawler)"
57.141.0.27 - - [28/Aug/2025:22:11:20 +0530] "GET /shopdetail/810339/Flux-cored-wires.pdf HTTP/2" 404 796 "-" "meta-externalagent/1.1 (+https://developers.facebook.com/docs/sharing/webmasters/crawler)"
57.141.0.2 - - [28/Aug/2025:22:11:22 +0530] "GET /shopdetail/9665439/CAST-IRON.pdf HTTP/2" 404 796 "-" "meta-externalagent/1.1 (+https://developers.facebook.com/docs/sharing/webmasters/crawler)"
66.249.66.44 - - [28/Aug/2025:22:00:50 +0530] "GET /shopdetail/%E6%96%B0%E5%85%A5%E8%8D%B7%20%E7%B4%94%E9%8A%80%E7%85%99%E7%AE%A1%20%E7%B4%94%E9%8A%80%E5%88%BB%E5%8D%B0%E3%81%82%E3%82%8A%20%E3%82%A2%E3%83%B3%E3%83%86%E3%82%A3%E3%83%BC%E3%82%AF%20%E9%8A%80%E7%84%A1%E5%9E%A2%E5%93%81%20%E6%98%8E%E6%B2%BB%EF%BD%9E%E5%A4%A7%E6%AD%A3%E6%9C%9F HTTP/1.1" 404 796 "-" "Mozilla/5.0 (Linux; Android 6.0.1; Nexus 5X Build/MMB29P) AppleWebKit/537.36 (KHTML, like Gecko) Chrome/138.0.7204.183 Mobile Safari/537.36 (compatible; Googlebot/2.1; +http://www.google.com/bot.html)"
57.141.0.13 - - [28/Aug/2025:22:03:20 +0530] "GET /shopdetail/27341439/plasmacutting.php HTTP/2" 404 796 "-" "meta-externalagent/1.1 (+https://developers.facebook.com/docs/sharing/webmasters/crawler)"
57.141.0.21 - - [28/Aug/2025:22:03:21 +0530] "GET /shopdetail/18039795/CONSUMABLES-RANUSH.pdf HTTP/2" 404 796 "-" "meta-externalagent/1.1 (+https://developers.facebook.com/docs/sharing/webmasters/crawler)"
57.141.0.8 - - [28/Aug/2025:22:03:21 +0530] "GET /shopdetail/5559851/ HTTP/2" 404 796 "-" "meta-externalagent/1.1 (+https://developers.facebook.com/docs/sharing/webmasters/crawler)"
66.249.66.43 - - [28/Aug/2025:22:05:40 +0530] "GET /shopdetail/%E7%86%B1%E3%81%84%E8%B2%A9%E5%A3%B2%20Katie%20-%20katie%E3%81%AE%E3%83%AF%E3%83%B3%E3%83%94%E3%83%BC%E3%82%B9%20%E3%81%B2%E3%81%96%E4%B8%88%E3%83%AF%E3%83%B3%E3%83%94%E3%83%BC%E3%82%B9%20-%20www.spira.edu.co HTTP/1.1" 404 796 "-" "Googlebot-Image/1.0"
57.141.0.10 - - [28/Aug/2025:22:07:20 +0530] "GET /shopdetail/19751573/TUBULAR-ELECTRODES.pdf HTTP/2" 404 796 "-" "meta-externalagent/1.1 (+https://developers.facebook.com/docs/sharing/webmasters/crawler)"
57.141.0.14 - - [28/Aug/2025:22:07:20 +0530] "GET /shopdetail/27302384/Flux-cored-wires.pdf HTTP/2" 404 796 "-" "meta-externalagent/1.1 (+https://developers.facebook.com/docs/sharing/webmasters/crawler)"
57.141.0.12 - - [28/Aug/2025:22:07:21 +0530] "GET /shopdetail/8495651/Hot-metal-spray-powders.pdf HTTP/2" 404 796 "-" "meta-externalagent/1.1 (+https://developers.facebook.com/docs/sharing/webmasters/crawler)"
66.249.66.42 - - [28/Aug/2025:22:08:38 +0530] "GET /shopdetail/%E3%82%A4%E3%82%A8%E3%83%AD%E3%83%BC%E7%B3%BB%E3%83%AC%E3%83%93%E3%83%A5%E3%83%BC%E9%AB%98%E8%A9%95%E4%BE%A1%E3%81%AE%E3%81%8A%E3%81%9B%E3%81%A1%E8%B4%88%E3%82%8A%E7%89%A9%20%E5%A4%A7%E5%80%89%E9%99%B6%E5%9C%92%20%E8%8A%B1%E7%93%B6%20%E9%87%91%E8%9D%95%20%E3%83%9F%E3%83%A2%E3%82%B6 HTTP/1.1" 404 796 "-" "Googlebot-Image/1.0"
66.249.66.44 - - [28/Aug/2025:22:09:23 +0530] "GET /shopdetail/%E6%B0%B4%E6%A0%93 HTTP/1.1" 404 796 "-" "Googlebot-Image/1.0"
66.249.66.42 - - [28/Aug/2025:22:09:45 +0530] "GET /shopdetail/VF-1S%20%E3%82%B9%E3%83%BC%E3%83%91%E3%83%BC%20%E3%83%90%E3%83%AB%E3%82%AD%E3%83%AA%E3%83%BC%20%E8%B6%85%E6%99%82%E7%A9%BA%E8%A6%81%E5%A1%9E%E3%83%9E%E3%82%AF%E3%83%AD%E3%82%B9%20%E5%BD%93%E6%99%82%E7%89%A9%20%E3%82%BF%E3%82%AB%E3%83%88%E3%82%AF HTTP/1.1" 404 796 "-" "Googlebot-Image/1.0"
57.141.0.21 - - [28/Aug/2025:22:11:22 +0530] "GET /shopdetail/22905284/CUTTING-AND-GOUGING.pdf HTTP/2" 404 796 "-" "meta-externalagent/1.1 (+https://developers.facebook.com/docs/sharing/webmasters/crawler)"
66.249.66.43 - - [28/Aug/2025:22:11:37 +0530] "GET /shopdetail/%E3%83%A9%E3%83%96%E3%83%A9%E3%82%A4%E3%83%96!%20%E3%82%B9%E3%82%AF%E3%82%B9%E3%82%BF%20%E8%99%B9%E3%83%B6%E5%92%B2%E5%AD%A6%E5%9C%92%E3%82%B9%E3%82%AF%E3%83%BC%E3%83%AB%E3%82%A2%E3%82%A4%E3%83%89%E3%83%AB%E5%90%8C%E5%A5%BD%E4%BC%9A%20%E3%83%8B%E3%82%B8%E3%82%AC%E3%82%AF%20%E8%99%B9%E8%89%B2Passions%EF%BC%81%20%E5%AE%AE%E4%B8%8B%20%E6%84%9B%20%E3%81%BF%E3%82%84%E3%81%97%E3%81%9F%20%E3%81%82%E3%81%84%20%E3%82%B3%E3%82%B9%E3%83%97%E3%83%AC%E8%A1%A3%E8%A3%85%20cosplay%20%20%E3%82%A4%E3%83%99%E3%83%B3%E3%83%88%20:101060183:SakuraCos%20-%20%E9%80%9A%E8%B2%A9%20-%20Yahoo!%E3%82%B7%E3%83%A7%E3%83%83%E3%83%94%E3%83%B3%E3%82%B0 HTTP/1.1" 404 796 "-" "Googlebot-Image/1.0"
66.249.66.42 - - [28/Aug/2025:22:14:13 +0530] "GET /shopdetail/BEAMS%20JAPAN%EF%BC%88%E3%83%93%E3%83%BC%E3%83%A0%E3%82%B9%20%E3%82%B8%E3%83%A3%E3%83%91%E3%83%B3%EF%BC%89LOOPWHEELER%20%C3%97%20BEAMS%20JAPAN%20/%20%E5%88%A5%E6%B3%A8 HTTP/1.1" 404 796 "-" "Googlebot-Image/1.0"
66.249.66.42 - - [28/Aug/2025:22:14:57 +0530] "GET /shopdetail/TGS%20%E3%83%AA%E3%82%A2%E3%83%90%E3%83%83%E3%82%AF%E3%82%AB%E3%83%A1%E3%83%A9%E3%82%AB%E3%83%90%E3%83%BC%20FJ%E3%82%AF%E3%83%AB%E3%83%BC%E3%82%B6%E3%83%BC%20GSJ15W%20:tgs-00182:%E3%82%AA%E3%83%BC%E3%83%88 HTTP/1.1" 404 796 "-" "Googlebot-Image/1.0"
57.141.0.1 - - [28/Aug/2025:22:15:20 +0530] "GET /shopdetail/1627573/CUTTING-AND-GOUGING.pdf HTTP/2" 404 796 "-" "meta-externalagent/1.1 (+https://developers.facebook.com/docs/sharing/webmasters/crawler)"
57.141.0.18 - - [28/Aug/2025:22:15:22 +0530] "GET /shopdetail/9905351/CAST-IRON.pdf HTTP/2" 404 796 "-" "meta-externalagent/1.1 (+https://developers.facebook.com/docs/sharing/webmasters/crawler)"
66.249.66.43 - - [28/Aug/2025:22:14:35 +0530] "GET /shopdetail/COACH/%E3%82%B3%E3%83%BC%E3%83%81%E3%80%91%E3%82%88%E3%82%8A%20%E3%83%AC%E3%82%B6%E3%83%BC%E3%83%90%E3%83%83%E3%82%AF%E3%83%91%E3%83%83%E3%82%AF%20%E3%83%8D%E3%82%A4%E3%83%93%E3%83%BC%20%E3%83%8F%E3%83%89%E3%82%BD%E3%83%B3%20F23202%20%E3%81%AE HTTP/1.1" 404 796 "-" "Googlebot-Image/1.0"
57.141.0.15 - - [28/Aug/2025:22:15:20 +0530] "GET /shopdetail/9730095/Flux-cored-wires.pdf HTTP/2" 404 796 "-" "meta-externalagent/1.1 (+https://developers.facebook.com/docs/sharing/webmasters/crawler)"
66.249.66.43 - - [28/Aug/2025:22:15:42 +0530] "GET /shopdetail/TGS%20%E3%83%AA%E3%82%A2%20%E3%83%90%E3%83%83%E3%82%AF%E3%82%AB%E3%83%A1%E3%83%A9%20%E3%82%AB%E3%83%90%E3%83%BC%20%E3%81%AE%E3%83%91%E3%83%BC%E3%83%84%E3%83%AC%E3%83%93%E3%83%A5%E3%83%BC HTTP/1.1" 404 796 "-" "Googlebot-Image/1.0"
66.249.66.42 - - [28/Aug/2025:22:16:04 +0530] "GET /shopdetail/RUDY%20PROJECT/%E3%83%AB%E3%83%87%E3%82%A3%E3%83%97%E3%83%AD%E3%82%B8%E3%82%A7%E3%82%AF%E3%83%88%20WINGSPAN%20%E3%82%A6%E3%82%A3%E3%83%B3%E3%82%B0%E3%82%B9%E3%83%91%E3%83%B3%20%E3%80%90%E8%87%AA%E8%BB%A2%E8%BB%8A HTTP/1.1" 404 796 "-" "Googlebot-Image/1.0"
66.249.66.42 - - [28/Aug/2025:22:11:59 +0530] "GET /shopdetail/Herve%20Chapelier%20%E3%82%A8%E3%83%AB%E3%83%99%E3%82%B7%E3%83%A3%E3%83%97%E3%83%AA%E3%82%A8%20%E8%88%9F%E5%BD%A2%E3%83%88%E3%83%BC%E3%83%88%20Medium%20tote%20Panthere%20Taupe%20Tiger%201027F%20%E3%83%9F%E3%83%87%E3%82%A3%E3%82%A2%E3%83%A0%20%20%E3%83%88%E3%83%BC%E3%83%88%20%E3%83%91%E3%83%B3%E3%83%86%E3%83%BC%E3%83%AB%E3%83%88%E3%83%BC%E3%83%97%20%E3%82%BC%E3%83%96%E3%83%A9%20%E3%83%91%E3%83%B3%E3%82%B5%E3%83%BC%20%E3%83%88%E3%83%BC%E3%83%88%E3%83%90%E3%83%83%E3%82%B0%20%E3%83%AC%E3%83%87%E3%82%A3%E3%83%BC%E3%82%B9 HTTP/1.1" 404 796 "-" "Googlebot-Image/1.0"
66.249.66.42 - - [28/Aug/2025:22:13:06 +0530] "GET /shopdetail/35%EF%BC%85%E5%89%B2%E5%BC%95%E3%82%B0%E3%83%AC%E3%82%A4%E7%B3%BB,M%E5%BD%93%E7%A4%BE%E3%81%AE%20%E3%83%A9%E3%82%A4%E3%83%80%E3%83%BC%E3%82%B9%E3%82%B8%E3%83%A3%E3%82%B1%E3%83%83%E3%83%88%20%E3%83%90%E3%83%AC%E3%83%B3%E3%82%B7%E3%82%A2%E3%82%AC HTTP/1.1" 404 796 "-" "Googlebot-Image/1.0"
66.249.66.43 - - [28/Aug/2025:22:13:28 +0530] "GET /shopdetail/Sunset%20Strip%20/%20%E3%82%B5%E3%83%B3%E3%82%BB%E3%83%83%E3%83%88%E3%82%B9%E3%83%88%E3%83%AA%E3%83%83%E3%83%97 HTTP/1.1" 404 796 "-" "Googlebot-Image/1.0"
66.249.66.44 - - [28/Aug/2025:22:12:44 +0530] "GET /shopdetail/%E6%A0%AA%E5%BC%8F%E4%BC%9A%E7%A4%BE%20%E6%98%8E%E6%88%90%20%E9%9B%BB%E5%8B%95%E3%82%B5%E3%82%A4%E3%82%AF%E3%83%AB%E3%83%9E%E3%82%B7%E3%83%B3%20%E3%80%8C%E3%82%A8%E3%82%B9%E3%82%AB%E3%83%AB%E3%82%B4%E3%80%8D%20%EF%BC%B0%EF%BC%A2%EF%BC%A5-100%EF%BC%882 HTTP/1.1" 404 796 "-" "Googlebot-Image/1.0"
66.249.66.34 - - [28/Aug/2025:22:17:33 +0530] "GET /shopdetail/%E3%83%97%E3%83%A9%E3%83%AC%E3%83%BC%E3%83%AB%E8%B2%A8%E8%BB%8A%E3%82%BB%E3%83%83%E3%83%88%20%E3%83%AC%E3%83%A0%20%E3%82%AB%E3%83%BC%E3%83%88%E3%83%AC%E3%82%A4%E3%83%B3%20%E3%82%AF%E3%83%AC%E3%83%BC%E3%83%B3%E8%BB%8A%20%E3%83%AF%E3%83%A0%20%E8%BB%8A%E6%8E%8C%E8%BB%8A%20%E8%B3%9C%E7%89%A9 HTTP/1.1" 404 796 "-" "Googlebot-Image/1.0"
66.249.66.34 - - [28/Aug/2025:22:17:56 +0530] "GET /shopdetail/%E3%83%A4%E3%83%95%E3%82%AA%E3%82%AF!%20-%E3%83%97%E3%83%A9%E3%83%AC%E3%83%BC%E3%83%AB%20%E8%B2%A8%E8%BB%8A%E3%82%BB%E3%83%83%E3%83%88%E3%81%AE%E4%B8%AD%E5%8F%A4%E5%93%81%E3%83%BB%E6%96%B0%E5%93%81%E3%83%BB%E6%9C%AA%E4%BD%BF%E7%94%A8%E5%93%81%E4%B8%80%E8%A6%A7 HTTP/1.1" 404 796 "-" "Googlebot-Image/1.0"
57.141.0.30 - - [28/Aug/2025:22:19:20 +0530] "GET /shopdetail/3429940/Flux-cored-wires.pdf HTTP/2" 404 796 "-" "meta-externalagent/1.1 (+https://developers.facebook.com/docs/sharing/webmasters/crawler)"
66.249.66.35 - - [28/Aug/2025:22:19:25 +0530] "GET /shopdetail/%E3%83%9E%E3%82%AD%E3%82%BF%20%E3%83%9E%E3%83%AB%E3%83%81%E3%83%84%E3%83%BC%E3%83%AB%E7%94%A8%E3%83%84%E3%83%BC%E3%83%AB%E3%83%9C%E3%83%83%E3%82%AF%E3%82%B9%20%E3%83%9E%E3%83%AB%E3%83%81%E3%83%84%E3%83%BC%E3%83%AB%E6%A8%99%E6%BA%96%E4%BB%98%E5%B1%9E%E5%93%81%20821538-0%20%E9%AB%98%E6%A9%8B%E6%9C%AC%E7%A4%BEPayPay%E3%83%A2%E3%83%BC%E3%83%AB%E5%BA%97%20-%20%E9%80%9A%E8%B2%A9%20-%20PayPay%E3%83%A2%E3%83%BC%E3%83%AB HTTP/1.1" 404 796 "-" "Googlebot-Image/1.0"
57.141.0.14 - - [28/Aug/2025:22:23:21 +0530] "GET /shopdetail/11025506/Steel-and-Dissimilar-Steel-Joining-Alloys.pdf HTTP/2" 404 796 "-" "meta-externalagent/1.1 (+https://developers.facebook.com/docs/sharing/webmasters/crawler)"
57.141.0.1 - - [28/Aug/2025:22:27:20 +0530] "GET /shopdetail/8595917/WEAR-PLATES.pdf HTTP/2" 404 796 "-" "meta-externalagent/1.1 (+https://developers.facebook.com/docs/sharing/webmasters/crawler)"
57.141.0.23 - - [28/Aug/2025:22:27:22 +0530] "GET /shopdetail/13194906/ESAB-Low-Heat-Hardfacing-alloys.pdf HTTP/2" 404 796 "-" "meta-externalagent/1.1 (+https://developers.facebook.com/docs/sharing/webmasters/crawler)"
57.141.0.18 - - [28/Aug/2025:22:31:20 +0530] "GET /shopdetail/5262762/CUTTING-AND-GOUGING.pdf HTTP/2" 404 796 "-" "meta-externalagent/1.1 (+https://developers.facebook.com/docs/sharing/webmasters/crawler)"
66.249.66.44 - - [28/Aug/2025:22:32:35 +0530] "GET /shopdetail/20578962/ HTTP/1.1" 404 796 "-" "Mozilla/5.0 (Linux; Android 6.0.1; Nexus 5X Build/MMB29P) AppleWebKit/537.36 (KHTML, like Gecko) Chrome/138.0.7204.183 Mobile Safari/537.36 (compatible; Googlebot/2.1; +http://www.google.com/bot.html)"
66.249.66.34 - - [28/Aug/2025:22:16:27 +0530] "GET /shopdetail/%E3%82%B7%E3%83%BC%E3%83%88%E3%83%90%E3%83%83%E3%82%B0%E9%99%90%E5%AE%9A%E5%86%8D%E5%85%A5%E8%8D%B7%EF%BC%81%EF%BC%81%20%E2%80%93%20%E3%82%A8%E3%83%BC%E3%82%B9%E3%82%AB%E3%83%95%E3%82%A7%E3%83%AD%E3%83%B3%E3%83%89%E3%83%B3%20%E6%97%A5%E6%9C%AC%E5%85%AC%E5%BC%8F%E3%82%B5%E3%82%A4%E3%83%88 HTTP/1.1" 404 796 "-" "Googlebot-Image/1.0"
66.249.66.34 - - [28/Aug/2025:22:16:49 +0530] "GET /shopdetail/ACE%20CAFE%20LONDON(%E3%82%A8%E3%83%BC%E3%82%B9%E3%82%AB%E3%83%95%E3%82%A7%E3%83%AD%E3%83%B3%E3%83%89%E3%83%B3)%20WP%E3%83%9C%E3%82%B9%E3%83%88%E3%83%B3%E3%82%B7%E3%83%BC%E3%83%88%E3%83%90%E3%83%83%E3%82%B0%20AB003 HTTP/1.1" 404 796 "-" "Googlebot-Image/1.0"
66.249.66.35 - - [28/Aug/2025:22:17:38 +0530] "GET /index.php/safe_search/Hot-metal-spray-powders.pdf HTTP/1.1" 200 4740 "-" "Mozilla/5.0 AppleWebKit/537.36 (KHTML, like Gecko; compatible; GoogleOther) Chrome/138.0.7204.183 Safari/537.36"
66.249.66.36 - - [28/Aug/2025:22:18:18 +0530] "GET /shopdetail/4795551/%E3%81%A4%E3%82%8A%E5%85%B7%E3%81%AE%E4%B8%8A%E5%B7%9E%E5%B1%8B%20-%20%E3%81%82%E3%81%AA%E3%81%9F%E3%81%AE%E3%83%95%E3%82%A3%E3%83%83%E3%82%B7%E3%83%B3%E3%82%B0%EF%BC%86%E3%82%A2%E3%82%A6%E3%83%88%E3%83%89%E3%82%A2%E3%83%A9%E3%82%A4%E3%83%95%E3%82%92%E3%82%B5%E3%83%9D%E3%83%BC%E3%83%88 HTTP/1.1" 404 796 "-" "Googlebot-Image/1.0"
66.249.66.34 - - [28/Aug/2025:22:19:03 +0530] "GET /shopdetail/d5000%E3%83%9F%E3%82%BB%E3%83%AB%E3%81%AE%E4%B8%AD%E5%8F%A4/%E6%9C%AA%E4%BD%BF%E7%94%A8%E5%93%81%20-%20%E3%83%A1%E3%83%AB%E3%82%AB%E3%83%AA HTTP/1.1" 404 796 "-" "Googlebot-Image/1.0"
57.141.0.18 - - [28/Aug/2025:22:19:20 +0530] "GET /shopdetail/2324639/CAST-IRON.pdf HTTP/2" 404 796 "-" "meta-externalagent/1.1 (+https://developers.facebook.com/docs/sharing/webmasters/crawler)"
57.141.0.19 - - [28/Aug/2025:22:19:22 +0530] "GET /shopdetail/12703562/ESAB-Low-Heat-Hardfacing-alloys.pdf HTTP/2" 404 796 "-" "meta-externalagent/1.1 (+https://developers.facebook.com/docs/sharing/webmasters/crawler)"
66.249.66.34 - - [28/Aug/2025:22:19:47 +0530] "GET /shopdetail/Ron%20herman%20%C3%97%20ten%20%E3%83%AA%E3%83%96%E3%83%8B%E3%83%83%E3%83%88 HTTP/1.1" 404 796 "-" "Googlebot-Image/1.0"
66.249.66.35 - - [28/Aug/2025:22:22:46 +0530] "GET /shopdetail/%E6%97%A7%E3%82%AD%E3%83%83%E3%83%88%E3%80%8F%E6%96%B0%E5%93%81%E3%83%BB%E6%9C%AA%E9%96%8B%E5%B0%81%E3%80%801/100%20%E3%83%AA%E3%82%A2%E3%83%AB%E3%82%BF%E3%82%A4%E3%83%97%20RX-78%20%E6%A9%9F%E5%8B%95%E6%88%A6%E5%A3%AB%E3%82%AC%E3%83%B3%E3%83%80%E3%83%A0 HTTP/1.1" 404 796 "-" "Googlebot-Image/1.0"
57.141.0.15 - - [28/Aug/2025:22:23:20 +0530] "GET /shopdetail/15199573/NON-FERROUS-ALLOY.pdf HTTP/2" 404 796 "-" "meta-externalagent/1.1 (+https://developers.facebook.com/docs/sharing/webmasters/crawler)"
57.141.0.2 - - [28/Aug/2025:22:23:20 +0530] "GET /shopdetail/27263962/EQUIPMENTS.pdf HTTP/2" 404 796 "-" "meta-externalagent/1.1 (+https://developers.facebook.com/docs/sharing/webmasters/crawler)"
66.249.66.41 - - [28/Aug/2025:22:26:15 +0530] "GET /index.php/safe_search/Hot-metal-spray-powders.pdf HTTP/1.1" 200 4740 "-" "Mozilla/5.0 (Linux; Android 6.0.1; Nexus 5X Build/MMB29P) AppleWebKit/537.36 (KHTML, like Gecko) Chrome/138.0.7204.183 Mobile Safari/537.36 (compatible; GoogleOther)"
57.141.0.25 - - [28/Aug/2025:22:27:20 +0530] "GET /shopdetail/571406/CUTTING-AND-GOUGING.pdf HTTP/2" 404 796 "-" "meta-externalagent/1.1 (+https://developers.facebook.com/docs/sharing/webmasters/crawler)"
57.141.0.11 - - [28/Aug/2025:22:31:20 +0530] "GET /shopdetail/10688995/Steel-and-Dissimilar-Steel-Joining-Alloys.pdf HTTP/2" 404 796 "-" "meta-externalagent/1.1 (+https://developers.facebook.com/docs/sharing/webmasters/crawler)"
57.141.0.28 - - [28/Aug/2025:22:31:22 +0530] "GET /shopdetail/12127128/Gas-brazing-alloys.pdf HTTP/2" 404 796 "-" "meta-externalagent/1.1 (+https://developers.facebook.com/docs/sharing/webmasters/crawler)"
66.249.66.35 - - [28/Aug/2025:22:37:27 +0530] "GET /shopdetail/24714128/ HTTP/1.1" 404 796 "-" "Mozilla/5.0 (Linux; Android 6.0.1; Nexus 5X Build/MMB29P) AppleWebKit/537.36 (KHTML, like Gecko) Chrome/138.0.7204.183 Mobile Safari/537.36 (compatible; Googlebot/2.1; +http://www.google.com/bot.html)"
66.249.66.34 - - [28/Aug/2025:22:37:50 +0530] "GET /shopdetail/SALE%E3%80%91%E7%BE%8E%E5%93%81Lee%E3%83%AA%E3%83%BC101-J%201012%E3%83%87%E3%83%8B%E3%83%A0%E3%82%B8%E3%83%A3%E3%82%B1%E3%83%83%E3%83%8836%20(%E3%83%B4%E3%82%A3%E3%83%B3%E3%83%86%E3%83%BC%E3%82%B8%E5%BE%A9%E5%88%BB HTTP/1.1" 404 796 "-" "Mozilla/5.0 (Linux; Android 6.0.1; Nexus 5X Build/MMB29P) AppleWebKit/537.36 (KHTML, like Gecko) Chrome/138.0.7204.183 Mobile Safari/537.36 (compatible; Googlebot/2.1; +http://www.google.com/bot.html)"
57.141.0.11 - - [28/Aug/2025:22:39:20 +0530] "GET /shopdetail/28688739/EQUIPMENTS.pdf HTTP/2" 404 796 "-" "meta-externalagent/1.1 (+https://developers.facebook.com/docs/sharing/webmasters/crawler)"
57.141.0.30 - - [28/Aug/2025:22:39:20 +0530] "GET /shopdetail/12015562/ HTTP/2" 404 796 "-" "meta-externalagent/1.1 (+https://developers.facebook.com/docs/sharing/webmasters/crawler)"
57.141.0.25 - - [28/Aug/2025:22:39:22 +0530] "GET /shopdetail/2354240/Gas-brazing-alloys.pdf HTTP/2" 404 796 "-" "meta-externalagent/1.1 (+https://developers.facebook.com/docs/sharing/webmasters/crawler)"
66.249.66.42 - - [28/Aug/2025:22:33:04 +0530] "GET /shopdetail/30417473/ HTTP/1.1" 404 796 "-" "Mozilla/5.0 (Linux; Android 6.0.1; Nexus 5X Build/MMB29P) AppleWebKit/537.36 (KHTML, like Gecko) Chrome/138.0.7204.183 Mobile Safari/537.36 (compatible; Googlebot/2.1; +http://www.google.com/bot.html)"
203.215.167.42 - - [28/Aug/2025:22:34:46 +0530] "GET /shopdetail/11589673/ HTTP/1.1" 404 796 "-" "Mozilla/5.0 (Macintosh; Intel Mac OS X 10_13_6) AppleWebKit/537.36 (KHTML, like Gecko) Chrome/99.0.4844.84 Safari/537.36"
57.141.0.30 - - [28/Aug/2025:22:35:20 +0530] "GET /shopdetail/19170717/CONSUMABLES-RANUSH.pdf HTTP/2" 404 796 "-" "meta-externalagent/1.1 (+https://developers.facebook.com/docs/sharing/webmasters/crawler)"
57.141.0.30 - - [28/Aug/2025:22:35:20 +0530] "GET /shopdetail/11347640/CAST-IRON.pdf HTTP/2" 404 796 "-" "meta-externalagent/1.1 (+https://developers.facebook.com/docs/sharing/webmasters/crawler)"
57.141.0.12 - - [28/Aug/2025:22:35:22 +0530] "GET /shopdetail/7544006/Flux-cored-wires.pdf HTTP/2" 404 796 "-" "meta-externalagent/1.1 (+https://developers.facebook.com/docs/sharing/webmasters/crawler)"
182.54.236.194 - - [28/Aug/2025:22:40:28 +0530] "POST /xmlrpc.php HTTP/1.1" 404 796 "-" "Mozilla/5.0 (Windows NT 10.0; Win64; x64) AppleWebKit/537.36 (KHTML, like Gecko) Chrome/91.0.4472.124 Safari/537.36"
57.141.0.12 - - [28/Aug/2025:22:43:20 +0530] "GET /shopdetail/30119717/CONSUMABLES-RANUSH.pdf HTTP/2" 404 796 "-" "meta-externalagent/1.1 (+https://developers.facebook.com/docs/sharing/webmasters/crawler)"
57.141.0.9 - - [28/Aug/2025:22:43:20 +0530] "GET /shopdetail/9549239/CUTTING-AND-GOUGING.pdf HTTP/2" 404 796 "-" "meta-externalagent/1.1 (+https://developers.facebook.com/docs/sharing/webmasters/crawler)"
66.249.66.34 - - [28/Aug/2025:22:43:35 +0530] "GET /shopdetail/15607228/ HTTP/1.1" 404 796 "-" "Mozilla/5.0 (Linux; Android 6.0.1; Nexus 5X Build/MMB29P) AppleWebKit/537.36 (KHTML, like Gecko) Chrome/138.0.7204.183 Mobile Safari/537.36 (compatible; Googlebot/2.1; +http://www.google.com/bot.html)"
57.141.0.3 - - [28/Aug/2025:22:47:20 +0530] "GET /shopdetail/24906362/Steel-and-Dissimilar-Steel-Joining-Alloys.pdf HTTP/2" 404 796 "-" "meta-externalagent/1.1 (+https://developers.facebook.com/docs/sharing/webmasters/crawler)"
14.226.220.50 - - [28/Aug/2025:22:48:33 +0530] "GET /shopdetail/5447162/ HTTP/1.1" 404 796 "-" "Mozilla/5.0 (Macintosh; Intel Mac OS X 10_13_4) AppleWebKit/537.36 (KHTML, like Gecko) Chrome/65.0.3325.19 Safari/537.36"
57.141.0.1 - - [28/Aug/2025:22:43:21 +0530] "GET /shopdetail/21309184/NON-FERROUS-ALLOY.pdf HTTP/2" 404 796 "-" "meta-externalagent/1.1 (+https://developers.facebook.com/docs/sharing/webmasters/crawler)"
57.141.0.1 - - [28/Aug/2025:22:43:22 +0530] "GET /shopdetail/21340440/Flux-cored-wires.pdf HTTP/2" 404 796 "-" "meta-externalagent/1.1 (+https://developers.facebook.com/docs/sharing/webmasters/crawler)"
57.141.0.2 - - [28/Aug/2025:22:47:20 +0530] "GET /shopdetail/21474506/ HTTP/2" 404 796 "-" "meta-externalagent/1.1 (+https://developers.facebook.com/docs/sharing/webmasters/crawler)"
