57.141.0.29 - - [30/Aug/2025:20:17:38 +0530] "GET /shopdetail/26390495/CAST-IRON.pdf HTTP/2" 404 796 "-" "meta-externalagent/1.1 (+https://developers.facebook.com/docs/sharing/webmasters/crawler)"
57.141.0.14 - - [30/Aug/2025:20:17:39 +0530] "GET /shopdetail/10541617/ HTTP/2" 404 796 "-" "meta-externalagent/1.1 (+https://developers.facebook.com/docs/sharing/webmasters/crawler)"
57.141.0.20 - - [30/Aug/2025:20:17:41 +0530] "GET /shopdetail/6721173/EQUIPMENTS.pdf HTTP/2" 404 796 "-" "meta-externalagent/1.1 (+https://developers.facebook.com/docs/sharing/webmasters/crawler)"
45.133.172.161 - - [30/Aug/2025:20:20:35 +0530] "GET /admin/blog/82825729_hub%20cclk.jpeg HTTP/1.1" 200 120472 "-" "Mozilla/5.0 (Macintosh; Intel Mac OS X 10_7_3) AppleWebKit/537.36 (KHTML, like Gecko, Mediapartners-Google) Chrome/77.0.3865.99 Safari/537.36"
57.141.0.9 - - [30/Aug/2025:20:22:05 +0530] "GET /shopdetail/24976128/CAST-IRON.pdf HTTP/2" 404 796 "-" "meta-externalagent/1.1 (+https://developers.facebook.com/docs/sharing/webmasters/crawler)"
57.141.0.21 - - [30/Aug/2025:20:22:07 +0530] "GET /shopdetail/12568751/TUBULAR-ELECTRODES.pdf HTTP/2" 404 796 "-" "meta-externalagent/1.1 (+https://developers.facebook.com/docs/sharing/webmasters/crawler)"
57.141.0.25 - - [30/Aug/2025:20:26:31 +0530] "GET /shopdetail/14509395/EQUIPMENTS.pdf HTTP/2" 404 796 "-" "meta-externalagent/1.1 (+https://developers.facebook.com/docs/sharing/webmasters/crawler)"
57.141.0.16 - - [30/Aug/2025:20:30:57 +0530] "GET /shopdetail/7441817/Gas-brazing-alloys.pdf HTTP/2" 404 796 "-" "meta-externalagent/1.1 (+https://developers.facebook.com/docs/sharing/webmasters/crawler)"
57.141.0.1 - - [30/Aug/2025:20:30:59 +0530] "GET /shopdetail/27847717/Gas-brazing-alloys.pdf HTTP/2" 404 796 "-" "meta-externalagent/1.1 (+https://developers.facebook.com/docs/sharing/webmasters/crawler)"
57.141.0.24 - - [30/Aug/2025:20:39:49 +0530] "GET /shopdetail/1708873/NON-FERROUS-ALLOY.pdf HTTP/2" 404 796 "-" "meta-externalagent/1.1 (+https://developers.facebook.com/docs/sharing/webmasters/crawler)"
57.141.0.20 - - [30/Aug/2025:20:39:51 +0530] "GET /shopdetail/27979973/TUBULAR-ELECTRODES.pdf HTTP/2" 404 796 "-" "meta-externalagent/1.1 (+https://developers.facebook.com/docs/sharing/webmasters/crawler)"
179.124.199.175 - - [30/Aug/2025:20:40:45 +0530] "GET /msgp.php HTTP/1.1" 200 5889 "-" "Mozilla/5.0 (Macintosh; Intel Mac OS X 10_15_1) AppleWebKit/537.36 (KHTML, like Gecko) Chrome/80.0.3987.122 Safari/537.36"
190.128.50.193 - - [30/Aug/2025:20:44:18 +0530] "GET /shopdetail/7435673/contact.php HTTP/1.1" 404 796 "-" "Mozilla/5.0 (Macintosh; Intel Mac OS X 10_12_6) AppleWebKit/537.36 (KHTML, like Gecko) Brave Chrome/89.0.4389.90 Safari/537.36"
57.141.0.13 - - [30/Aug/2025:20:48:41 +0530] "GET /shopdetail/9786273/TUBULAR-ELECTRODES.pdf HTTP/2" 404 796 "-" "meta-externalagent/1.1 (+https://developers.facebook.com/docs/sharing/webmasters/crawler)"
57.141.0.3 - - [30/Aug/2025:20:48:41 +0530] "GET /shopdetail/18358940/CUTTING-AND-GOUGING.pdf HTTP/2" 404 796 "-" "meta-externalagent/1.1 (+https://developers.facebook.com/docs/sharing/webmasters/crawler)"
57.141.0.18 - - [30/Aug/2025:20:48:43 +0530] "GET /shopdetail/3203895/CONSUMABLES-RANUSH.pdf HTTP/2" 404 796 "-" "meta-externalagent/1.1 (+https://developers.facebook.com/docs/sharing/webmasters/crawler)"
57.141.0.11 - - [30/Aug/2025:20:48:43 +0530] "GET /shopdetail/29515284/CAST-IRON.pdf HTTP/2" 404 796 "-" "meta-externalagent/1.1 (+https://developers.facebook.com/docs/sharing/webmasters/crawler)"
57.141.0.20 - - [30/Aug/2025:20:30:57 +0530] "GET /shopdetail/2815228/Gas-brazing-alloys.pdf HTTP/2" 404 796 "-" "meta-externalagent/1.1 (+https://developers.facebook.com/docs/sharing/webmasters/crawler)"
57.141.0.24 - - [30/Aug/2025:20:35:23 +0530] "GET /shopdetail/7480495/ HTTP/2" 404 796 "-" "meta-externalagent/1.1 (+https://developers.facebook.com/docs/sharing/webmasters/crawler)"
57.141.0.14 - - [30/Aug/2025:20:35:25 +0530] "GET /shopdetail/23238984/Gas-brazing-alloys.pdf HTTP/2" 404 796 "-" "meta-externalagent/1.1 (+https://developers.facebook.com/docs/sharing/webmasters/crawler)"
57.141.0.18 - - [30/Aug/2025:20:39:49 +0530] "GET /shopdetail/8389795/CAST-IRON.pdf HTTP/2" 404 796 "-" "meta-externalagent/1.1 (+https://developers.facebook.com/docs/sharing/webmasters/crawler)"
66.249.66.34 - - [30/Aug/2025:20:40:34 +0530] "GET /robots.txt HTTP/1.1" 404 796 "-" "Mozilla/5.0 (compatible; Googlebot/2.1; +http://www.google.com/bot.html)"
66.249.66.34 - - [30/Aug/2025:20:40:34 +0530] "GET /pcmypage?callback=/product%2Fdetail%2F85140199 HTTP/1.1" 404 796 "-" "Mozilla/5.0 (Linux; Android 6.0.1; Nexus 5X Build/MMB29P) AppleWebKit/537.36 (KHTML, like Gecko) Chrome/138.0.7204.183 Mobile Safari/537.36 (compatible; Googlebot/2.1; +http://www.google.com/bot.html)"
57.141.0.16 - - [30/Aug/2025:20:44:15 +0530] "GET /shopdetail/2436117/ HTTP/2" 404 796 "-" "meta-externalagent/1.1 (+https://developers.facebook.com/docs/sharing/webmasters/crawler)"
57.141.0.26 - - [30/Aug/2025:20:44:15 +0530] "GET /shopdetail/944439/Flux-cored-wires.pdf HTTP/2" 404 796 "-" "meta-externalagent/1.1 (+https://developers.facebook.com/docs/sharing/webmasters/crawler)"
57.141.0.4 - - [30/Aug/2025:20:44:17 +0530] "GET /shopdetail/9362195/Flux-cored-wires.pdf HTTP/2" 404 796 "-" "meta-externalagent/1.1 (+https://developers.facebook.com/docs/sharing/webmasters/crawler)"
57.141.0.25 - - [30/Aug/2025:20:53:07 +0530] "GET /shopdetail/9143951/CONSUMABLES-RANUSH.pdf HTTP/2" 404 796 "-" "meta-externalagent/1.1 (+https://developers.facebook.com/docs/sharing/webmasters/crawler)"
57.141.0.30 - - [30/Aug/2025:20:53:08 +0530] "GET /shopdetail/10482617/ HTTP/2" 404 796 "-" "meta-externalagent/1.1 (+https://developers.facebook.com/docs/sharing/webmasters/crawler)"
57.141.0.6 - - [30/Aug/2025:20:53:10 +0530] "GET /shopdetail/28191173/Gas-brazing-alloys.pdf HTTP/2" 404 796 "-" "meta-externalagent/1.1 (+https://developers.facebook.com/docs/sharing/webmasters/crawler)"
57.141.0.21 - - [30/Aug/2025:20:57:33 +0530] "GET /shopdetail/23004051/Hot-metal-spray-powders.pdf HTTP/2" 404 796 "-" "meta-externalagent/1.1 (+https://developers.facebook.com/docs/sharing/webmasters/crawler)"
57.141.0.10 - - [30/Aug/2025:20:57:36 +0530] "GET /shopdetail/22456295/CONSUMABLES-RANUSH.pdf HTTP/2" 404 796 "-" "meta-externalagent/1.1 (+https://developers.facebook.com/docs/sharing/webmasters/crawler)"
57.141.0.13 - - [30/Aug/2025:21:02:02 +0530] "GET /shopdetail/1047940/Hot-metal-spray-powders.pdf HTTP/2" 404 796 "-" "meta-externalagent/1.1 (+https://developers.facebook.com/docs/sharing/webmasters/crawler)"
192.178.4.98 - - [30/Aug/2025:21:02:42 +0530] "GET /shopdetail/%E3%81%8B%E3%82%8A%E3%82%86%E3%81%97%E3%82%A6%E3%82%A7%E3%82%A2%EF%BC%88%E6%B2%96%E7%B8%84%E3%82%A2%E3%83%AD%E3%83%8F%E3%82%B7%E3%83%A3%E3%83%84%EF%BC%89%E5%B0%82%E9%96%80%E5%BA%97%20%E3%83%9E%E3%83%B3%E3%82%B4%E3%83%8F%E3%82%A6%E3%82%B9%20%E6%81%A9%E7%B4%8D%E3%83%A0%E3%83%BC%E3%83%B3 HTTP/1.1" 404 796 "-" "Mozilla/5.0 (Linux; Android 6.0.1; Nexus 5X Build/MMB29P) AppleWebKit/537.36 (KHTML, like Gecko) Chrome/138.0.7204.183 Mobile Safari/537.36 (compatible; Googlebot/2.1; +http://www.google.com/bot.html)"
66.249.66.35 - - [30/Aug/2025:20:50:15 +0530] "GET /shopdetail/7153506/ HTTP/1.1" 404 796 "-" "Mozilla/5.0 (Linux; Android 6.0.1; Nexus 5X Build/MMB29P) AppleWebKit/537.36 (KHTML, like Gecko) Chrome/138.0.7204.183 Mobile Safari/537.36 (compatible; Googlebot/2.1; +http://www.google.com/bot.html)"
57.141.0.28 - - [30/Aug/2025:20:53:10 +0530] "GET /shopdetail/21260495/Flux-cored-wires.pdf HTTP/2" 404 796 "-" "meta-externalagent/1.1 (+https://developers.facebook.com/docs/sharing/webmasters/crawler)"
104.210.140.135 - - [30/Aug/2025:20:54:59 +0530] "GET /robots.txt HTTP/2" 404 796 "-" "Mozilla/5.0 (Macintosh; Intel Mac OS X 10_15_7) AppleWebKit/537.36 (KHTML, like Gecko) Chrome/131.0.0.0 Safari/537.36; compatible; OAI-SearchBot/1.0; +https://openai.com/searchbot"
57.141.0.30 - - [30/Aug/2025:20:57:34 +0530] "GET /shopdetail/2568517/ HTTP/2" 404 796 "-" "meta-externalagent/1.1 (+https://developers.facebook.com/docs/sharing/webmasters/crawler)"
57.141.0.17 - - [30/Aug/2025:20:57:35 +0530] "GET /shopdetail/27546006/Gas-brazing-alloys.pdf HTTP/2" 404 796 "-" "meta-externalagent/1.1 (+https://developers.facebook.com/docs/sharing/webmasters/crawler)"
57.141.0.20 - - [30/Aug/2025:21:02:00 +0530] "GET /shopdetail/16740251/ HTTP/2" 404 796 "-" "meta-externalagent/1.1 (+https://developers.facebook.com/docs/sharing/webmasters/crawler)"
57.141.0.17 - - [30/Aug/2025:21:02:00 +0530] "GET /shopdetail/5258006/Steel-and-Dissimilar-Steel-Joining-Alloys.pdf HTTP/2" 404 796 "-" "meta-externalagent/1.1 (+https://developers.facebook.com/docs/sharing/webmasters/crawler)"
57.141.0.28 - - [30/Aug/2025:21:02:01 +0530] "GET /shopdetail/10151939/EQUIPMENTS.pdf HTTP/2" 404 796 "-" "meta-externalagent/1.1 (+https://developers.facebook.com/docs/sharing/webmasters/crawler)"
192.178.4.99 - - [30/Aug/2025:21:02:59 +0530] "GET /shopdetail/%E6%BF%80%E3%83%AC%E3%82%A2%20PT83%20%E3%83%AC%E3%83%83%E3%83%89%E3%82%A6%E3%82%A3%E3%83%B3%E3%82%B0%208269%20%E8%B5%A4%E8%8C%B6%20%E3%82%A8%E3%83%B3%E3%82%B8%E3%83%8B%E3%82%A2%20PT91%208271(8.5 HTTP/1.1" 404 796 "-" "Mozilla/5.0 (Linux; Android 6.0.1; Nexus 5X Build/MMB29P) AppleWebKit/537.36 (KHTML, like Gecko) Chrome/138.0.7204.183 Mobile Safari/537.36 (compatible; Googlebot/2.1; +http://www.google.com/bot.html)"
192.178.4.99 - - [30/Aug/2025:21:03:36 +0530] "GET /%E3%80%8A%E5%86%8D%E8%B2%A9%E3%80%8BA5%E3%82%B5%E3%82%A4%E3%82%BA%E6%89%8B%E5%B8%B3%E3%82%AB%E3%83%90%E3%83%BC%E3%80%90%E5%8C%97%E6%AC%A7%E9%A2%A8%E3%83%AA%E3%83%9C%E3%83%B3%E6%9F%84%E3%82%A4%E3%82%A8%E3%83%AD%E3%83%BC%E3%80%91%E3%81%BB%E3%81%BC%E6%97%A5%E6%89%8B%E5%B8%B3%E3%82%AB%E3%83%90%E3%83%BC(%E3%82%AB%E3%82%BA%E3%83%B3%E3%82%B5%E3%82%A4%E3%82%BA) HTTP/1.1" 404 796 "-" "Mozilla/5.0 (Linux; Android 6.0.1; Nexus 5X Build/MMB29P) AppleWebKit/537.36 (KHTML, like Gecko) Chrome/138.0.7204.183 Mobile Safari/537.36 (compatible; Googlebot/2.1; +http://www.google.com/bot.html)"
192.178.4.100 - - [30/Aug/2025:21:05:12 +0530] "GET /%E8%B6%85%E7%89%B9%E4%BE%A1%E3%81%8A%E5%BE%97%20%E3%83%A4%E3%83%95%E3%82%AA%E3%82%AF!%20-%20%E9%A4%A8%E7%A7%80%E5%A4%ABHIPEO%20YAKATA%20%E4%BD%9C%E5%93%81%20%E6%B2%B9%E5%BD%A9%20%E8%87%AA%E7%84%B6%20%20%E5%AE%9A%E7%95%AA HTTP/1.1" 404 796 "-" "Mozilla/5.0 (Linux; Android 6.0.1; Nexus 5X Build/MMB29P) AppleWebKit/537.36 (KHTML, like Gecko) Chrome/138.0.7204.183 Mobile Safari/537.36 (compatible; Googlebot/2.1; +http://www.google.com/bot.html)"
192.178.4.99 - - [30/Aug/2025:21:05:40 +0530] "GET /shopdetail/%E4%B8%96%E7%95%8C%E3%81%AB%E8%AA%8D%E3%82%81%E3%82%89%E3%82%8C%E3%81%9F%E6%9C%80%E5%BC%B7%E3%82%AF%E3%83%A9%E3%82%B9%E3%81%AE%E3%82%B5%E3%83%90%E3%82%A4%E3%83%90%E3%83%AB%E3%83%8A%E3%82%A4%E3%83%95%E3%80%8CAITOR%EF%BC%88%E3%82%A2%E3%82%A4%E3%83%88%E3%83%BC%E3%83%AB HTTP/1.1" 404 796 "-" "Mozilla/5.0 (Linux; Android 6.0.1; Nexus 5X Build/MMB29P) AppleWebKit/537.36 (KHTML, like Gecko) Chrome/138.0.7204.183 Mobile Safari/537.36 (compatible; Googlebot/2.1; +http://www.google.com/bot.html)"
192.178.4.99 - - [30/Aug/2025:21:04:58 +0530] "GET /shopdetail/%E6%9C%AA%E4%BD%BF%E7%94%A8%E5%93%81%20%E3%83%AA%E3%83%BC%E3%83%9C%E3%83%83%E3%82%AF%20Reebok%20%C3%97%20%E3%83%9F%E3%83%8B%E3%82%AA%E3%83%B3%E3%82%BA%20MINIONS%20INSTAPUMP%20FURY%20%E3%82%A4%E3%83%B3%E3%82%B9%E3%82%BF%E3%83%9D%E3%83%B3%E3%83%97%20%E3%83%95%E3%83%A5%E3%83%BC%E3%83%AA%E3%83%BC%20%E3%82%B9%E3%83%8B%E3%83%BC%E3%82%AB%E3%83%BC%20US9%20%2027%E3%8E%9D%20%E3%82%A4%E3%82%A8%E3%83%AD%E3%83%BC%20%E9%BB%84%20FY3404%20%E3%83%A1%E3%83%B3%E3%82%BA HTTP/1.1" 404 796 "-" "Mozilla/5.0 (Linux; Android 6.0.1; Nexus 5X Build/MMB29P) AppleWebKit/537.36 (KHTML, like Gecko) Chrome/138.0.7204.183 Mobile Safari/537.36 (compatible; Googlebot/2.1; +http://www.google.com/bot.html)"
57.141.0.22 - - [30/Aug/2025:21:06:25 +0530] "GET /shopdetail/19085728/Flux-cored-wires.pdf HTTP/2" 404 796 "-" "meta-externalagent/1.1 (+https://developers.facebook.com/docs/sharing/webmasters/crawler)"
57.141.0.9 - - [30/Aug/2025:21:06:27 +0530] "GET /shopdetail/1152117/EQUIPMENTS.pdf HTTP/2" 404 796 "-" "meta-externalagent/1.1 (+https://developers.facebook.com/docs/sharing/webmasters/crawler)"
57.141.0.2 - - [30/Aug/2025:21:06:28 +0530] "GET /shopdetail/16242017/CAST-IRON.pdf HTTP/2" 404 796 "-" "meta-externalagent/1.1 (+https://developers.facebook.com/docs/sharing/webmasters/crawler)"
192.178.4.100 - - [30/Aug/2025:21:08:43 +0530] "GET /shopdetail/24767906/%E3%83%95%E3%83%AB%E3%83%A9(FURLA)%20%E3%83%A1%E3%83%88%E3%83%AD%E3%83%9D%E3%83%AA%E3%82%B9(METROPOLIS)%20%E3%83%AC%E3%83%87%E3%82%A3%E3%83%BC%E3%82%B9%E4%BA%8C%E3%81%A4%E6%8A%98%E3%82%8A%E8%B2%A1%E5%B8%83 HTTP/1.1" 404 796 "-" "Googlebot-Image/1.0"
57.141.0.4 - - [30/Aug/2025:21:10:51 +0530] "GET /shopdetail/13009517/NON-FERROUS-ALLOY.pdf HTTP/2" 404 796 "-" "meta-externalagent/1.1 (+https://developers.facebook.com/docs/sharing/webmasters/crawler)"
57.141.0.13 - - [30/Aug/2025:21:10:52 +0530] "GET /shopdetail/23619117/EQUIPMENTS.pdf HTTP/2" 404 796 "-" "meta-externalagent/1.1 (+https://developers.facebook.com/docs/sharing/webmasters/crawler)"
192.178.4.98 - - [30/Aug/2025:21:13:18 +0530] "GET /shopdetail/24767906/%E4%BB%98%E5%B1%9E%E5%93%81%E3%81%82%E3%82%8A%20FURLA%20%E3%83%95%E3%83%AB%E3%83%A9%20%E3%83%A1%E3%83%88%E3%83%AD%E3%83%9D%E3%83%AA%E3%82%B9%20%E4%BA%8C%E3%81%A4%E6%8A%98%E3%82%8A%E8%B2%A1%E5%B8%83 HTTP/1.1" 404 796 "-" "Googlebot-Image/1.0"
192.178.4.98 - - [30/Aug/2025:21:13:22 +0530] "GET /%E3%80%90%E7%8F%BE%E5%93%81%E3%83%BB%E7%8F%BE%E7%89%A9%E3%80%91%E3%80%90%E3%83%93%E3%82%AB%E3%82%AF%E3%82%B7%E3%83%80%E3%80%91%E3%80%90%E3%83%93%E3%82%AB%E3%82%AF%E3%82%B7%E3%83%80%E3%80%91%E3%82%B3%E3%82%A6%E3%83%A2%E3%83%AA%E3%83%A9%E3%83%B3%E3%80%80%E3%83%93%E3%82%AB%E3%82%AF%E3%82%B7%E3%83%80%E3%83%BB%E3%83%8D%E3%82%B6%E3%83%BC%E3%83%A9%E3%83%B3%E3%83%89(%E3%83%93%E3%82%AB%E3%82%AF%E3%82%B7%E3%83%80%E3%83%BB%E3%83%93%E3%83%95%E3%83%AB%E3%82%AB%E3%83%84%E3%83%A0%E3%83%BB%E3%83%8D%E3%82%B6%E3%83%BC%E3%83%A9%E3%83%B3%E3%83%89)%E3%80%808%E5%8F%B7%E3%80%801%E7%95%AA2%E7%95%AA%EF%BC%93%E7%95%AA%EF%BC%94%E7%95%AA%EF%BC%95%E7%95%AA HTTP/1.1" 404 796 "-" "Mozilla/5.0 (Linux; Android 6.0.1; Nexus 5X Build/MMB29P) AppleWebKit/537.36 (KHTML, like Gecko) Chrome/138.0.7204.183 Mobile Safari/537.36 (compatible; Googlebot/2.1; +http://www.google.com/bot.html)"
57.141.0.8 - - [30/Aug/2025:21:15:17 +0530] "GET /shopdetail/14638884/Gas-brazing-alloys.pdf HTTP/2" 404 796 "-" "meta-externalagent/1.1 (+https://developers.facebook.com/docs/sharing/webmasters/crawler)"
192.178.4.98 - - [30/Aug/2025:21:17:55 +0530] "GET /shopdetail/Pix%20*COMMISSIONS%20OPEN*%20on%20Twitter: HTTP/1.1" 404 796 "-" "Googlebot-Image/1.0"
103.115.207.81 - - [30/Aug/2025:21:19:19 +0530] "GET /admin/blog/29339038_WhatsApp%20Image%202020-11-01%20at%2012.04.21%20PM.jpeg HTTP/1.1" 200 129015 "-" "Mozilla/5.0 (Windows NT 6.1; Win64; x64) AppleWebKit/537.36 (KHTML, like Gecko) Chrome/80.0.3987.132 Safari/537.36"
57.141.0.11 - - [30/Aug/2025:21:06:26 +0530] "GET /shopdetail/1370473/CAST-IRON.pdf HTTP/2" 404 796 "-" "meta-externalagent/1.1 (+https://developers.facebook.com/docs/sharing/webmasters/crawler)"
57.141.0.22 - - [30/Aug/2025:21:10:53 +0530] "GET /shopdetail/23489584/Tig-filler-wires.pdf HTTP/2" 404 796 "-" "meta-externalagent/1.1 (+https://developers.facebook.com/docs/sharing/webmasters/crawler)"
57.141.0.2 - - [30/Aug/2025:21:10:54 +0530] "GET /shopdetail/15586406/WEAR-PLATES.pdf HTTP/2" 404 796 "-" "meta-externalagent/1.1 (+https://developers.facebook.com/docs/sharing/webmasters/crawler)"
176.31.139.0 - - [30/Aug/2025:21:13:13 +0530] "GET /robots.txt HTTP/2" 404 796 "-" "Mozilla/5.0 (compatible; AhrefsBot/7.0; +http://ahrefs.com/robot/)"
103.133.140.28 - - [30/Aug/2025:21:13:39 +0530] "GET /shopdetail/11740906/ HTTP/1.1" 404 796 "-" "Mozilla/5.0 (Macintosh; Intel Mac OS X 10_12_6) AppleWebKit/537.36 (KHTML, like Gecko) Chrome/96.0.4664.110 Safari/537.36"
192.178.4.98 - - [30/Aug/2025:21:13:51 +0530] "GET /shopdetail/%E9%9D%92%E5%B1%B1%E5%AD%A6%E9%99%A2%E5%88%9D%E7%AD%89%E9%83%A8%E3%80%91%E8%A9%A6%E9%A8%93%E5%86%85%E5%AE%B9%E3%82%92%E5%88%86%E6%9E%90%E3%80%82%E9%81%8E%E5%8E%BB%E5%95%8F%E9%A1%8C%E3%81%8B%E3%82%89%E3%82%8F%E3%81%8B%E3%82%8B%E3%81%93%E3%81%A8%E3%80%82%EF%BD%9C%E7%B5%B6%E5%AF%BE%E5%90%88%E6%A0%BC HTTP/1.1" 404 796 "-" "Mozilla/5.0 (Linux; Android 6.0.1; Nexus 5X Build/MMB29P) AppleWebKit/537.36 (KHTML, like Gecko) Chrome/138.0.7204.183 Mobile Safari/537.36 (compatible; Googlebot/2.1; +http://www.google.com/bot.html)"
57.141.0.6 - - [30/Aug/2025:21:15:18 +0530] "GET /shopdetail/27845128/Hot-metal-spray-powders.pdf HTTP/2" 404 796 "-" "meta-externalagent/1.1 (+https://developers.facebook.com/docs/sharing/webmasters/crawler)"
57.141.0.27 - - [30/Aug/2025:21:15:20 +0530] "GET /shopdetail/14777584/Hot-metal-spray-powders.pdf HTTP/2" 404 796 "-" "meta-externalagent/1.1 (+https://developers.facebook.com/docs/sharing/webmasters/crawler)"
192.178.4.100 - - [30/Aug/2025:21:16:08 +0530] "GET /%E3%83%97%E3%83%81%E3%83%96%E3%83%A9%E3%82%A4%E3%82%B9%20%E3%83%94%E3%83%A8%E3%83%94%E3%83%A8%E3%83%A1%E3%83%83%E3%82%BB%E3%83%B3%E3%82%B8%E3%83%A3%E3%83%BC HTTP/1.1" 404 796 "-" "Mozilla/5.0 (Linux; Android 6.0.1; Nexus 5X Build/MMB29P) AppleWebKit/537.36 (KHTML, like Gecko) Chrome/138.0.7204.183 Mobile Safari/537.36 (compatible; Googlebot/2.1; +http://www.google.com/bot.html)"
57.141.0.7 - - [30/Aug/2025:21:19:44 +0530] "GET /shopdetail/7767973/Steel-and-Dissimilar-Steel-Joining-Alloys.pdf HTTP/2" 404 796 "-" "meta-externalagent/1.1 (+https://developers.facebook.com/docs/sharing/webmasters/crawler)"
57.141.0.24 - - [30/Aug/2025:21:19:44 +0530] "GET /shopdetail/24760451/Flux-cored-wires.pdf HTTP/2" 404 796 "-" "meta-externalagent/1.1 (+https://developers.facebook.com/docs/sharing/webmasters/crawler)"
103.154.98.115 - - [30/Aug/2025:21:21:17 +0530] "GET /admin/blog/13098202_WhatsApp%20Image%202018-02-26%20at%2012.36.14%20(1).jpeg HTTP/1.1" 200 48353 "-" "Mozilla/5.0 (Macintosh; Intel Mac OS X 10_15_5) AppleWebKit/537.36 (KHTML, like Gecko) Chrome/90.0.4430.93 Safari/537.36"
192.178.4.100 - - [30/Aug/2025:21:23:57 +0530] "GET /shopdetail/13471684/ HTTP/1.1" 404 796 "-" "Mozilla/5.0 (Linux; Android 6.0.1; Nexus 5X Build/MMB29P) AppleWebKit/537.36 (KHTML, like Gecko) Chrome/138.0.7204.183 Mobile Safari/537.36 (compatible; Googlebot/2.1; +http://www.google.com/bot.html)"
57.141.0.3 - - [30/Aug/2025:21:24:10 +0530] "GET /shopdetail/24680195/EQUIPMENTS.pdf HTTP/2" 404 796 "-" "meta-externalagent/1.1 (+https://developers.facebook.com/docs/sharing/webmasters/crawler)"
57.141.0.10 - - [30/Aug/2025:21:24:12 +0530] "GET /shopdetail/1291673/Tig-filler-wires.pdf HTTP/2" 404 796 "-" "meta-externalagent/1.1 (+https://developers.facebook.com/docs/sharing/webmasters/crawler)"
80.239.178.98 - - [30/Aug/2025:21:28:25 +0530] "POST /login/?login_only=1 HTTP/1.1" 401 38 "https://webmail.ranush.com/" "Mozilla/5.0 (Windows NT 10.0; Win64; x64) AppleWebKit/537.36 (KHTML, like Gecko) Chrome/96.0.4664.93 Safari/537.36"
57.141.0.18 - - [30/Aug/2025:21:19:45 +0530] "GET /shopdetail/29145340/EQUIPMENTS.pdf HTTP/2" 404 796 "-" "meta-externalagent/1.1 (+https://developers.facebook.com/docs/sharing/webmasters/crawler)"
192.178.4.98 - - [30/Aug/2025:21:22:30 +0530] "GET /shopdetail/%E3%81%8B%E3%82%8A%E3%82%86%E3%81%97%E3%82%A6%E3%82%A7%E3%82%A2%EF%BC%88%E6%B2%96%E7%B8%84%E3%82%A2%E3%83%AD%E3%83%8F%E3%82%B7%E3%83%A3%E3%83%84%EF%BC%89%E5%B0%82%E9%96%80%E5%BA%97%20%E3%83%9E%E3%83%B3%E3%82%B4%E3%83%8F%E3%82%A6%E3%82%B9%20%E6%81%A9%E7%B4%8D%E3%83%A0%E3%83%BC%E3%83%B3 HTTP/1.1" 404 796 "-" "Googlebot-Image/1.0"
57.141.0.26 - - [30/Aug/2025:21:24:10 +0530] "GET /shopdetail/7029762/EQUIPMENTS.pdf HTTP/2" 404 796 "-" "meta-externalagent/1.1 (+https://developers.facebook.com/docs/sharing/webmasters/crawler)"
192.178.4.99 - - [30/Aug/2025:21:24:26 +0530] "GET /shopdetail/22788728/ HTTP/1.1" 404 796 "-" "Mozilla/5.0 (Linux; Android 6.0.1; Nexus 5X Build/MMB29P) AppleWebKit/537.36 (KHTML, like Gecko) Chrome/138.0.7204.183 Mobile Safari/537.36 (compatible; Googlebot/2.1; +http://www.google.com/bot.html)"
189.15.246.78 - - [30/Aug/2025:21:25:33 +0530] "GET /shopdetail/5447162/ HTTP/1.1" 404 796 "-" "Mozilla/5.0 (Windows NT 6.1; WOW64) AppleWebKit/537.36 (KHTML, like Gecko) Chrome/69.0.0.3016 Safari/537.36"
192.178.4.100 - - [30/Aug/2025:21:28:20 +0530] "GET /shopdetail/12866584/ HTTP/1.1" 404 796 "-" "Mozilla/5.0 (Linux; Android 6.0.1; Nexus 5X Build/MMB29P) AppleWebKit/537.36 (KHTML, like Gecko) Chrome/138.0.7204.183 Mobile Safari/537.36 (compatible; Googlebot/2.1; +http://www.google.com/bot.html)"
80.239.178.98 - - [30/Aug/2025:21:28:24 +0530] "GET / HTTP/1.1" 200 12432 "-" "Mozilla/5.0 (Windows NT 10.0; Win64; x64) AppleWebKit/537.36 (KHTML, like Gecko) Chrome/96.0.4664.93 Safari/537.36"
57.141.0.19 - - [30/Aug/2025:21:28:36 +0530] "GET /shopdetail/10538451/EQUIPMENTS.pdf HTTP/2" 404 796 "-" "meta-externalagent/1.1 (+https://developers.facebook.com/docs/sharing/webmasters/crawler)"
57.141.0.20 - - [30/Aug/2025:21:28:36 +0530] "GET /shopdetail/29269495/NON-FERROUS-ALLOY.pdf HTTP/2" 404 796 "-" "meta-externalagent/1.1 (+https://developers.facebook.com/docs/sharing/webmasters/crawler)"
57.141.0.1 - - [30/Aug/2025:21:28:38 +0530] "GET /shopdetail/7625673/Hot-metal-spray-powders.pdf HTTP/2" 404 796 "-" "meta-externalagent/1.1 (+https://developers.facebook.com/docs/sharing/webmasters/crawler)"
192.178.4.98 - - [30/Aug/2025:21:28:59 +0530] "GET /shopdetail/2544628/ HTTP/1.1" 404 796 "-" "Mozilla/5.0 (Linux; Android 6.0.1; Nexus 5X Build/MMB29P) AppleWebKit/537.36 (KHTML, like Gecko) Chrome/138.0.7204.183 Mobile Safari/537.36 (compatible; Googlebot/2.1; +http://www.google.com/bot.html)"
192.178.4.100 - - [30/Aug/2025:21:29:08 +0530] "GET /shopdetail/%E5%86%99%E7%9C%9F%E4%BB%98%E3%81%8D%E3%83%AC%E3%83%93%E3%83%A5%E3%83%BC%E3%80%91%E6%98%87%E9%99%8D%E3%83%86%E3%83%BC%E3%83%96%E3%83%AB%20%E3%83%80%E3%82%A4%E3%83%8B%E3%83%B3%E3%82%B0%E3%83%86%E3%83%BC%E3%83%96%E3%83%AB%20%E3%83%86%E3%83%BC%E3%83%96%E3%83%AB%20%E6%98%87%E9%99%8D HTTP/1.1" 404 796 "-" "Mozilla/5.0 (Linux; Android 6.0.1; Nexus 5X Build/MMB29P) AppleWebKit/537.36 (KHTML, like Gecko) Chrome/138.0.7204.183 Mobile Safari/537.36 (compatible; Googlebot/2.1; +http://www.google.com/bot.html)"
192.178.4.98 - - [30/Aug/2025:21:30:23 +0530] "GET /shopdetail/%E3%82%AA%E3%83%BC%E3%82%AF%E3%82%B7%E3%83%A7%20%E3%83%A4%E3%83%95%E3%82%AA%E3%82%AF!%20-%20%E5%86%86%20%E3%81%BE%E3%81%A8%E3%82%81%20%E3%82%AA%E3%83%A1%E3%82%AC%E3%83%BB%E3%83%A9%E3%83%89%E3%83%BC%20%E3%82%BB%E3%82%A4%E3%82%B3%E3%83%BC%E3%83%BB%E3%82%AB%E3%82%B7%E3%82%AA%E3%83%B3 HTTP/1.1" 404 796 "-" "Mozilla/5.0 (Linux; Android 6.0.1; Nexus 5X Build/MMB29P) AppleWebKit/537.36 (KHTML, like Gecko) Chrome/138.0.7204.183 Mobile Safari/537.36 (compatible; Googlebot/2.1; +http://www.google.com/bot.html)"
57.141.0.19 - - [30/Aug/2025:21:33:02 +0530] "GET /shopdetail/21808895/Tig-filler-wires.pdf HTTP/2" 404 796 "-" "meta-externalagent/1.1 (+https://developers.facebook.com/docs/sharing/webmasters/crawler)"
57.141.0.24 - - [30/Aug/2025:21:33:04 +0530] "GET /shopdetail/4101340/ HTTP/2" 404 796 "-" "meta-externalagent/1.1 (+https://developers.facebook.com/docs/sharing/webmasters/crawler)"
192.178.4.99 - - [30/Aug/2025:21:33:50 +0530] "GET /shopdetail/%E6%98%94%E3%81%AE%E3%81%8A%E3%82%82%E3%81%A1%E3%82%83%E5%B0%82%E9%96%80%E5%BA%97%20SHOOTING%20STAR-%E9%9D%92%E5%B3%B6%E6%96%87%E5%8C%96%E6%95%99%E6%9D%90%E7%A4%BE%EF%BC%88%E3%82%A2%E3%82%AA%E3%82%B7%E3%83%9E%EF%BC%89%20%E3%83%A4%E3%83%9E%E3%83%8F%20%E3%83%99%E3%83%AB%E3%83%BC%E3%82%AC80%E3%82%B9%E3%83%9A%E3%82%B7%E3%83%A3%E3%83%AB%EF%BC%88%E3%83%AC%E3%83%83%E3%83%89%EF%BC%89%201/12%20%E5%88%9D%E7%89%88%20%E3%83%97%E3%83%A9%E3%83%A2%E3%83%87%E3%83%AB%20%20%E3%82%AA%E3%83%BC%E3%83%88%E3%83%90%E3%82%A4%20%E6%A8%A1%E5%9E%8B%20%E9%80%9A%E8%B2%A9%20%E8%B2%A9%E5%A3%B2 HTTP/1.1" 404 796 "-" "Mozilla/5.0 (Linux; Android 6.0.1; Nexus 5X Build/MMB29P) AppleWebKit/537.36 (KHTML, like Gecko) Chrome/138.0.7204.183 Mobile Safari/537.36 (compatible; Googlebot/2.1; +http://www.google.com/bot.html)"
192.178.4.98 - - [30/Aug/2025:21:35:54 +0530] "GET /%E3%83%B4%E3%82%A3%E3%82%AF%E3%83%88%E3%83%AA%E3%83%BC%20%E3%83%89%E3%83%A9%E3%82%B4%E3%83%B3%20PSA10%20%E9%81%8A%E6%88%AF%E7%8E%8B%20%E9%91%91%E5%AE%9A%E5%93%81%20%E5%AE%8C%20BGS%20LIMITED%20EDITION%205 HTTP/1.1" 404 796 "-" "Mozilla/5.0 (Linux; Android 6.0.1; Nexus 5X Build/MMB29P) AppleWebKit/537.36 (KHTML, like Gecko) Chrome/138.0.7204.183 Mobile Safari/537.36 (compatible; Googlebot/2.1; +http://www.google.com/bot.html)"
192.178.4.98 - - [30/Aug/2025:21:36:13 +0530] "GET /shopdetail/%E9%81%B8%E6%8A%9C%E6%A0%AA%20%E3%83%A2%E3%83%B3%E3%82%B9%E3%83%86%E3%83%A9%20%E3%82%AA%E3%83%96%E3%83%AA%E3%82%AF%E3%82%A2%20Monstera%20Obliqua%20Peru%20%E3%83%A2%E3%83%B3%E3%82%B9%E3%83%86%E3%83%A9 HTTP/1.1" 404 796 "-" "Mozilla/5.0 (Linux; Android 6.0.1; Nexus 5X Build/MMB29P) AppleWebKit/537.36 (KHTML, like Gecko) Chrome/138.0.7204.183 Mobile Safari/537.36 (compatible; Googlebot/2.1; +http://www.google.com/bot.html)"
192.178.4.98 - - [30/Aug/2025:21:37:26 +0530] "GET /shopdetail/%E6%98%AD%E5%92%8C%20%E3%83%AC%E3%83%88%E3%83%AD%20%E6%89%87%E9%A2%A8%E6%A9%9F%20%E3%82%B5%E3%83%BC%E3%82%AD%E3%83%A5%E3%83%AC%E3%83%BC%E3%82%BF%E3%83%BC%20NATIONAL%20%E3%83%8A%E3%82%B7%E3%83%A7%E3%83%8A%E3%83%AB%20(%E3%81%82 HTTP/1.1" 404 796 "-" "Mozilla/5.0 (Linux; Android 6.0.1; Nexus 5X Build/MMB29P) AppleWebKit/537.36 (KHTML, like Gecko) Chrome/138.0.7204.183 Mobile Safari/537.36 (compatible; Googlebot/2.1; +http://www.google.com/bot.html)"
57.141.0.21 - - [30/Aug/2025:21:37:28 +0530] "GET /shopdetail/16886439/ESAB-Low-Heat-Hardfacing-alloys.pdf HTTP/2" 404 796 "-" "meta-externalagent/1.1 (+https://developers.facebook.com/docs/sharing/webmasters/crawler)"
57.141.0.17 - - [30/Aug/2025:21:37:30 +0530] "GET /shopdetail/28732517/NON-FERROUS-ALLOY.pdf HTTP/2" 404 796 "-" "meta-externalagent/1.1 (+https://developers.facebook.com/docs/sharing/webmasters/crawler)"
57.141.0.27 - - [30/Aug/2025:21:37:31 +0530] "GET /shopdetail/8597917/WEAR-PLATES.pdf HTTP/2" 404 796 "-" "meta-externalagent/1.1 (+https://developers.facebook.com/docs/sharing/webmasters/crawler)"
57.141.0.17 - - [30/Aug/2025:21:33:02 +0530] "GET /shopdetail/13523440/Tig-filler-wires.pdf HTTP/2" 404 796 "-" "meta-externalagent/1.1 (+https://developers.facebook.com/docs/sharing/webmasters/crawler)"
57.141.0.26 - - [30/Aug/2025:21:33:04 +0530] "GET /shopdetail/15063017/NON-FERROUS-ALLOY.pdf HTTP/2" 404 796 "-" "meta-externalagent/1.1 (+https://developers.facebook.com/docs/sharing/webmasters/crawler)"
192.178.4.98 - - [30/Aug/2025:21:34:47 +0530] "GET /shopdetail/%E5%88%9D%E5%9B%9E%E9%99%90%E5%AE%9A%E3%81%8A%E8%A9%A6%E3%81%97%E4%BE%A1%E6%A0%BC%E3%80%91%20%E3%81%A1%E3%81%B3%E3%81%AC%E3%81%84%20A%E3%81%87%20group%20www.hallo.tv HTTP/1.1" 404 796 "-" "Mozilla/5.0 (Linux; Android 6.0.1; Nexus 5X Build/MMB29P) AppleWebKit/537.36 (KHTML, like Gecko) Chrome/138.0.7204.183 Mobile Safari/537.36 (compatible; Googlebot/2.1; +http://www.google.com/bot.html)"
192.178.4.98 - - [30/Aug/2025:21:36:50 +0530] "GET /product/edit/35350707 HTTP/1.1" 404 796 "-" "Mozilla/5.0 (Linux; Android 6.0.1; Nexus 5X Build/MMB29P) AppleWebKit/537.36 (KHTML, like Gecko) Chrome/138.0.7204.183 Mobile Safari/537.36 (compatible; Googlebot/2.1; +http://www.google.com/bot.html)"
57.141.0.27 - - [30/Aug/2025:21:37:28 +0530] "GET /shopdetail/23832173/WEAR-PLATES.pdf HTTP/2" 404 796 "-" "meta-externalagent/1.1 (+https://developers.facebook.com/docs/sharing/webmasters/crawler)"
192.178.4.98 - - [30/Aug/2025:21:38:59 +0530] "GET /shopdetail/WAVE%20ODAIBA%E3%82%B2%E3%83%BC%E3%83%9E%E3%83%BC%E3%82%BA%E7%9C%8B%E6%9D%BF%E5%A8%98%20%E5%84%AA%E6%9C%A8%E3%81%9B%E3%81%A4%E8%8F%9C%20%E3%83%89%E3%83%AA%E3%83%BC%E3%83%A0%E3%83%86%E3%83%83%E3%82%AF%20%E3%83%A9%E3%83%96%E3%83%A9%E3%82%A4%E3%83%96 HTTP/1.1" 404 796 "-" "Mozilla/5.0 (Linux; Android 6.0.1; Nexus 5X Build/MMB29P) AppleWebKit/537.36 (KHTML, like Gecko) Chrome/138.0.7204.183 Mobile Safari/537.36 (compatible; Googlebot/2.1; +http://www.google.com/bot.html)"
192.178.4.98 - - [30/Aug/2025:21:40:10 +0530] "GET /shopdetail/Pix%20*COMMISSIONS%20OPEN*%20on%20Twitter: HTTP/1.1" 404 796 "-" "Mozilla/5.0 (Linux; Android 6.0.1; Nexus 5X Build/MMB29P) AppleWebKit/537.36 (KHTML, like Gecko) Chrome/138.0.7204.183 Mobile Safari/537.36 (compatible; Googlebot/2.1; +http://www.google.com/bot.html)"
57.141.0.20 - - [30/Aug/2025:21:41:54 +0530] "GET /shopdetail/14378606/Flux-cored-wires.pdf HTTP/2" 404 796 "-" "meta-externalagent/1.1 (+https://developers.facebook.com/docs/sharing/webmasters/crawler)"
57.141.0.21 - - [30/Aug/2025:21:41:57 +0530] "GET /shopdetail/30542239/NON-FERROUS-ALLOY.pdf HTTP/2" 404 796 "-" "meta-externalagent/1.1 (+https://developers.facebook.com/docs/sharing/webmasters/crawler)"
57.141.0.24 - - [30/Aug/2025:21:46:20 +0530] "GET /shopdetail/6125062/NON-FERROUS-ALLOY.pdf HTTP/2" 404 796 "-" "meta-externalagent/1.1 (+https://developers.facebook.com/docs/sharing/webmasters/crawler)"
57.141.0.28 - - [30/Aug/2025:21:46:21 +0530] "GET /shopdetail/5691462/WEAR-PLATES.pdf HTTP/2" 404 796 "-" "meta-externalagent/1.1 (+https://developers.facebook.com/docs/sharing/webmasters/crawler)"
57.141.0.8 - - [30/Aug/2025:21:46:22 +0530] "GET /shopdetail/28341739/Hot-metal-spray-powders.pdf HTTP/2" 404 796 "-" "meta-externalagent/1.1 (+https://developers.facebook.com/docs/sharing/webmasters/crawler)"
40.77.167.123 - - [30/Aug/2025:21:47:52 +0530] "GET /msgp.php HTTP/2" 200 5126 "-" "Mozilla/5.0 AppleWebKit/537.36 (KHTML, like Gecko; compatible; bingbot/2.0; +http://www.bing.com/bingbot.htm) Chrome/116.0.1938.76 Safari/537.36"
192.178.4.98 - - [30/Aug/2025:21:50:08 +0530] "GET /shopdetail/29076195/ HTTP/1.1" 404 796 "-" "Mozilla/5.0 (Linux; Android 6.0.1; Nexus 5X Build/MMB29P) AppleWebKit/537.36 (KHTML, like Gecko) Chrome/138.0.7204.183 Mobile Safari/537.36 (compatible; Googlebot/2.1; +http://www.google.com/bot.html)"
57.141.0.14 - - [30/Aug/2025:21:50:47 +0530] "GET /shopdetail/19945473/EQUIPMENTS.pdf HTTP/2" 404 796 "-" "meta-externalagent/1.1 (+https://developers.facebook.com/docs/sharing/webmasters/crawler)"
57.141.0.14 - - [30/Aug/2025:21:50:48 +0530] "GET /shopdetail/18039239/Flux-cored-wires.pdf HTTP/2" 404 796 "-" "meta-externalagent/1.1 (+https://developers.facebook.com/docs/sharing/webmasters/crawler)"
57.141.0.6 - - [30/Aug/2025:21:55:12 +0530] "GET /shopdetail/24845262/CAST-IRON.pdf HTTP/2" 404 796 "-" "meta-externalagent/1.1 (+https://developers.facebook.com/docs/sharing/webmasters/crawler)"
57.141.0.9 - - [30/Aug/2025:21:55:12 +0530] "GET /shopdetail/19050717/Steel-and-Dissimilar-Steel-Joining-Alloys.pdf HTTP/2" 404 796 "-" "meta-externalagent/1.1 (+https://developers.facebook.com/docs/sharing/webmasters/crawler)"
57.141.0.5 - - [30/Aug/2025:21:55:14 +0530] "GET /shopdetail/3475173/ HTTP/2" 404 796 "-" "meta-externalagent/1.1 (+https://developers.facebook.com/docs/sharing/webmasters/crawler)"
57.141.0.27 - - [30/Aug/2025:21:55:14 +0530] "GET /shopdetail/21918351/CAST-IRON.pdf HTTP/2" 404 796 "-" "meta-externalagent/1.1 (+https://developers.facebook.com/docs/sharing/webmasters/crawler)"
192.178.4.99 - - [30/Aug/2025:21:40:24 +0530] "GET /shopdetail/NHL%20announces%2056-game%202021%20season%20will%20start%20Jan.%2013%20and HTTP/1.1" 404 796 "-" "Mozilla/5.0 (Linux; Android 6.0.1; Nexus 5X Build/MMB29P) AppleWebKit/537.36 (KHTML, like Gecko) Chrome/138.0.7204.183 Mobile Safari/537.36 (compatible; Googlebot/2.1; +http://www.google.com/bot.html)"
192.178.4.98 - - [30/Aug/2025:21:40:38 +0530] "GET /shopdetail/%E5%9F%8E%E5%8D%97%E9%AA%A8%E8%91%A3-%E5%82%99%E5%89%8D%E7%84%BC%E3%81%90%E3%81%84%E5%91%91%20%E9%85%92%E5%99%A8%E3%82%BB%E3%83%83%E3%83%88%20%E9%99%B6%E5%8F%A4%E7%AA%AF%20227 HTTP/1.1" 404 796 "-" "Mozilla/5.0 (Linux; Android 6.0.1; Nexus 5X Build/MMB29P) AppleWebKit/537.36 (KHTML, like Gecko) Chrome/138.0.7204.183 Mobile Safari/537.36 (compatible; Googlebot/2.1; +http://www.google.com/bot.html)"
192.178.4.98 - - [30/Aug/2025:21:41:47 +0530] "GET /shopdetail/STANDARD%20CALIFORNIA%20SNOOPY%20%C3%97%20SD%20JOE%20COOL%20Hood%20Sweat%20GRAY%20S%E3%82%B5%E3%82%A4%E3%82%BA%20%E3%82%B9%E3%82%BF%E3%83%B3%E3%83%80%E3%83%BC%E3%83%89%E3%82%AB%E3%83%AA%E3%83%95%E3%82%A9%E3%83%AB%E3%83%8B%E3%82%A2%20%20%E3%82%B9%E3%83%8C%E3%83%BC%E3%83%94%E3%83%BC%20%E3%83%91%E3%83%BC%E3%82%AB%E3%83%BC HTTP/1.1" 404 796 "-" "Mozilla/5.0 (Linux; Android 6.0.1; Nexus 5X Build/MMB29P) AppleWebKit/537.36 (KHTML, like Gecko) Chrome/138.0.7204.183 Mobile Safari/537.36 (compatible; Googlebot/2.1; +http://www.google.com/bot.html)"
57.141.0.1 - - [30/Aug/2025:21:41:54 +0530] "GET /shopdetail/26369295/NON-FERROUS-ALLOY.pdf HTTP/2" 404 796 "-" "meta-externalagent/1.1 (+https://developers.facebook.com/docs/sharing/webmasters/crawler)"
57.141.0.18 - - [30/Aug/2025:21:41:56 +0530] "GET /shopdetail/15018873/Flux-cored-wires.pdf HTTP/2" 404 796 "-" "meta-externalagent/1.1 (+https://developers.facebook.com/docs/sharing/webmasters/crawler)"
192.178.4.100 - - [30/Aug/2025:21:42:48 +0530] "GET /shopdetail/14585417/ HTTP/1.1" 404 796 "-" "Mozilla/5.0 (Linux; Android 6.0.1; Nexus 5X Build/MMB29P) AppleWebKit/537.36 (KHTML, like Gecko) Chrome/138.0.7204.183 Mobile Safari/537.36 (compatible; Googlebot/2.1; +http://www.google.com/bot.html)"
192.178.4.99 - - [30/Aug/2025:21:43:02 +0530] "GET /shopdetail/%E3%83%8E%E3%83%BC%E3%83%88%E3%83%B3%20360%20%E3%83%87%E3%83%A9%E3%83%83%E3%82%AF%E3%82%B9%203%E5%B9%B43%E5%8F%B0%E7%89%88%20[Win%E3%83%BBMac%E3%83%BBAndroid%E3%83%BBiOS%E7%94%A8 HTTP/1.1" 404 796 "-" "Mozilla/5.0 (Linux; Android 6.0.1; Nexus 5X Build/MMB29P) AppleWebKit/537.36 (KHTML, like Gecko) Chrome/138.0.7204.183 Mobile Safari/537.36 (compatible; Googlebot/2.1; +http://www.google.com/bot.html)"
192.178.4.100 - - [30/Aug/2025:21:44:40 +0530] "GET /shopdetail/%E3%82%A2%E3%83%87%E3%83%8B%E3%82%A6%E3%83%A0%20%E3%82%A2%E3%83%A9%E3%83%93%E3%82%AB%E3%83%A0%20%E7%89%B9%E9%81%B8%E6%A0%AA%20%E2%91%A0-1%E3%80%8CAdenium%20arabicum%20%E3%80%8D%206/9 HTTP/1.1" 404 796 "-" "Mozilla/5.0 (Linux; Android 6.0.1; Nexus 5X Build/MMB29P) AppleWebKit/537.36 (KHTML, like Gecko) Chrome/138.0.7204.183 Mobile Safari/537.36 (compatible; Googlebot/2.1; +http://www.google.com/bot.html)"
57.141.0.9 - - [30/Aug/2025:21:46:23 +0530] "GET /shopdetail/9924473/CAST-IRON.pdf HTTP/2" 404 796 "-" "meta-externalagent/1.1 (+https://developers.facebook.com/docs/sharing/webmasters/crawler)"
57.141.0.10 - - [30/Aug/2025:21:50:47 +0530] "GET /shopdetail/8661639/CUTTING-AND-GOUGING.pdf HTTP/2" 404 796 "-" "meta-externalagent/1.1 (+https://developers.facebook.com/docs/sharing/webmasters/crawler)"
57.141.0.16 - - [30/Aug/2025:21:50:49 +0530] "GET /shopdetail/20220017/plasmacutting.php HTTP/2" 404 796 "-" "meta-externalagent/1.1 (+https://developers.facebook.com/docs/sharing/webmasters/crawler)"
57.141.0.2 - - [30/Aug/2025:21:59:38 +0530] "GET /shopdetail/24780351/Hot-metal-spray-powders.pdf HTTP/2" 404 796 "-" "meta-externalagent/1.1 (+https://developers.facebook.com/docs/sharing/webmasters/crawler)"
57.141.0.10 - - [30/Aug/2025:22:04:04 +0530] "GET /shopdetail/22873740/TUBULAR-ELECTRODES.pdf HTTP/2" 404 796 "-" "meta-externalagent/1.1 (+https://developers.facebook.com/docs/sharing/webmasters/crawler)"
57.141.0.12 - - [30/Aug/2025:22:04:07 +0530] "GET /shopdetail/26751595/CAST-IRON.pdf HTTP/2" 404 796 "-" "meta-externalagent/1.1 (+https://developers.facebook.com/docs/sharing/webmasters/crawler)"
52.200.93.170 - - [30/Aug/2025:22:05:49 +0530] "GET /welding.php HTTP/1.1" 200 5673 "-" "Mozilla/5.0 AppleWebKit/537.36 (KHTML, like Gecko; compatible; Amazonbot/0.1; +https://developer.amazon.com/support/amazonbot) Chrome/119.0.6045.214 Safari/537.36"
57.141.0.25 - - [30/Aug/2025:22:08:30 +0530] "GET /shopdetail/24796539/Gas-brazing-alloys.pdf HTTP/2" 404 796 "-" "meta-externalagent/1.1 (+https://developers.facebook.com/docs/sharing/webmasters/crawler)"
57.141.0.11 - - [30/Aug/2025:22:08:33 +0530] "GET /shopdetail/29178639/plasmacutting.php HTTP/2" 404 796 "-" "meta-externalagent/1.1 (+https://developers.facebook.com/docs/sharing/webmasters/crawler)"
192.178.4.100 - - [30/Aug/2025:21:57:29 +0530] "GET /shopdetail/NORTH%20%E3%83%8E%E3%83%BC%E3%82%B9%E3%83%95%E3%82%A7%E3%82%A4%E3%82%B9%20FACE%20%E3%83%9E%E3%82%A6%E3%83%B3%E3%83%86%E3%83%B3%E3%83%91%E3%83%BC%E3%82%AB%E3%83%BC%20%E3%82%AF%E3%83%A9%E3%82%A4%E3%83%A0%E3%83%A9%E3%82%A4%E3%83%88 HTTP/1.1" 404 796 "-" "Mozilla/5.0 (Linux; Android 6.0.1; Nexus 5X Build/MMB29P) AppleWebKit/537.36 (KHTML, like Gecko) Chrome/138.0.7204.183 Mobile Safari/537.36 (compatible; Googlebot/2.1; +http://www.google.com/bot.html)"
57.141.0.28 - - [30/Aug/2025:21:59:38 +0530] "GET /shopdetail/27549628/Tig-filler-wires.pdf HTTP/2" 404 796 "-" "meta-externalagent/1.1 (+https://developers.facebook.com/docs/sharing/webmasters/crawler)"
57.141.0.5 - - [30/Aug/2025:21:59:41 +0530] "GET /shopdetail/27793228/Gas-brazing-alloys.pdf HTTP/2" 404 796 "-" "meta-externalagent/1.1 (+https://developers.facebook.com/docs/sharing/webmasters/crawler)"
192.178.4.100 - - [30/Aug/2025:22:03:51 +0530] "GET /shopdetail/%E5%8F%97%E8%B3%9E%E5%BA%97%E8%88%97%E3%80%91%206/18%E7%89%B9%E4%BE%A1%E2%98%86%E8%89%B2%E7%B4%99%20%E3%83%95%E3%82%A1%E3%83%B3%E3%82%A2%E3%83%BC%E3%83%88%20%E6%89%8B%E6%8F%8F%E3%81%8D%E3%82%A4%E3%83%A9%E3%82%B9%E3%83%88%20%E3%82%A2%E3%83%8A%E3%83%AD%E3%82%B0 HTTP/1.1" 404 796 "-" "Mozilla/5.0 (Linux; Android 6.0.1; Nexus 5X Build/MMB29P) AppleWebKit/537.36 (KHTML, like Gecko) Chrome/138.0.7204.183 Mobile Safari/537.36 (compatible; Googlebot/2.1; +http://www.google.com/bot.html)"
57.141.0.16 - - [30/Aug/2025:22:04:05 +0530] "GET /shopdetail/24077128/EQUIPMENTS.pdf HTTP/2" 404 796 "-" "meta-externalagent/1.1 (+https://developers.facebook.com/docs/sharing/webmasters/crawler)"
57.141.0.10 - - [30/Aug/2025:22:08:30 +0530] "GET /shopdetail/4682906/welding.php HTTP/2" 404 796 "-" "meta-externalagent/1.1 (+https://developers.facebook.com/docs/sharing/webmasters/crawler)"
57.141.0.28 - - [30/Aug/2025:22:12:57 +0530] "GET /shopdetail/1147517/gallery.php HTTP/2" 404 796 "-" "meta-externalagent/1.1 (+https://developers.facebook.com/docs/sharing/webmasters/crawler)"
57.141.0.24 - - [30/Aug/2025:22:12:57 +0530] "GET /shopdetail/15986284/CUTTING-AND-GOUGING.pdf HTTP/2" 404 796 "-" "meta-externalagent/1.1 (+https://developers.facebook.com/docs/sharing/webmasters/crawler)"
57.141.0.21 - - [30/Aug/2025:22:17:25 +0530] "GET /shopdetail/23859906/gallery.php HTTP/2" 404 796 "-" "meta-externalagent/1.1 (+https://developers.facebook.com/docs/sharing/webmasters/crawler)"
57.141.0.16 - - [30/Aug/2025:22:21:51 +0530] "GET /shopdetail/10902784/CUTTING-AND-GOUGING.pdf HTTP/2" 404 796 "-" "meta-externalagent/1.1 (+https://developers.facebook.com/docs/sharing/webmasters/crawler)"
57.141.0.2 - - [30/Aug/2025:22:21:51 +0530] "GET /shopdetail/3014439/Flux-cored-wires.pdf HTTP/2" 404 796 "-" "meta-externalagent/1.1 (+https://developers.facebook.com/docs/sharing/webmasters/crawler)"
57.141.0.19 - - [30/Aug/2025:22:26:15 +0530] "GET /shopdetail/24369140/CAST-IRON.pdf HTTP/2" 404 796 "-" "meta-externalagent/1.1 (+https://developers.facebook.com/docs/sharing/webmasters/crawler)"
57.141.0.27 - - [30/Aug/2025:22:26:17 +0530] "GET /shopdetail/11896317/CONSUMABLES-RANUSH.pdf HTTP/2" 404 796 "-" "meta-externalagent/1.1 (+https://developers.facebook.com/docs/sharing/webmasters/crawler)"
192.178.4.99 - - [30/Aug/2025:22:12:37 +0530] "GET /shopdetail/14400084/ HTTP/1.1" 404 796 "-" "Mozilla/5.0 (Linux; Android 6.0.1; Nexus 5X Build/MMB29P) AppleWebKit/537.36 (KHTML, like Gecko) Chrome/138.0.7204.183 Mobile Safari/537.36 (compatible; Googlebot/2.1; +http://www.google.com/bot.html)"
57.141.0.22 - - [30/Aug/2025:22:12:59 +0530] "GET /shopdetail/24010362/Gas-brazing-alloys.pdf HTTP/2" 404 796 "-" "meta-externalagent/1.1 (+https://developers.facebook.com/docs/sharing/webmasters/crawler)"
57.141.0.28 - - [30/Aug/2025:22:17:22 +0530] "GET /shopdetail/4406951/EQUIPMENTS.pdf HTTP/2" 404 796 "-" "meta-externalagent/1.1 (+https://developers.facebook.com/docs/sharing/webmasters/crawler)"
57.141.0.6 - - [30/Aug/2025:22:17:22 +0530] "GET /shopdetail/609995/Gas-brazing-alloys.pdf HTTP/2" 404 796 "-" "meta-externalagent/1.1 (+https://developers.facebook.com/docs/sharing/webmasters/crawler)"
57.141.0.25 - - [30/Aug/2025:22:17:25 +0530] "GET /shopdetail/9433451/NON-FERROUS-ALLOY.pdf HTTP/2" 404 796 "-" "meta-externalagent/1.1 (+https://developers.facebook.com/docs/sharing/webmasters/crawler)"
191.31.228.140 - - [30/Aug/2025:22:18:10 +0530] "GET /shopdetail/7435673/about.php HTTP/1.1" 404 796 "-" "Mozilla/5.0 (Macintosh; Intel Mac OS X 10_13_6) AppleWebKit/537.36 (KHTML, like Gecko) Chrome/99.0.4844.84 Safari/537.36"
192.178.4.100 - - [30/Aug/2025:22:20:14 +0530] "GET /pcmypage?callback=/product%2Fdetail%2F54594516 HTTP/1.1" 404 796 "-" "Mozilla/5.0 (Linux; Android 6.0.1; Nexus 5X Build/MMB29P) AppleWebKit/537.36 (KHTML, like Gecko) Chrome/138.0.7204.183 Mobile Safari/537.36 (compatible; Googlebot/2.1; +http://www.google.com/bot.html)"
57.141.0.3 - - [30/Aug/2025:22:21:49 +0530] "GET /shopdetail/12111184/ HTTP/2" 404 796 "-" "meta-externalagent/1.1 (+https://developers.facebook.com/docs/sharing/webmasters/crawler)"
57.141.0.21 - - [30/Aug/2025:22:21:49 +0530] "GET /shopdetail/26721239/Flux-cored-wires.pdf HTTP/2" 404 796 "-" "meta-externalagent/1.1 (+https://developers.facebook.com/docs/sharing/webmasters/crawler)"
192.178.4.100 - - [30/Aug/2025:22:23:47 +0530] "GET /shopdetail/29960173/ HTTP/1.1" 404 796 "-" "Mozilla/5.0 (Linux; Android 6.0.1; Nexus 5X Build/MMB29P) AppleWebKit/537.36 (KHTML, like Gecko) Chrome/138.0.7204.183 Mobile Safari/537.36 (compatible; Googlebot/2.1; +http://www.google.com/bot.html)"
57.141.0.21 - - [30/Aug/2025:22:26:15 +0530] "GET /shopdetail/29815573/Hot-metal-spray-powders.pdf HTTP/2" 404 796 "-" "meta-externalagent/1.1 (+https://developers.facebook.com/docs/sharing/webmasters/crawler)"
57.141.0.27 - - [30/Aug/2025:22:26:17 +0530] "GET /shopdetail/16111473/Flux-cored-wires.pdf HTTP/2" 404 796 "-" "meta-externalagent/1.1 (+https://developers.facebook.com/docs/sharing/webmasters/crawler)"
57.141.0.15 - - [30/Aug/2025:22:30:41 +0530] "GET /shopdetail/13816228/CAST-IRON.pdf HTTP/2" 404 796 "-" "meta-externalagent/1.1 (+https://developers.facebook.com/docs/sharing/webmasters/crawler)"
57.141.0.22 - - [30/Aug/2025:22:30:43 +0530] "GET /shopdetail/17363006/welding.php HTTP/2" 404 796 "-" "meta-externalagent/1.1 (+https://developers.facebook.com/docs/sharing/webmasters/crawler)"
192.178.4.99 - - [30/Aug/2025:22:32:27 +0530] "GET /shopdetail/30103862/ HTTP/1.1" 404 796 "-" "Mozilla/5.0 (Linux; Android 6.0.1; Nexus 5X Build/MMB29P) AppleWebKit/537.36 (KHTML, like Gecko) Chrome/138.0.7204.183 Mobile Safari/537.36 (compatible; Googlebot/2.1; +http://www.google.com/bot.html)"
57.141.0.4 - - [30/Aug/2025:22:35:07 +0530] "GET /shopdetail/19938673/EQUIPMENTS.pdf HTTP/2" 404 796 "-" "meta-externalagent/1.1 (+https://developers.facebook.com/docs/sharing/webmasters/crawler)"
57.141.0.29 - - [30/Aug/2025:22:35:09 +0530] "GET /shopdetail/25390140/Gas-brazing-alloys.pdf HTTP/2" 404 796 "-" "meta-externalagent/1.1 (+https://developers.facebook.com/docs/sharing/webmasters/crawler)"
57.141.0.3 - - [30/Aug/2025:22:35:09 +0530] "GET /shopdetail/2264406/about.php HTTP/2" 404 796 "-" "meta-externalagent/1.1 (+https://developers.facebook.com/docs/sharing/webmasters/crawler)"
57.141.0.29 - - [30/Aug/2025:22:39:33 +0530] "GET /shopdetail/24129973/ HTTP/2" 404 796 "-" "meta-externalagent/1.1 (+https://developers.facebook.com/docs/sharing/webmasters/crawler)"
57.141.0.22 - - [30/Aug/2025:22:39:39 +0530] "GET /shopdetail/28006795/CONSUMABLES-RANUSH.pdf HTTP/2" 404 796 "-" "meta-externalagent/1.1 (+https://developers.facebook.com/docs/sharing/webmasters/crawler)"
57.141.0.23 - - [30/Aug/2025:22:43:59 +0530] "GET /shopdetail/25140184/Hot-metal-spray-powders.pdf HTTP/2" 404 796 "-" "meta-externalagent/1.1 (+https://developers.facebook.com/docs/sharing/webmasters/crawler)"
57.141.0.11 - - [30/Aug/2025:22:43:59 +0530] "GET /shopdetail/6911495/Steel-and-Dissimilar-Steel-Joining-Alloys.pdf HTTP/2" 404 796 "-" "meta-externalagent/1.1 (+https://developers.facebook.com/docs/sharing/webmasters/crawler)"
192.178.4.99 - - [30/Aug/2025:22:45:50 +0530] "GET /%E4%BA%AC%E5%95%86%20%E3%83%9F%E3%83%8B%E3%83%83%E3%83%84%20%E3%82%AA%E3%83%BC%E3%83%88%E3%82%B9%E3%82%B1%E3%83%BC%E3%83%AB%20%E3%83%9E%E3%82%AF%E3%83%A9%E3%83%BC%E3%83%AC%E3%83%B3F1%20GTR%20Gulf%20Racing%20-%20%E3%83%A1%E3%83%AB%E3%82%AB%E3%83%AA HTTP/1.1" 404 796 "-" "Mozilla/5.0 (Linux; Android 6.0.1; Nexus 5X Build/MMB29P) AppleWebKit/537.36 (KHTML, like Gecko) Chrome/138.0.7204.183 Mobile Safari/537.36 (compatible; GoogleOther)"
57.141.0.6 - - [30/Aug/2025:22:30:41 +0530] "GET /shopdetail/25615184/WEAR-PLATES.pdf HTTP/2" 404 796 "-" "meta-externalagent/1.1 (+https://developers.facebook.com/docs/sharing/webmasters/crawler)"
57.141.0.2 - - [30/Aug/2025:22:30:45 +0530] "GET /shopdetail/17646106/Steel-and-Dissimilar-Steel-Joining-Alloys.pdf HTTP/2" 404 796 "-" "meta-externalagent/1.1 (+https://developers.facebook.com/docs/sharing/webmasters/crawler)"
57.141.0.20 - - [30/Aug/2025:22:35:07 +0530] "GET /shopdetail/24341295/Flux-cored-wires.pdf HTTP/2" 404 796 "-" "meta-externalagent/1.1 (+https://developers.facebook.com/docs/sharing/webmasters/crawler)"
52.167.144.214 - - [30/Aug/2025:22:35:41 +0530] "GET /welding.php HTTP/2" 200 4968 "-" "Mozilla/5.0 AppleWebKit/537.36 (KHTML, like Gecko; compatible; bingbot/2.0; +http://www.bing.com/bingbot.htm) Chrome/116.0.1938.76 Safari/537.36"
192.178.4.98 - - [30/Aug/2025:22:37:24 +0530] "GET /shopdetail/1121784/ HTTP/1.1" 404 796 "-" "Mozilla/5.0 (Linux; Android 6.0.1; Nexus 5X Build/MMB29P) AppleWebKit/537.36 (KHTML, like Gecko) Chrome/138.0.7204.183 Mobile Safari/537.36 (compatible; Googlebot/2.1; +http://www.google.com/bot.html)"
38.137.35.114 - - [30/Aug/2025:22:40:03 +0530] "GET /admin/blog/53376489_WhatsApp%20Image%202017-08-11%20at%2015.29.27.jpeg HTTP/1.1" 200 74342 "-" "Mozilla/5.0 (Macintosh; Intel Mac OS X 10_7_3) AppleWebKit/537.36 (KHTML, like Gecko, Mediapartners-Google) Chrome/89.0.4389.130 Safari/537.36"
192.178.4.100 - - [30/Aug/2025:22:45:47 +0530] "GET /shopdetail/20578962/ HTTP/1.1" 404 796 "-" "Mozilla/5.0 (Linux; Android 6.0.1; Nexus 5X Build/MMB29P) AppleWebKit/537.36 (KHTML, like Gecko) Chrome/138.0.7204.183 Mobile Safari/537.36 (compatible; Googlebot/2.1; +http://www.google.com/bot.html)"
192.178.4.100 - - [30/Aug/2025:22:47:19 +0530] "GET /%E6%96%B0%E5%93%81%E5%85%A5%E8%8D%B7%20Itami%E6%A7%98%E5%B0%82%E7%94%A8%20Nagual%20%E3%83%8A%E3%82%B0%E3%82%A1%E3%83%BC%E3%83%AB%20%E3%83%AA%E3%83%B3%E3%82%B0%20%E3%82%B1%E3%83%84%E3%82%A1%E3%83%AB%E3%82%B3%E3%82%A2%E3%83%88%E3%83%AB HTTP/1.1" 404 796 "-" "Mozilla/5.0 (Linux; Android 6.0.1; Nexus 5X Build/MMB29P) AppleWebKit/537.36 (KHTML, like Gecko) Chrome/138.0.7204.183 Mobile Safari/537.36 (compatible; Googlebot/2.1; +http://www.google.com/bot.html)"
57.141.0.25 - - [30/Aug/2025:22:48:26 +0530] "GET /shopdetail/23109428/ HTTP/2" 404 796 "-" "meta-externalagent/1.1 (+https://developers.facebook.com/docs/sharing/webmasters/crawler)"
5.161.93.208 - - [30/Aug/2025:22:49:16 +0530] "GET /shopdetail/26175039/ HTTP/1.1" 404 796 "-" "Mozilla/5.0 (Windows NT 10.0; Win64; x64) AppleWebKit/537.36 (KHTML, like Gecko) Chrome/84.0.4147.105 Safari/537.36"
189.11.177.119 - - [30/Aug/2025:22:50:11 +0530] "GET /shopdetail/20988051/ HTTP/1.1" 404 796 "-" "Mozilla/5.0 (Windows NT 10.0; Win64; x64) AppleWebKit/537.36 (KHTML, like Gecko) Chrome/89.0.4389.82 Safari/537.36"
57.141.0.12 - - [30/Aug/2025:22:57:18 +0530] "GET /shopdetail/13774017/EQUIPMENTS.pdf HTTP/2" 404 796 "-" "meta-externalagent/1.1 (+https://developers.facebook.com/docs/sharing/webmasters/crawler)"
57.141.0.10 - - [30/Aug/2025:22:57:19 +0530] "GET /shopdetail/24555439/CUTTING-AND-GOUGING.pdf HTTP/2" 404 796 "-" "meta-externalagent/1.1 (+https://developers.facebook.com/docs/sharing/webmasters/crawler)"
57.141.0.11 - - [30/Aug/2025:23:01:44 +0530] "GET /shopdetail/17286340/Flux-cored-wires.pdf HTTP/2" 404 796 "-" "meta-externalagent/1.1 (+https://developers.facebook.com/docs/sharing/webmasters/crawler)"
57.141.0.27 - - [30/Aug/2025:23:01:44 +0530] "GET /shopdetail/21733440/Hot-metal-spray-powders.pdf HTTP/2" 404 796 "-" "meta-externalagent/1.1 (+https://developers.facebook.com/docs/sharing/webmasters/crawler)"
57.141.0.12 - - [30/Aug/2025:23:01:46 +0530] "GET /shopdetail/17933295/Steel-and-Dissimilar-Steel-Joining-Alloys.pdf HTTP/2" 404 796 "-" "meta-externalagent/1.1 (+https://developers.facebook.com/docs/sharing/webmasters/crawler)"
57.141.0.7 - - [30/Aug/2025:22:48:25 +0530] "GET /shopdetail/10143717/Gas-brazing-alloys.pdf HTTP/2" 404 796 "-" "meta-externalagent/1.1 (+https://developers.facebook.com/docs/sharing/webmasters/crawler)"
192.178.4.99 - - [30/Aug/2025:22:51:19 +0530] "GET /shopdetail/5562395/ HTTP/1.1" 404 796 "-" "Mozilla/5.0 (Linux; Android 6.0.1; Nexus 5X Build/MMB29P) AppleWebKit/537.36 (KHTML, like Gecko) Chrome/138.0.7204.183 Mobile Safari/537.36 (compatible; Googlebot/2.1; +http://www.google.com/bot.html)"
57.141.0.3 - - [30/Aug/2025:22:52:51 +0530] "GET /shopdetail/9188684/ESAB-Low-Heat-Hardfacing-alloys.pdf HTTP/2" 404 796 "-" "meta-externalagent/1.1 (+https://developers.facebook.com/docs/sharing/webmasters/crawler)"
57.141.0.24 - - [30/Aug/2025:22:52:51 +0530] "GET /shopdetail/26567084/Tig-filler-wires.pdf HTTP/2" 404 796 "-" "meta-externalagent/1.1 (+https://developers.facebook.com/docs/sharing/webmasters/crawler)"
57.141.0.3 - - [30/Aug/2025:22:57:18 +0530] "GET /shopdetail/16774217/CUTTING-AND-GOUGING.pdf HTTP/2" 404 796 "-" "meta-externalagent/1.1 (+https://developers.facebook.com/docs/sharing/webmasters/crawler)"
