57.141.0.24 - - [30/Aug/2025:17:46:27 +0530] "GET /shopdetail/22281906/CAST-IRON.pdf HTTP/2" 404 796 "-" "meta-externalagent/1.1 (+https://developers.facebook.com/docs/sharing/webmasters/crawler)"
57.141.0.1 - - [30/Aug/2025:17:46:29 +0530] "GET /shopdetail/5367173/WEAR-PLATES.pdf HTTP/2" 404 796 "-" "meta-externalagent/1.1 (+https://developers.facebook.com/docs/sharing/webmasters/crawler)"
57.141.0.6 - - [30/Aug/2025:17:46:31 +0530] "GET /shopdetail/22977762/WEAR-PLATES.pdf HTTP/2" 404 796 "-" "meta-externalagent/1.1 (+https://developers.facebook.com/docs/sharing/webmasters/crawler)"
57.141.0.1 - - [30/Aug/2025:17:46:34 +0530] "GET /shopdetail/2608139/ HTTP/2" 404 796 "-" "meta-externalagent/1.1 (+https://developers.facebook.com/docs/sharing/webmasters/crawler)"
57.141.0.18 - - [30/Aug/2025:17:46:37 +0530] "GET /shopdetail/3135995/Flux-cored-wires.pdf HTTP/2" 404 796 "-" "meta-externalagent/1.1 (+https://developers.facebook.com/docs/sharing/webmasters/crawler)"
57.141.0.14 - - [30/Aug/2025:17:46:43 +0530] "GET /shopdetail/19553239/CUTTING-AND-GOUGING.pdf HTTP/2" 404 796 "-" "meta-externalagent/1.1 (+https://developers.facebook.com/docs/sharing/webmasters/crawler)"
57.141.0.8 - - [30/Aug/2025:17:46:50 +0530] "GET /shopdetail/27072562/NON-FERROUS-ALLOY.pdf HTTP/2" 404 796 "-" "meta-externalagent/1.1 (+https://developers.facebook.com/docs/sharing/webmasters/crawler)"
57.141.0.2 - - [30/Aug/2025:17:46:52 +0530] "GET /shopdetail/22969139/WEAR-PLATES.pdf HTTP/2" 404 796 "-" "meta-externalagent/1.1 (+https://developers.facebook.com/docs/sharing/webmasters/crawler)"
57.141.0.7 - - [30/Aug/2025:17:46:52 +0530] "GET /shopdetail/13347162/plasmacutting.php HTTP/2" 404 796 "-" "meta-externalagent/1.1 (+https://developers.facebook.com/docs/sharing/webmasters/crawler)"
57.141.0.13 - - [30/Aug/2025:17:46:55 +0530] "GET /shopdetail/17778128/CUTTING-AND-GOUGING.pdf HTTP/2" 404 796 "-" "meta-externalagent/1.1 (+https://developers.facebook.com/docs/sharing/webmasters/crawler)"
57.141.0.21 - - [30/Aug/2025:17:46:45 +0530] "GET /shopdetail/21070784/CAST-IRON.pdf HTTP/2" 404 796 "-" "meta-externalagent/1.1 (+https://developers.facebook.com/docs/sharing/webmasters/crawler)"
57.141.0.12 - - [30/Aug/2025:17:46:48 +0530] "GET /shopdetail/23305539/Tig-filler-wires.pdf HTTP/2" 404 796 "-" "meta-externalagent/1.1 (+https://developers.facebook.com/docs/sharing/webmasters/crawler)"
57.141.0.11 - - [30/Aug/2025:17:46:52 +0530] "GET /shopdetail/5102006/TUBULAR-ELECTRODES.pdf HTTP/2" 404 796 "-" "meta-externalagent/1.1 (+https://developers.facebook.com/docs/sharing/webmasters/crawler)"
186.18.126.235 - - [30/Aug/2025:17:46:53 +0530] "GET /admin/blog/33812836_WhatsApp%20Image%202017-08-11%20at%2015.33.22.jpeg HTTP/1.1" 200 92022 "-" "Mozilla/5.0 (Windows NT 10.0) AppleWebKit/537.36 (KHTML, like Gecko) Chrome/72.0.3626.109 Safari/537.36"
66.249.66.35 - - [30/Aug/2025:17:47:23 +0530] "GET /shopdetail/27626828/ HTTP/1.1" 404 796 "-" "Mozilla/5.0 (Linux; Android 6.0.1; Nexus 5X Build/MMB29P) AppleWebKit/537.36 (KHTML, like Gecko) Chrome/138.0.7204.183 Mobile Safari/537.36 (compatible; Googlebot/2.1; +http://www.google.com/bot.html)"
8.217.188.66 - - [30/Aug/2025:17:50:23 +0530] "GET /?_bd_prev_page=https%3A%2F%2Franush.com%2Fdetail.php%3Fshopdetail%2F17765317%2F&_gl=1%2Atmsfgn%2A_ga%2AMTAxNzI5NjQ3OC4xNzM4OTgwODUz%2A_ga_0VKVKKN4NV%2AMTczODk4MDg1NC4xLjEuMTczODk4MDg1Ny41Ny4wLjA. HTTP/1.1" 200 4729 "-" "AliyunSecBot/Aliyun (AliyunSecBot@service.alibaba.com)"
57.141.0.14 - - [30/Aug/2025:17:51:17 +0530] "GET /shopdetail/24885362/Gas-brazing-alloys.pdf HTTP/2" 404 796 "-" "meta-externalagent/1.1 (+https://developers.facebook.com/docs/sharing/webmasters/crawler)"
66.249.66.34 - - [30/Aug/2025:17:52:50 +0530] "GET /shopdetail/%E6%96%B0%E5%93%81%E3%80%91%E3%80%90%E9%9D%9E%E5%A3%B2%E5%93%81%E3%80%91%20%E3%82%A2%E3%82%A4%E3%83%A0%E3%82%B8%E3%83%A3%E3%82%B0%E3%83%A9%E3%83%BCEX%20B1%20%E3%83%9D%E3%82%B9%E3%82%BF%E3%83%BC%20JUGGLER%20%E3%83%91%E3%83%81%E3%82%B9%E3%83%AD HTTP/1.1" 404 796 "-" "Googlebot-Image/1.0"
57.141.0.6 - - [30/Aug/2025:17:55:44 +0530] "GET /shopdetail/11637039/Hot-metal-spray-powders.pdf HTTP/2" 404 796 "-" "meta-externalagent/1.1 (+https://developers.facebook.com/docs/sharing/webmasters/crawler)"
57.141.0.22 - - [30/Aug/2025:17:55:46 +0530] "GET /shopdetail/14518917/TUBULAR-ELECTRODES.pdf HTTP/2" 404 796 "-" "meta-externalagent/1.1 (+https://developers.facebook.com/docs/sharing/webmasters/crawler)"
57.141.0.23 - - [30/Aug/2025:17:55:46 +0530] "GET /shopdetail/16669406/ HTTP/2" 404 796 "-" "meta-externalagent/1.1 (+https://developers.facebook.com/docs/sharing/webmasters/crawler)"
57.141.0.27 - - [30/Aug/2025:18:00:10 +0530] "GET /shopdetail/23803062/CAST-IRON.pdf HTTP/2" 404 796 "-" "meta-externalagent/1.1 (+https://developers.facebook.com/docs/sharing/webmasters/crawler)"
57.141.0.26 - - [30/Aug/2025:18:00:10 +0530] "GET /shopdetail/6441251/Flux-cored-wires.pdf HTTP/2" 404 796 "-" "meta-externalagent/1.1 (+https://developers.facebook.com/docs/sharing/webmasters/crawler)"
57.141.0.5 - - [30/Aug/2025:18:09:02 +0530] "GET /shopdetail/7647639/EQUIPMENTS.pdf HTTP/2" 404 796 "-" "meta-externalagent/1.1 (+https://developers.facebook.com/docs/sharing/webmasters/crawler)"
57.141.0.9 - - [30/Aug/2025:18:13:29 +0530] "GET /shopdetail/21296628/CUTTING-AND-GOUGING.pdf HTTP/2" 404 796 "-" "meta-externalagent/1.1 (+https://developers.facebook.com/docs/sharing/webmasters/crawler)"
57.141.0.3 - - [30/Aug/2025:18:17:55 +0530] "GET /shopdetail/834873/WEAR-PLATES.pdf HTTP/2" 404 796 "-" "meta-externalagent/1.1 (+https://developers.facebook.com/docs/sharing/webmasters/crawler)"
66.249.66.34 - - [30/Aug/2025:18:22:15 +0530] "GET /shopdetail/skinholictokyo%E3%81%95%E3%82%93%E3%82%B3%E3%83%A9%E3%83%9C%E3%80%91%E3%83%89%E3%83%83%E3%83%88%E3%82%AB%E3%82%B7%E3%83%A5%E3%82%AF%E3%83%BC%E3%83%AB%E3%83%AF%E3%83%B3%E3%83%94%E3%83%BC%E3%82%B9 HTTP/1.1" 404 796 "-" "Googlebot-Image/1.0"
8.217.191.74 - - [30/Aug/2025:17:50:23 +0530] "GET /robots.txt HTTP/1.1" 404 796 "-" "AliyunSecBot/Aliyun (AliyunSecBot@service.alibaba.com)"
57.141.0.14 - - [30/Aug/2025:17:51:16 +0530] "GET /shopdetail/7172384/WEAR-PLATES.pdf HTTP/2" 404 796 "-" "meta-externalagent/1.1 (+https://developers.facebook.com/docs/sharing/webmasters/crawler)"
57.141.0.6 - - [30/Aug/2025:17:51:18 +0530] "GET /shopdetail/23284540/TUBULAR-ELECTRODES.pdf HTTP/2" 404 796 "-" "meta-externalagent/1.1 (+https://developers.facebook.com/docs/sharing/webmasters/crawler)"
57.141.0.18 - - [30/Aug/2025:17:51:20 +0530] "GET /shopdetail/8279839/WEAR-PLATES.pdf HTTP/2" 404 796 "-" "meta-externalagent/1.1 (+https://developers.facebook.com/docs/sharing/webmasters/crawler)"
66.249.66.36 - - [30/Aug/2025:17:53:26 +0530] "GET /shopdetail/10721839/ HTTP/1.1" 404 796 "-" "Mozilla/5.0 (Linux; Android 6.0.1; Nexus 5X Build/MMB29P) AppleWebKit/537.36 (KHTML, like Gecko) Chrome/138.0.7204.183 Mobile Safari/537.36 (compatible; Googlebot/2.1; +http://www.google.com/bot.html)"
57.141.0.18 - - [30/Aug/2025:17:55:44 +0530] "GET /shopdetail/11779317/NON-FERROUS-ALLOY.pdf HTTP/2" 404 796 "-" "meta-externalagent/1.1 (+https://developers.facebook.com/docs/sharing/webmasters/crawler)"
57.141.0.4 - - [30/Aug/2025:18:00:12 +0530] "GET /shopdetail/23210717/Steel-and-Dissimilar-Steel-Joining-Alloys.pdf HTTP/2" 404 796 "-" "meta-externalagent/1.1 (+https://developers.facebook.com/docs/sharing/webmasters/crawler)"
57.141.0.12 - - [30/Aug/2025:18:00:13 +0530] "GET /shopdetail/2082384/welding.php HTTP/2" 404 796 "-" "meta-externalagent/1.1 (+https://developers.facebook.com/docs/sharing/webmasters/crawler)"
66.249.66.34 - - [30/Aug/2025:18:03:42 +0530] "GET /shopdetail/%E5%88%9D%E5%9B%9E%E9%99%90%E5%AE%9A%E3%81%8A%E8%A9%A6%E3%81%97%E4%BE%A1%E6%A0%BC%E3%80%91%20%E3%81%A1%E3%81%B3%E3%81%AC%E3%81%84%20A%E3%81%87%20group%20www.hallo.tv HTTP/1.1" 404 796 "-" "Googlebot-Image/1.0"
57.141.0.26 - - [30/Aug/2025:18:04:36 +0530] "GET /shopdetail/22353217/Gas-brazing-alloys.pdf HTTP/2" 404 796 "-" "meta-externalagent/1.1 (+https://developers.facebook.com/docs/sharing/webmasters/crawler)"
57.141.0.26 - - [30/Aug/2025:18:04:36 +0530] "GET /shopdetail/23973328/CUTTING-AND-GOUGING.pdf HTTP/2" 404 796 "-" "meta-externalagent/1.1 (+https://developers.facebook.com/docs/sharing/webmasters/crawler)"
57.141.0.25 - - [30/Aug/2025:18:09:02 +0530] "GET /shopdetail/16142306/CAST-IRON.pdf HTTP/2" 404 796 "-" "meta-externalagent/1.1 (+https://developers.facebook.com/docs/sharing/webmasters/crawler)"
66.249.66.35 - - [30/Aug/2025:18:10:39 +0530] "GET /favicon.ico HTTP/1.1" 404 796 "-" "Googlebot-Image/1.0"
66.249.66.35 - - [30/Aug/2025:18:10:39 +0530] "GET /assets/images/favicon.png HTTP/1.1" 200 3612 "-" "Googlebot-Image/1.0"
57.141.0.16 - - [30/Aug/2025:18:13:28 +0530] "GET /shopdetail/20207139/Hot-metal-spray-powders.pdf HTTP/2" 404 796 "-" "meta-externalagent/1.1 (+https://developers.facebook.com/docs/sharing/webmasters/crawler)"
57.141.0.10 - - [30/Aug/2025:18:17:55 +0530] "GET /shopdetail/23771228/Flux-cored-wires.pdf HTTP/2" 404 796 "-" "meta-externalagent/1.1 (+https://developers.facebook.com/docs/sharing/webmasters/crawler)"
190.120.252.212 - - [30/Aug/2025:18:22:10 +0530] "GET /admin/blog/53772590_WhatsApp%20Image%202020-10-31%20at%207.33.21%20PM.jpeg HTTP/1.1" 200 172318 "-" "Mozilla/5.0 (Windows NT 10.0; WOW64) AppleWebKit/537.36 (KHTML, like Gecko) Chrome/89.0.4389.116 Safari/537.36"
57.141.0.20 - - [30/Aug/2025:18:22:21 +0530] "GET /shopdetail/18650773/NON-FERROUS-ALLOY.pdf HTTP/2" 404 796 "-" "meta-externalagent/1.1 (+https://developers.facebook.com/docs/sharing/webmasters/crawler)"
57.141.0.26 - - [30/Aug/2025:18:22:23 +0530] "GET /shopdetail/6639117/CUTTING-AND-GOUGING.pdf HTTP/2" 404 796 "-" "meta-externalagent/1.1 (+https://developers.facebook.com/docs/sharing/webmasters/crawler)"
34.174.126.16 - - [30/Aug/2025:18:25:45 +0530] "GET /CONSUMABLES-RANUSH.pdf HTTP/1.1" 200 494524 "-" "Mozilla/5.0 (Windows NT 10.0; Win64; x64) AppleWebKit/537.36 (KHTML, like Gecko) Chrome/120.0.0.0 Safari/537.36"
57.141.0.28 - - [30/Aug/2025:18:22:21 +0530] "GET /shopdetail/21420928/Gas-brazing-alloys.pdf HTTP/2" 404 796 "-" "meta-externalagent/1.1 (+https://developers.facebook.com/docs/sharing/webmasters/crawler)"
57.141.0.1 - - [30/Aug/2025:18:22:23 +0530] "GET /shopdetail/28490551/EQUIPMENTS.pdf HTTP/2" 404 796 "-" "meta-externalagent/1.1 (+https://developers.facebook.com/docs/sharing/webmasters/crawler)"
57.141.0.29 - - [30/Aug/2025:18:26:47 +0530] "GET /shopdetail/11111751/ HTTP/2" 404 796 "-" "meta-externalagent/1.1 (+https://developers.facebook.com/docs/sharing/webmasters/crawler)"
57.141.0.1 - - [30/Aug/2025:18:26:49 +0530] "GET /shopdetail/24286928/Tig-filler-wires.pdf HTTP/2" 404 796 "-" "meta-externalagent/1.1 (+https://developers.facebook.com/docs/sharing/webmasters/crawler)"
66.249.66.34 - - [30/Aug/2025:18:30:44 +0530] "GET /shopdetail/%E9%81%B8%E6%8A%9C%E6%A0%AA%20%E3%83%A2%E3%83%B3%E3%82%B9%E3%83%86%E3%83%A9%20%E3%82%AA%E3%83%96%E3%83%AA%E3%82%AF%E3%82%A2%20Monstera%20Obliqua%20Peru%20%E3%83%A2%E3%83%B3%E3%82%B9%E3%83%86%E3%83%A9 HTTP/1.1" 404 796 "-" "Googlebot-Image/1.0"
45.225.207.165 - - [30/Aug/2025:18:30:55 +0530] "GET /shopdetail/19720484/plasmacutting.php HTTP/1.1" 404 796 "-" "Mozilla/5.0 (Windows NT 6.1; WOW64) AppleWebKit/537.36 (KHTML, like Gecko) Chrome/90.0.4430.93 Safari/537.36"
57.141.0.15 - - [30/Aug/2025:18:31:15 +0530] "GET /shopdetail/17476140/CUTTING-AND-GOUGING.pdf HTTP/2" 404 796 "-" "meta-externalagent/1.1 (+https://developers.facebook.com/docs/sharing/webmasters/crawler)"
66.249.66.34 - - [30/Aug/2025:18:34:20 +0530] "GET /shopdetail/9332273/ HTTP/1.1" 404 796 "-" "Mozilla/5.0 (Linux; Android 6.0.1; Nexus 5X Build/MMB29P) AppleWebKit/537.36 (KHTML, like Gecko) Chrome/138.0.7204.183 Mobile Safari/537.36 (compatible; Googlebot/2.1; +http://www.google.com/bot.html)"
66.249.66.34 - - [30/Aug/2025:18:34:20 +0530] "GET /shopdetail/14466973/ HTTP/1.1" 404 796 "-" "Mozilla/5.0 (Linux; Android 6.0.1; Nexus 5X Build/MMB29P) AppleWebKit/537.36 (KHTML, like Gecko) Chrome/138.0.7204.183 Mobile Safari/537.36 (compatible; Googlebot/2.1; +http://www.google.com/bot.html)"
57.141.0.1 - - [30/Aug/2025:18:35:41 +0530] "GET /shopdetail/17493151/CAST-IRON.pdf HTTP/2" 404 796 "-" "meta-externalagent/1.1 (+https://developers.facebook.com/docs/sharing/webmasters/crawler)"
66.249.66.34 - - [30/Aug/2025:18:36:06 +0530] "GET /shopdetail/24962151/ HTTP/1.1" 404 796 "-" "Mozilla/5.0 (Linux; Android 6.0.1; Nexus 5X Build/MMB29P) AppleWebKit/537.36 (KHTML, like Gecko) Chrome/138.0.7204.183 Mobile Safari/537.36 (compatible; Googlebot/2.1; +http://www.google.com/bot.html)"
66.249.66.35 - - [30/Aug/2025:18:36:30 +0530] "GET /shopdetail/1996417/ HTTP/1.1" 404 796 "-" "Mozilla/5.0 (Linux; Android 6.0.1; Nexus 5X Build/MMB29P) AppleWebKit/537.36 (KHTML, like Gecko) Chrome/138.0.7204.183 Mobile Safari/537.36 (compatible; Googlebot/2.1; +http://www.google.com/bot.html)"
66.249.66.34 - - [30/Aug/2025:18:38:30 +0530] "GET /shopdetail/26252706/ HTTP/1.1" 404 796 "-" "Mozilla/5.0 (Linux; Android 6.0.1; Nexus 5X Build/MMB29P) AppleWebKit/537.36 (KHTML, like Gecko) Chrome/138.0.7204.183 Mobile Safari/537.36 (compatible; Googlebot/2.1; +http://www.google.com/bot.html)"
57.141.0.9 - - [30/Aug/2025:18:40:05 +0530] "GET /shopdetail/23555517/ESAB-Low-Heat-Hardfacing-alloys.pdf HTTP/2" 404 796 "-" "meta-externalagent/1.1 (+https://developers.facebook.com/docs/sharing/webmasters/crawler)"
57.141.0.28 - - [30/Aug/2025:18:40:05 +0530] "GET /shopdetail/28927862/WEAR-PLATES.pdf HTTP/2" 404 796 "-" "meta-externalagent/1.1 (+https://developers.facebook.com/docs/sharing/webmasters/crawler)"
200.103.11.244 - - [30/Aug/2025:18:44:10 +0530] "GET /shopdetail/20193484/ HTTP/1.1" 404 796 "-" "Mozilla/5.0 (Windows NT 6.1; Win64; x64) AppleWebKit/537.36 (KHTML, like Gecko) Chrome/84.0.4147.135 Safari/537.36"
57.141.0.23 - - [30/Aug/2025:18:44:31 +0530] "GET /shopdetail/1145451/CAST-IRON.pdf HTTP/2" 404 796 "-" "meta-externalagent/1.1 (+https://developers.facebook.com/docs/sharing/webmasters/crawler)"
57.141.0.7 - - [30/Aug/2025:18:26:47 +0530] "GET /shopdetail/3211162/ESAB-Low-Heat-Hardfacing-alloys.pdf HTTP/2" 404 796 "-" "meta-externalagent/1.1 (+https://developers.facebook.com/docs/sharing/webmasters/crawler)"
57.141.0.16 - - [30/Aug/2025:18:26:49 +0530] "GET /shopdetail/15327051/Gas-brazing-alloys.pdf HTTP/2" 404 796 "-" "meta-externalagent/1.1 (+https://developers.facebook.com/docs/sharing/webmasters/crawler)"
57.141.0.14 - - [30/Aug/2025:18:31:13 +0530] "GET /shopdetail/21357351/Tig-filler-wires.pdf HTTP/2" 404 796 "-" "meta-externalagent/1.1 (+https://developers.facebook.com/docs/sharing/webmasters/crawler)"
57.141.0.28 - - [30/Aug/2025:18:31:13 +0530] "GET /shopdetail/3286028/CUTTING-AND-GOUGING.pdf HTTP/2" 404 796 "-" "meta-externalagent/1.1 (+https://developers.facebook.com/docs/sharing/webmasters/crawler)"
57.141.0.10 - - [30/Aug/2025:18:31:15 +0530] "GET /shopdetail/10302140/Gas-brazing-alloys.pdf HTTP/2" 404 796 "-" "meta-externalagent/1.1 (+https://developers.facebook.com/docs/sharing/webmasters/crawler)"
57.141.0.3 - - [30/Aug/2025:18:35:39 +0530] "GET /shopdetail/6981873/NON-FERROUS-ALLOY.pdf HTTP/2" 404 796 "-" "meta-externalagent/1.1 (+https://developers.facebook.com/docs/sharing/webmasters/crawler)"
57.141.0.9 - - [30/Aug/2025:18:35:39 +0530] "GET /shopdetail/27274651/WEAR-PLATES.pdf HTTP/2" 404 796 "-" "meta-externalagent/1.1 (+https://developers.facebook.com/docs/sharing/webmasters/crawler)"
57.141.0.8 - - [30/Aug/2025:18:35:41 +0530] "GET /shopdetail/12621651/CUTTING-AND-GOUGING.pdf HTTP/2" 404 796 "-" "meta-externalagent/1.1 (+https://developers.facebook.com/docs/sharing/webmasters/crawler)"
66.249.66.36 - - [30/Aug/2025:18:39:45 +0530] "GET /shopdetail/28249951/ HTTP/1.1" 404 796 "-" "Mozilla/5.0 (Linux; Android 6.0.1; Nexus 5X Build/MMB29P) AppleWebKit/537.36 (KHTML, like Gecko) Chrome/138.0.7204.183 Mobile Safari/537.36 (compatible; Googlebot/2.1; +http://www.google.com/bot.html)"
66.249.92.35 - - [30/Aug/2025:18:40:49 +0530] "GET /product/edit/49192772 HTTP/1.1" 404 796 "-" "Mozilla/5.0 (X11; Linux x86_64) AppleWebKit/537.36 (KHTML, like Gecko) Chrome/139.0.7258.127 Safari/537.36"
57.141.0.29 - - [30/Aug/2025:18:44:31 +0530] "GET /shopdetail/7938873/Gas-brazing-alloys.pdf HTTP/2" 404 796 "-" "meta-externalagent/1.1 (+https://developers.facebook.com/docs/sharing/webmasters/crawler)"
57.141.0.16 - - [30/Aug/2025:18:48:57 +0530] "GET /shopdetail/19930562/Gas-brazing-alloys.pdf HTTP/2" 404 796 "-" "meta-externalagent/1.1 (+https://developers.facebook.com/docs/sharing/webmasters/crawler)"
66.249.66.35 - - [30/Aug/2025:18:49:41 +0530] "GET /shopdetail/%E5%86%99%E7%9C%9F%E4%BB%98%E3%81%8D%E3%83%AC%E3%83%93%E3%83%A5%E3%83%BC%E3%80%91%E6%98%87%E9%99%8D%E3%83%86%E3%83%BC%E3%83%96%E3%83%AB%20%E3%83%80%E3%82%A4%E3%83%8B%E3%83%B3%E3%82%B0%E3%83%86%E3%83%BC%E3%83%96%E3%83%AB%20%E3%83%86%E3%83%BC%E3%83%96%E3%83%AB%20%E6%98%87%E9%99%8D HTTP/1.1" 404 796 "-" "Googlebot-Image/1.0"
57.141.0.8 - - [30/Aug/2025:18:53:23 +0530] "GET /shopdetail/27097406/Gas-brazing-alloys.pdf HTTP/2" 404 796 "-" "meta-externalagent/1.1 (+https://developers.facebook.com/docs/sharing/webmasters/crawler)"
49.43.4.99 - - [30/Aug/2025:18:54:30 +0530] "GET /index-2.html HTTP/1.1" 404 796 "-" "Mozilla/5.0 (Macintosh; Intel Mac OS X 10_10_4) AppleWebKit/537.36 (KHTML, like Gecko) Chrome/65.0.3325.779 Safari/537.36"
57.141.0.10 - - [30/Aug/2025:18:57:50 +0530] "GET /shopdetail/15299328/EQUIPMENTS.pdf HTTP/2" 404 796 "-" "meta-externalagent/1.1 (+https://developers.facebook.com/docs/sharing/webmasters/crawler)"
57.141.0.26 - - [30/Aug/2025:18:57:51 +0530] "GET /shopdetail/12051373/WEAR-PLATES.pdf HTTP/2" 404 796 "-" "meta-externalagent/1.1 (+https://developers.facebook.com/docs/sharing/webmasters/crawler)"
57.141.0.27 - - [30/Aug/2025:18:57:55 +0530] "GET /shopdetail/16556573/CAST-IRON.pdf HTTP/2" 404 796 "-" "meta-externalagent/1.1 (+https://developers.facebook.com/docs/sharing/webmasters/crawler)"
57.141.0.30 - - [30/Aug/2025:18:44:33 +0530] "GET /shopdetail/29618806/WEAR-PLATES.pdf HTTP/2" 404 796 "-" "meta-externalagent/1.1 (+https://developers.facebook.com/docs/sharing/webmasters/crawler)"
57.141.0.18 - - [30/Aug/2025:18:48:57 +0530] "GET /shopdetail/28996717/Flux-cored-wires.pdf HTTP/2" 404 796 "-" "meta-externalagent/1.1 (+https://developers.facebook.com/docs/sharing/webmasters/crawler)"
57.141.0.23 - - [30/Aug/2025:18:48:59 +0530] "GET /shopdetail/21785817/welding.php HTTP/2" 404 796 "-" "meta-externalagent/1.1 (+https://developers.facebook.com/docs/sharing/webmasters/crawler)"
66.249.66.35 - - [30/Aug/2025:18:49:31 +0530] "GET /shopdetail/15489706/ HTTP/1.1" 404 796 "-" "Mozilla/5.0 (Linux; Android 6.0.1; Nexus 5X Build/MMB29P) AppleWebKit/537.36 (KHTML, like Gecko) Chrome/138.0.7204.183 Mobile Safari/537.36 (compatible; Googlebot/2.1; +http://www.google.com/bot.html)"
66.249.66.36 - - [30/Aug/2025:18:52:51 +0530] "GET /shopdetail/25147562/ HTTP/1.1" 404 796 "-" "Mozilla/5.0 (Linux; Android 6.0.1; Nexus 5X Build/MMB29P) AppleWebKit/537.36 (KHTML, like Gecko) Chrome/138.0.7204.183 Mobile Safari/537.36 (compatible; Googlebot/2.1; +http://www.google.com/bot.html)"
57.141.0.16 - - [30/Aug/2025:18:53:23 +0530] "GET /shopdetail/18689840/EQUIPMENTS.pdf HTTP/2" 404 796 "-" "meta-externalagent/1.1 (+https://developers.facebook.com/docs/sharing/webmasters/crawler)"
57.141.0.12 - - [30/Aug/2025:18:53:26 +0530] "GET /shopdetail/19984684/Flux-cored-wires.pdf HTTP/2" 404 796 "-" "meta-externalagent/1.1 (+https://developers.facebook.com/docs/sharing/webmasters/crawler)"
57.141.0.3 - - [30/Aug/2025:18:57:51 +0530] "GET /shopdetail/6438306/Steel-and-Dissimilar-Steel-Joining-Alloys.pdf HTTP/2" 404 796 "-" "meta-externalagent/1.1 (+https://developers.facebook.com/docs/sharing/webmasters/crawler)"
47.82.11.81 - - [30/Aug/2025:19:01:32 +0530] "GET /shopdetail/28022395/ HTTP/1.1" 404 796 "https://ranush.com/" "Mozilla/5.0 (Windows NT 10.0; Win64; x64) AppleWebKit/537.36 (KHTML, like Gecko) Chrome/135.0.0.0 Safari/537.36"
57.141.0.3 - - [30/Aug/2025:19:02:15 +0530] "GET /shopdetail/20398384/ HTTP/2" 404 796 "-" "meta-externalagent/1.1 (+https://developers.facebook.com/docs/sharing/webmasters/crawler)"
57.141.0.28 - - [30/Aug/2025:19:02:15 +0530] "GET /shopdetail/29367373/Hot-metal-spray-powders.pdf HTTP/2" 404 796 "-" "meta-externalagent/1.1 (+https://developers.facebook.com/docs/sharing/webmasters/crawler)"
57.141.0.27 - - [30/Aug/2025:19:02:18 +0530] "GET /shopdetail/16357939/Hot-metal-spray-powders.pdf HTTP/2" 404 796 "-" "meta-externalagent/1.1 (+https://developers.facebook.com/docs/sharing/webmasters/crawler)"
66.249.66.36 - - [30/Aug/2025:19:06:41 +0530] "GET /%E3%81%8A%E3%81%97%E3%82%83%E3%82%8C%E3%81%AA%E3%83%AC%E3%83%88%E3%83%AD%E5%86%B7%E8%94%B5%E5%BA%AB%E3%80%90%E3%82%B0%E3%83%A9%E3%83%B3%E3%83%89%E3%83%A9%E3%82%A4%E3%83%B3%E3%82%A2%E3%83%B3%E3%83%86%E3%82%A3%E3%83%BC%E3%82%AF%E8%AA%BF2%E3%83%89%E3%82%A2%E5%8F%A3%E3%82%B3%E3%83%9F HTTP/1.1" 404 796 "-" "Googlebot-Image/1.0"
57.141.0.2 - - [30/Aug/2025:19:06:41 +0530] "GET /shopdetail/26775784/CUTTING-AND-GOUGING.pdf HTTP/2" 404 796 "-" "meta-externalagent/1.1 (+https://developers.facebook.com/docs/sharing/webmasters/crawler)"
57.141.0.21 - - [30/Aug/2025:19:06:43 +0530] "GET /shopdetail/2108373/EQUIPMENTS.pdf HTTP/2" 404 796 "-" "meta-externalagent/1.1 (+https://developers.facebook.com/docs/sharing/webmasters/crawler)"
66.249.66.36 - - [30/Aug/2025:19:08:14 +0530] "GET /shopdetail/23214951/ HTTP/1.1" 404 796 "-" "Mozilla/5.0 (Linux; Android 6.0.1; Nexus 5X Build/MMB29P) AppleWebKit/537.36 (KHTML, like Gecko) Chrome/138.0.7204.183 Mobile Safari/537.36 (compatible; Googlebot/2.1; +http://www.google.com/bot.html)"
57.141.0.7 - - [30/Aug/2025:19:11:08 +0530] "GET /shopdetail/18129962/Gas-brazing-alloys.pdf HTTP/2" 404 796 "-" "meta-externalagent/1.1 (+https://developers.facebook.com/docs/sharing/webmasters/crawler)"
66.249.66.35 - - [30/Aug/2025:18:59:09 +0530] "GET /shopdetail/%E3%83%AC%E3%82%AB%E3%83%AD%20sp-g%E3%82%BF%E3%82%A4%E3%83%97%20%E3%83%95%E3%83%AB%E3%83%90%E3%82%B1%E3%81%AB%E9%96%A2%E3%81%99%E3%82%8B%E6%83%85%E5%A0%B1%E3%81%BE%E3%81%A8%E3%82%81%20-%20%E3%81%BF%E3%82%93%E3%82%AB%E3%83%A9 HTTP/1.1" 404 796 "-" "Googlebot-Image/1.0"
57.141.0.13 - - [30/Aug/2025:19:02:17 +0530] "GET /shopdetail/20842195/NON-FERROUS-ALLOY.pdf HTTP/2" 404 796 "-" "meta-externalagent/1.1 (+https://developers.facebook.com/docs/sharing/webmasters/crawler)"
57.141.0.14 - - [30/Aug/2025:19:06:42 +0530] "GET /shopdetail/11395028/ HTTP/2" 404 796 "-" "meta-externalagent/1.1 (+https://developers.facebook.com/docs/sharing/webmasters/crawler)"
57.141.0.29 - - [30/Aug/2025:19:06:44 +0530] "GET /shopdetail/21111240/Gas-brazing-alloys.pdf HTTP/2" 404 796 "-" "meta-externalagent/1.1 (+https://developers.facebook.com/docs/sharing/webmasters/crawler)"
66.249.66.35 - - [30/Aug/2025:19:08:16 +0530] "GET /shopdetail/6773940/ HTTP/1.1" 404 796 "-" "Mozilla/5.0 (Linux; Android 6.0.1; Nexus 5X Build/MMB29P) AppleWebKit/537.36 (KHTML, like Gecko) Chrome/138.0.7204.183 Mobile Safari/537.36 (compatible; Googlebot/2.1; +http://www.google.com/bot.html)"
66.249.66.35 - - [30/Aug/2025:19:08:37 +0530] "GET /shopdetail/%E3%82%B9%E3%83%A9%E3%83%A0%E3%83%80%E3%83%B3%E3%82%AF%20SLAM%20DUNK%201%206%20%E6%A1%9C%E6%9C%A8%E8%8A%B1%E9%81%93%20%E3%83%95%E3%82%A3%E3%82%AE%E3%83%A5%E3%82%A2%20%E3%82%AB%E3%82%B9%E3%82%BF%E3%83%9E%E3%82%A4%E3%82%BA%20%E3%80%90%E5%9B%BD%E7%94%A3%E3%80%91 HTTP/1.1" 404 796 "-" "Googlebot-Image/1.0"
57.141.0.4 - - [30/Aug/2025:19:11:07 +0530] "GET /shopdetail/26115517/Steel-and-Dissimilar-Steel-Joining-Alloys.pdf HTTP/2" 404 796 "-" "meta-externalagent/1.1 (+https://developers.facebook.com/docs/sharing/webmasters/crawler)"
66.249.66.35 - - [30/Aug/2025:19:11:48 +0530] "GET /shopdetail/23849262/ HTTP/1.1" 404 796 "-" "Mozilla/5.0 (Linux; Android 6.0.1; Nexus 5X Build/MMB29P) AppleWebKit/537.36 (KHTML, like Gecko) Chrome/138.0.7204.183 Mobile Safari/537.36 (compatible; Googlebot/2.1; +http://www.google.com/bot.html)"
66.249.66.36 - - [30/Aug/2025:19:12:21 +0530] "GET /shopdetail/9592006/ HTTP/1.1" 404 796 "-" "Mozilla/5.0 (Linux; Android 6.0.1; Nexus 5X Build/MMB29P) AppleWebKit/537.36 (KHTML, like Gecko) Chrome/138.0.7204.183 Mobile Safari/537.36 (compatible; Googlebot/2.1; +http://www.google.com/bot.html)"
5.91.171.128 - - [30/Aug/2025:19:12:50 +0530] "GET /shopdetail/23775951/ HTTP/1.1" 404 796 "-" "Mozilla/5.0 (Windows NT 6.1) AppleWebKit/537.36 (KHTML, like Gecko) Chrome/28.0.1468.0 Safari/537.36"
66.249.66.34 - - [30/Aug/2025:19:13:35 +0530] "GET /shopdetail/11209795/ HTTP/1.1" 404 796 "-" "Mozilla/5.0 (Linux; Android 6.0.1; Nexus 5X Build/MMB29P) AppleWebKit/537.36 (KHTML, like Gecko) Chrome/138.0.7204.183 Mobile Safari/537.36 (compatible; Googlebot/2.1; +http://www.google.com/bot.html)"
57.141.0.21 - - [30/Aug/2025:19:15:33 +0530] "GET /shopdetail/22071528/CAST-IRON.pdf HTTP/2" 404 796 "-" "meta-externalagent/1.1 (+https://developers.facebook.com/docs/sharing/webmasters/crawler)"
57.141.0.3 - - [30/Aug/2025:19:15:35 +0530] "GET /shopdetail/22073851/TUBULAR-ELECTRODES.pdf HTTP/2" 404 796 "-" "meta-externalagent/1.1 (+https://developers.facebook.com/docs/sharing/webmasters/crawler)"
66.249.66.34 - - [30/Aug/2025:19:18:01 +0530] "GET /shopdetail/22018195/ HTTP/1.1" 404 796 "-" "Mozilla/5.0 (Linux; Android 6.0.1; Nexus 5X Build/MMB29P) AppleWebKit/537.36 (KHTML, like Gecko) Chrome/138.0.7204.183 Mobile Safari/537.36 (compatible; Googlebot/2.1; +http://www.google.com/bot.html)"
66.249.66.34 - - [30/Aug/2025:19:19:10 +0530] "GET /shopdetail/19486673/ HTTP/1.1" 404 796 "-" "Mozilla/5.0 (Linux; Android 6.0.1; Nexus 5X Build/MMB29P) AppleWebKit/537.36 (KHTML, like Gecko) Chrome/138.0.7204.183 Mobile Safari/537.36 (compatible; Googlebot/2.1; +http://www.google.com/bot.html)"
57.141.0.28 - - [30/Aug/2025:19:11:10 +0530] "GET /shopdetail/7055073/NON-FERROUS-ALLOY.pdf HTTP/2" 404 796 "-" "meta-externalagent/1.1 (+https://developers.facebook.com/docs/sharing/webmasters/crawler)"
57.141.0.19 - - [30/Aug/2025:19:11:11 +0530] "GET /shopdetail/3129539/TUBULAR-ELECTRODES.pdf HTTP/2" 404 796 "-" "meta-externalagent/1.1 (+https://developers.facebook.com/docs/sharing/webmasters/crawler)"
66.249.66.36 - - [30/Aug/2025:19:15:11 +0530] "GET /shopdetail/2012184/ HTTP/1.1" 404 796 "-" "Mozilla/5.0 (Linux; Android 6.0.1; Nexus 5X Build/MMB29P) AppleWebKit/537.36 (KHTML, like Gecko) Chrome/138.0.7204.183 Mobile Safari/537.36 (compatible; Googlebot/2.1; +http://www.google.com/bot.html)"
57.141.0.18 - - [30/Aug/2025:19:15:33 +0530] "GET /shopdetail/26795795/Flux-cored-wires.pdf HTTP/2" 404 796 "-" "meta-externalagent/1.1 (+https://developers.facebook.com/docs/sharing/webmasters/crawler)"
57.141.0.28 - - [30/Aug/2025:19:15:36 +0530] "GET /shopdetail/24509440/CAST-IRON.pdf HTTP/2" 404 796 "-" "meta-externalagent/1.1 (+https://developers.facebook.com/docs/sharing/webmasters/crawler)"
66.249.92.34 - - [30/Aug/2025:19:19:18 +0530] "GET /index.php?shopdetail/121168388 HTTP/1.1" 200 4729 "-" "Mozilla/5.0 (X11; Linux x86_64) AppleWebKit/537.36 (KHTML, like Gecko) Chrome/139.0.7258.127 Safari/537.36"
66.249.92.35 - - [30/Aug/2025:19:19:19 +0530] "GET /assets/custom-slider/css/nivo-slider.css HTTP/1.1" 200 2059 "-" "Mozilla/5.0 (X11; Linux x86_64) AppleWebKit/537.36 (KHTML, like Gecko) Chrome/139.0.7258.127 Safari/537.36"
66.249.92.34 - - [30/Aug/2025:19:19:19 +0530] "GET /assets/css/stroke-gap-icons.css HTTP/1.1" 200 48844 "-" "Mozilla/5.0 (X11; Linux x86_64) AppleWebKit/537.36 (KHTML, like Gecko) Chrome/139.0.7258.127 Safari/537.36"
66.249.92.34 - - [30/Aug/2025:19:19:20 +0530] "GET /assets/images/logo.png HTTP/1.1" 200 20374 "-" "Mozilla/5.0 (X11; Linux x86_64) AppleWebKit/537.36 (KHTML, like Gecko) Chrome/139.0.7258.127 Safari/537.36"
66.249.92.34 - - [30/Aug/2025:19:19:20 +0530] "GET /assets/js/modernizr-2.8.3.min.js HTTP/1.1" 200 6009 "-" "Mozilla/5.0 (X11; Linux x86_64) AppleWebKit/537.36 (KHTML, like Gecko) Chrome/139.0.7258.127 Safari/537.36"
66.249.92.34 - - [30/Aug/2025:19:19:20 +0530] "GET /assets/css/creative-main.css HTTP/1.1" 200 8516 "-" "Mozilla/5.0 (X11; Linux x86_64) AppleWebKit/537.36 (KHTML, like Gecko) Chrome/139.0.7258.127 Safari/537.36"
66.249.92.34 - - [30/Aug/2025:19:19:21 +0530] "GET /admin/slider/34343726_r2.jpg HTTP/1.1" 200 1317590 "-" "Mozilla/5.0 (X11; Linux x86_64) AppleWebKit/537.36 (KHTML, like Gecko) Chrome/139.0.7258.127 Safari/537.36"
66.249.92.34 - - [30/Aug/2025:19:19:22 +0530] "GET /admin/blog/41307906_123.png HTTP/1.1" 200 155240 "-" "Mozilla/5.0 (X11; Linux x86_64) AppleWebKit/537.36 (KHTML, like Gecko) Chrome/139.0.7258.127 Safari/537.36"
66.249.92.34 - - [30/Aug/2025:19:19:22 +0530] "GET /assets/js/bootstrap.min.js HTTP/1.1" 200 9515 "-" "Mozilla/5.0 (X11; Linux x86_64) AppleWebKit/537.36 (KHTML, like Gecko) Chrome/139.0.7258.127 Safari/537.36"
66.249.92.34 - - [30/Aug/2025:19:19:22 +0530] "GET /assets/custom-slider/js/jquery.nivo.slider.js HTTP/1.1" 200 4649 "-" "Mozilla/5.0 (X11; Linux x86_64) AppleWebKit/537.36 (KHTML, like Gecko) Chrome/139.0.7258.127 Safari/537.36"
66.249.92.34 - - [30/Aug/2025:19:19:22 +0530] "GET /assets/js/scrollup.js HTTP/1.1" 200 986 "-" "Mozilla/5.0 (X11; Linux x86_64) AppleWebKit/537.36 (KHTML, like Gecko) Chrome/139.0.7258.127 Safari/537.36"
66.249.92.34 - - [30/Aug/2025:19:19:23 +0530] "GET /assets/custom-slider/home.js HTTP/1.1" 200 262 "-" "Mozilla/5.0 (X11; Linux x86_64) AppleWebKit/537.36 (KHTML, like Gecko) Chrome/139.0.7258.127 Safari/537.36"
66.249.92.34 - - [30/Aug/2025:19:19:23 +0530] "GET /assets/js/imagesloaded.pkgd.min.js HTTP/1.1" 200 1698 "-" "Mozilla/5.0 (X11; Linux x86_64) AppleWebKit/537.36 (KHTML, like Gecko) Chrome/139.0.7258.127 Safari/537.36"
66.249.92.34 - - [30/Aug/2025:19:19:23 +0530] "GET /assets/js/isotope.pkgd.min.js HTTP/1.1" 200 9596 "-" "Mozilla/5.0 (X11; Linux x86_64) AppleWebKit/537.36 (KHTML, like Gecko) Chrome/139.0.7258.127 Safari/537.36"
66.249.92.34 - - [30/Aug/2025:19:19:23 +0530] "GET /assets/js/jquery-1.12.0.min.js HTTP/1.1" 200 32931 "-" "Mozilla/5.0 (X11; Linux x86_64) AppleWebKit/537.36 (KHTML, like Gecko) Chrome/139.0.7258.127 Safari/537.36"
66.249.92.34 - - [30/Aug/2025:19:19:24 +0530] "GET /assets/js/jquery.knob.js HTTP/1.1" 200 5732 "-" "Mozilla/5.0 (X11; Linux x86_64) AppleWebKit/537.36 (KHTML, like Gecko) Chrome/139.0.7258.127 Safari/537.36"
66.249.92.34 - - [30/Aug/2025:19:19:24 +0530] "GET /assets/js/owl.carousel.min.js HTTP/1.1" 200 6271 "-" "Mozilla/5.0 (X11; Linux x86_64) AppleWebKit/537.36 (KHTML, like Gecko) Chrome/139.0.7258.127 Safari/537.36"
66.249.92.34 - - [30/Aug/2025:19:19:24 +0530] "GET /assets/js/jquery.counterup.min.js HTTP/1.1" 200 496 "-" "Mozilla/5.0 (X11; Linux x86_64) AppleWebKit/537.36 (KHTML, like Gecko) Chrome/139.0.7258.127 Safari/537.36"
66.249.92.34 - - [30/Aug/2025:19:19:24 +0530] "GET /assets/js/gmaps.js HTTP/1.1" 200 11452 "-" "Mozilla/5.0 (X11; Linux x86_64) AppleWebKit/537.36 (KHTML, like Gecko) Chrome/139.0.7258.127 Safari/537.36"
66.249.92.34 - - [30/Aug/2025:19:19:24 +0530] "GET /assets/js/jquery.nice-select.min.js HTTP/1.1" 200 930 "-" "Mozilla/5.0 (X11; Linux x86_64) AppleWebKit/537.36 (KHTML, like Gecko) Chrome/139.0.7258.127 Safari/537.36"
66.249.92.34 - - [30/Aug/2025:19:19:25 +0530] "GET /assets/js/jquery.matchHeight.js HTTP/1.1" 200 1254 "-" "Mozilla/5.0 (X11; Linux x86_64) AppleWebKit/537.36 (KHTML, like Gecko) Chrome/139.0.7258.127 Safari/537.36"
66.249.92.34 - - [30/Aug/2025:19:19:25 +0530] "GET /assets/js/lightbox.min.js HTTP/1.1" 200 2720 "-" "Mozilla/5.0 (X11; Linux x86_64) AppleWebKit/537.36 (KHTML, like Gecko) Chrome/139.0.7258.127 Safari/537.36"
66.249.92.34 - - [30/Aug/2025:19:19:25 +0530] "GET /assets/js/custom-script.js HTTP/1.1" 200 1778 "-" "Mozilla/5.0 (X11; Linux x86_64) AppleWebKit/537.36 (KHTML, like Gecko) Chrome/139.0.7258.127 Safari/537.36"
66.249.92.34 - - [30/Aug/2025:19:19:25 +0530] "GET /assets/js/waypoints.min.js HTTP/1.1" 200 2461 "-" "Mozilla/5.0 (X11; Linux x86_64) AppleWebKit/537.36 (KHTML, like Gecko) Chrome/139.0.7258.127 Safari/537.36"
66.249.92.34 - - [30/Aug/2025:19:19:26 +0530] "GET /assets/js/jquery.appear.js HTTP/1.1" 200 1159 "-" "Mozilla/5.0 (X11; Linux x86_64) AppleWebKit/537.36 (KHTML, like Gecko) Chrome/139.0.7258.127 Safari/537.36"
66.249.92.34 - - [30/Aug/2025:19:19:26 +0530] "GET /assets/js/wow.min.js HTTP/1.1" 200 2575 "-" "Mozilla/5.0 (X11; Linux x86_64) AppleWebKit/537.36 (KHTML, like Gecko) Chrome/139.0.7258.127 Safari/537.36"
66.249.92.34 - - [30/Aug/2025:19:19:26 +0530] "GET /assets/js/masonry.pkgd.min.js HTTP/1.1" 200 7124 "-" "Mozilla/5.0 (X11; Linux x86_64) AppleWebKit/537.36 (KHTML, like Gecko) Chrome/139.0.7258.127 Safari/537.36"
66.249.92.34 - - [30/Aug/2025:19:19:26 +0530] "GET /assets/fonts/ElegantIcons.woff HTTP/1.1" 200 63664 "-" "Mozilla/5.0 (X11; Linux x86_64) AppleWebKit/537.36 (KHTML, like Gecko) Chrome/139.0.7258.127 Safari/537.36"
66.249.92.34 - - [30/Aug/2025:19:19:26 +0530] "GET /assets/fonts/fontawesome-webfont3e6e3e6e.html?v=4.7.0 HTTP/1.1" 200 77165 "-" "Mozilla/5.0 (X11; Linux x86_64) AppleWebKit/537.36 (KHTML, like Gecko) Chrome/139.0.7258.127 Safari/537.36"
66.249.92.34 - - [30/Aug/2025:19:19:27 +0530] "GET /assets/images/prev.png HTTP/1.1" 200 1360 "-" "Mozilla/5.0 (X11; Linux x86_64) AppleWebKit/537.36 (KHTML, like Gecko) Chrome/139.0.7258.127 Safari/537.36"
66.249.92.34 - - [30/Aug/2025:19:19:27 +0530] "GET /assets/images/close.png HTTP/1.1" 200 280 "-" "Mozilla/5.0 (X11; Linux x86_64) AppleWebKit/537.36 (KHTML, like Gecko) Chrome/139.0.7258.127 Safari/537.36"
66.249.92.35 - - [30/Aug/2025:19:19:19 +0530] "GET /assets/css/bootstrap.css HTTP/1.1" 200 20338 "-" "Mozilla/5.0 (X11; Linux x86_64) AppleWebKit/537.36 (KHTML, like Gecko) Chrome/139.0.7258.127 Safari/537.36"
66.249.92.35 - - [30/Aug/2025:19:19:19 +0530] "GET /assets/css/animate.css HTTP/1.1" 200 3644 "-" "Mozilla/5.0 (X11; Linux x86_64) AppleWebKit/537.36 (KHTML, like Gecko) Chrome/139.0.7258.127 Safari/537.36"
66.249.92.35 - - [30/Aug/2025:19:19:19 +0530] "GET /assets/css/nice-select.css HTTP/1.1" 200 931 "-" "Mozilla/5.0 (X11; Linux x86_64) AppleWebKit/537.36 (KHTML, like Gecko) Chrome/139.0.7258.127 Safari/537.36"
66.249.92.35 - - [30/Aug/2025:19:19:19 +0530] "GET /assets/css/owl.transitions.css HTTP/1.1" 200 652 "-" "Mozilla/5.0 (X11; Linux x86_64) AppleWebKit/537.36 (KHTML, like Gecko) Chrome/139.0.7258.127 Safari/537.36"
66.249.92.35 - - [30/Aug/2025:19:19:19 +0530] "GET /assets/css/owl.carousel.css HTTP/1.1" 200 469 "-" "Mozilla/5.0 (X11; Linux x86_64) AppleWebKit/537.36 (KHTML, like Gecko) Chrome/139.0.7258.127 Safari/537.36"
66.249.92.35 - - [30/Aug/2025:19:19:19 +0530] "GET /assets/css/elegant-icons.css HTTP/1.1" 200 4389 "-" "Mozilla/5.0 (X11; Linux x86_64) AppleWebKit/537.36 (KHTML, like Gecko) Chrome/139.0.7258.127 Safari/537.36"
66.249.92.34 - - [30/Aug/2025:19:19:20 +0530] "GET /assets/css/owl.theme.css HTTP/1.1" 200 508 "-" "Mozilla/5.0 (X11; Linux x86_64) AppleWebKit/537.36 (KHTML, like Gecko) Chrome/139.0.7258.127 Safari/537.36"
66.249.92.35 - - [30/Aug/2025:19:19:21 +0530] "GET /assets/css/creative-responsive.css HTTP/1.1" 200 2076 "-" "Mozilla/5.0 (X11; Linux x86_64) AppleWebKit/537.36 (KHTML, like Gecko) Chrome/139.0.7258.127 Safari/537.36"
66.249.92.35 - - [30/Aug/2025:19:19:21 +0530] "GET /assets/css/lightbox.min.css HTTP/1.1" 200 892 "-" "Mozilla/5.0 (X11; Linux x86_64) AppleWebKit/537.36 (KHTML, like Gecko) Chrome/139.0.7258.127 Safari/537.36"
66.249.92.35 - - [30/Aug/2025:19:19:22 +0530] "GET /assets/css/font-awesome.min.css HTTP/1.1" 200 6670 "-" "Mozilla/5.0 (X11; Linux x86_64) AppleWebKit/537.36 (KHTML, like Gecko) Chrome/139.0.7258.127 Safari/537.36"
57.141.0.27 - - [30/Aug/2025:19:19:59 +0530] "GET /shopdetail/10820939/Tig-filler-wires.pdf HTTP/2" 404 796 "-" "meta-externalagent/1.1 (+https://developers.facebook.com/docs/sharing/webmasters/crawler)"
57.141.0.4 - - [30/Aug/2025:19:20:02 +0530] "GET /shopdetail/27741173/ HTTP/2" 404 796 "-" "meta-externalagent/1.1 (+https://developers.facebook.com/docs/sharing/webmasters/crawler)"
66.249.66.35 - - [30/Aug/2025:19:21:45 +0530] "GET /shopdetail/18229595/ HTTP/1.1" 404 796 "-" "Mozilla/5.0 (Linux; Android 6.0.1; Nexus 5X Build/MMB29P) AppleWebKit/537.36 (KHTML, like Gecko) Chrome/138.0.7204.183 Mobile Safari/537.36 (compatible; Googlebot/2.1; +http://www.google.com/bot.html)"
57.141.0.13 - - [30/Aug/2025:19:24:25 +0530] "GET /shopdetail/9173128/CUTTING-AND-GOUGING.pdf HTTP/2" 404 796 "-" "meta-externalagent/1.1 (+https://developers.facebook.com/docs/sharing/webmasters/crawler)"
57.141.0.13 - - [30/Aug/2025:19:24:26 +0530] "GET /shopdetail/3200895/Tig-filler-wires.pdf HTTP/2" 404 796 "-" "meta-externalagent/1.1 (+https://developers.facebook.com/docs/sharing/webmasters/crawler)"
66.249.92.36 - - [30/Aug/2025:19:26:10 +0530] "GET /shopdetail/9585051/ HTTP/1.1" 404 796 "-" "Mozilla/5.0 (X11; Linux x86_64) AppleWebKit/537.36 (KHTML, like Gecko) Chrome/139.0.7258.127 Safari/537.36"
57.141.0.12 - - [30/Aug/2025:19:28:54 +0530] "GET /shopdetail/24613317/CUTTING-AND-GOUGING.pdf HTTP/2" 404 796 "-" "meta-externalagent/1.1 (+https://developers.facebook.com/docs/sharing/webmasters/crawler)"
66.249.66.34 - - [30/Aug/2025:19:32:10 +0530] "GET /shopdetail/%E3%83%A4%E3%83%95%E3%82%AA%E3%82%AF!%20-%E3%80%8C%E3%82%B0%E3%83%AC%E3%83%B3%E3%82%B3%E3%83%B3%E3%83%86%E3%83%8A%20%E8%BB%BD%E3%83%88%E3%83%A9%E3%80%8D%E3%81%AE%E8%90%BD%E6%9C%AD%E7%9B%B8%E5%A0%B4%E3%83%BB%E8%90%BD%E6%9C%AD%E4%BE%A1%E6%A0%BC HTTP/1.1" 404 796 "-" "Googlebot-Image/1.0"
66.249.92.34 - - [30/Aug/2025:19:19:27 +0530] "GET /assets/images/footer.jpg HTTP/1.1" 200 101503 "https://ranush.com/index.php?shopdetail/121168388" "Mozilla/5.0 (X11; Linux x86_64) AppleWebKit/537.36 (KHTML, like Gecko) Chrome/139.0.7258.127 Safari/537.36"
66.249.92.34 - - [30/Aug/2025:19:19:28 +0530] "GET /assets/images/loading.gif HTTP/1.1" 200 8476 "-" "Mozilla/5.0 (X11; Linux x86_64) AppleWebKit/537.36 (KHTML, like Gecko) Chrome/139.0.7258.127 Safari/537.36"
66.249.66.34 - - [30/Aug/2025:19:19:28 +0530] "GET /shopdetail/1552462/ HTTP/1.1" 404 796 "-" "Mozilla/5.0 (Linux; Android 6.0.1; Nexus 5X Build/MMB29P) AppleWebKit/537.36 (KHTML, like Gecko) Chrome/138.0.7204.183 Mobile Safari/537.36 (compatible; Googlebot/2.1; +http://www.google.com/bot.html)"
66.249.92.34 - - [30/Aug/2025:19:19:28 +0530] "GET /assets/images/next.png HTTP/1.1" 200 1350 "-" "Mozilla/5.0 (X11; Linux x86_64) AppleWebKit/537.36 (KHTML, like Gecko) Chrome/139.0.7258.127 Safari/537.36"
57.141.0.23 - - [30/Aug/2025:19:20:00 +0530] "GET /shopdetail/21707495/CUTTING-AND-GOUGING.pdf HTTP/2" 404 796 "-" "meta-externalagent/1.1 (+https://developers.facebook.com/docs/sharing/webmasters/crawler)"
57.141.0.4 - - [30/Aug/2025:19:24:28 +0530] "GET /shopdetail/20778451/WEAR-PLATES.pdf HTTP/2" 404 796 "-" "meta-externalagent/1.1 (+https://developers.facebook.com/docs/sharing/webmasters/crawler)"
57.141.0.29 - - [30/Aug/2025:19:28:52 +0530] "GET /shopdetail/4725351/Flux-cored-wires.pdf HTTP/2" 404 796 "-" "meta-externalagent/1.1 (+https://developers.facebook.com/docs/sharing/webmasters/crawler)"
57.141.0.16 - - [30/Aug/2025:19:28:52 +0530] "GET /shopdetail/7962039/TUBULAR-ELECTRODES.pdf HTTP/2" 404 796 "-" "meta-externalagent/1.1 (+https://developers.facebook.com/docs/sharing/webmasters/crawler)"
145.239.65.226 - - [30/Aug/2025:19:30:31 +0530] "GET /robots.txt HTTP/1.1" 404 796 "-" "Mozilla/5.0 (compatible; MJ12bot/v1.4.8; http://mj12bot.com/)"
145.239.65.226 - - [30/Aug/2025:19:30:32 +0530] "GET /?shopdetail/18702851/ HTTP/1.1" 200 4729 "-" "Mozilla/5.0 (compatible; MJ12bot/v1.4.8; http://mj12bot.com/)"
57.141.0.3 - - [30/Aug/2025:19:33:19 +0530] "GET /shopdetail/2953428/TUBULAR-ELECTRODES.pdf HTTP/2" 404 796 "-" "meta-externalagent/1.1 (+https://developers.facebook.com/docs/sharing/webmasters/crawler)"
57.141.0.2 - - [30/Aug/2025:19:33:20 +0530] "GET /shopdetail/20701206/CAST-IRON.pdf HTTP/2" 404 796 "-" "meta-externalagent/1.1 (+https://developers.facebook.com/docs/sharing/webmasters/crawler)"
57.141.0.30 - - [30/Aug/2025:19:33:20 +0530] "GET /shopdetail/29598062/Tig-filler-wires.pdf HTTP/2" 404 796 "-" "meta-externalagent/1.1 (+https://developers.facebook.com/docs/sharing/webmasters/crawler)"
66.249.66.36 - - [30/Aug/2025:19:37:27 +0530] "GET /shopdetail/9097328/ HTTP/1.1" 404 796 "-" "Mozilla/5.0 (Linux; Android 6.0.1; Nexus 5X Build/MMB29P) AppleWebKit/537.36 (KHTML, like Gecko) Chrome/138.0.7204.183 Mobile Safari/537.36 (compatible; Googlebot/2.1; +http://www.google.com/bot.html)"
57.141.0.7 - - [30/Aug/2025:19:37:43 +0530] "GET /shopdetail/29564095/Tig-filler-wires.pdf HTTP/2" 404 796 "-" "meta-externalagent/1.1 (+https://developers.facebook.com/docs/sharing/webmasters/crawler)"
57.141.0.6 - - [30/Aug/2025:19:37:46 +0530] "GET /shopdetail/5518651/EQUIPMENTS.pdf HTTP/2" 404 796 "-" "meta-externalagent/1.1 (+https://developers.facebook.com/docs/sharing/webmasters/crawler)"
57.141.0.16 - - [30/Aug/2025:19:37:46 +0530] "GET /shopdetail/20093795/CAST-IRON.pdf HTTP/2" 404 796 "-" "meta-externalagent/1.1 (+https://developers.facebook.com/docs/sharing/webmasters/crawler)"
57.141.0.9 - - [30/Aug/2025:19:46:36 +0530] "GET /shopdetail/19550228/WEAR-PLATES.pdf HTTP/2" 404 796 "-" "meta-externalagent/1.1 (+https://developers.facebook.com/docs/sharing/webmasters/crawler)"
57.141.0.6 - - [30/Aug/2025:19:46:38 +0530] "GET /shopdetail/3484151/gallery.php HTTP/2" 404 796 "-" "meta-externalagent/1.1 (+https://developers.facebook.com/docs/sharing/webmasters/crawler)"
57.141.0.27 - - [30/Aug/2025:19:33:18 +0530] "GET /shopdetail/21782173/welding.php HTTP/2" 404 796 "-" "meta-externalagent/1.1 (+https://developers.facebook.com/docs/sharing/webmasters/crawler)"
57.141.0.12 - - [30/Aug/2025:19:37:44 +0530] "GET /shopdetail/3544339/NON-FERROUS-ALLOY.pdf HTTP/2" 404 796 "-" "meta-externalagent/1.1 (+https://developers.facebook.com/docs/sharing/webmasters/crawler)"
66.249.66.34 - - [30/Aug/2025:19:37:46 +0530] "GET /shopdetail/WAVE%20ODAIBA%E3%82%B2%E3%83%BC%E3%83%9E%E3%83%BC%E3%82%BA%E7%9C%8B%E6%9D%BF%E5%A8%98%20%E5%84%AA%E6%9C%A8%E3%81%9B%E3%81%A4%E8%8F%9C%20%E3%83%89%E3%83%AA%E3%83%BC%E3%83%A0%E3%83%86%E3%83%83%E3%82%AF%20%E3%83%A9%E3%83%96%E3%83%A9%E3%82%A4%E3%83%96 HTTP/1.1" 404 796 "-" "Googlebot-Image/1.0"
57.141.0.5 - - [30/Aug/2025:19:42:10 +0530] "GET /shopdetail/30174639/Steel-and-Dissimilar-Steel-Joining-Alloys.pdf HTTP/2" 404 796 "-" "meta-externalagent/1.1 (+https://developers.facebook.com/docs/sharing/webmasters/crawler)"
57.141.0.8 - - [30/Aug/2025:19:42:10 +0530] "GET /shopdetail/11881073/Tig-filler-wires.pdf HTTP/2" 404 796 "-" "meta-externalagent/1.1 (+https://developers.facebook.com/docs/sharing/webmasters/crawler)"
57.141.0.2 - - [30/Aug/2025:19:42:13 +0530] "GET /shopdetail/23895951/NON-FERROUS-ALLOY.pdf HTTP/2" 404 796 "-" "meta-externalagent/1.1 (+https://developers.facebook.com/docs/sharing/webmasters/crawler)"
57.141.0.22 - - [30/Aug/2025:19:42:13 +0530] "GET /shopdetail/18862251/EQUIPMENTS.pdf HTTP/2" 404 796 "-" "meta-externalagent/1.1 (+https://developers.facebook.com/docs/sharing/webmasters/crawler)"
66.249.66.35 - - [30/Aug/2025:19:42:22 +0530] "GET /shopdetail/Hanji/%E3%83%8F%E3%83%B3%E3%82%B8%20%E6%A0%BC%E5%AD%90%E3%83%A9%E3%83%B3%E3%83%89%E3%83%AA%E3%83%BC%20%E6%A3%9A3 HTTP/1.1" 404 796 "-" "Googlebot-Image/1.0"
57.141.0.22 - - [30/Aug/2025:19:46:36 +0530] "GET /shopdetail/20895340/Hot-metal-spray-powders.pdf HTTP/2" 404 796 "-" "meta-externalagent/1.1 (+https://developers.facebook.com/docs/sharing/webmasters/crawler)"
57.141.0.18 - - [30/Aug/2025:19:51:02 +0530] "GET /shopdetail/10983840/CAST-IRON.pdf HTTP/2" 404 796 "-" "meta-externalagent/1.1 (+https://developers.facebook.com/docs/sharing/webmasters/crawler)"
57.141.0.7 - - [30/Aug/2025:19:51:02 +0530] "GET /shopdetail/5893651/WEAR-PLATES.pdf HTTP/2" 404 796 "-" "meta-externalagent/1.1 (+https://developers.facebook.com/docs/sharing/webmasters/crawler)"
57.141.0.22 - - [30/Aug/2025:19:51:04 +0530] "GET /shopdetail/29927017/ESAB-Low-Heat-Hardfacing-alloys.pdf HTTP/2" 404 796 "-" "meta-externalagent/1.1 (+https://developers.facebook.com/docs/sharing/webmasters/crawler)"
104.210.140.130 - - [30/Aug/2025:19:51:12 +0530] "GET /robots.txt HTTP/2" 404 796 "-" "Mozilla/5.0 (Macintosh; Intel Mac OS X 10_15_7) AppleWebKit/537.36 (KHTML, like Gecko) Chrome/131.0.0.0 Safari/537.36; compatible; OAI-SearchBot/1.0; +https://openai.com/searchbot"
66.249.66.34 - - [30/Aug/2025:20:04:43 +0530] "GET /shopdetail/12956740/ HTTP/1.1" 404 796 "-" "Mozilla/5.0 (Linux; Android 6.0.1; Nexus 5X Build/MMB29P) AppleWebKit/537.36 (KHTML, like Gecko) Chrome/138.0.7204.183 Mobile Safari/537.36 (compatible; Googlebot/2.1; +http://www.google.com/bot.html)"
57.141.0.3 - - [30/Aug/2025:20:08:46 +0530] "GET /shopdetail/2232428/TUBULAR-ELECTRODES.pdf HTTP/2" 404 796 "-" "meta-externalagent/1.1 (+https://developers.facebook.com/docs/sharing/webmasters/crawler)"
57.141.0.30 - - [30/Aug/2025:20:08:46 +0530] "GET /shopdetail/4828273/EQUIPMENTS.pdf HTTP/2" 404 796 "-" "meta-externalagent/1.1 (+https://developers.facebook.com/docs/sharing/webmasters/crawler)"
8.217.209.55 - - [30/Aug/2025:20:12:30 +0530] "GET /?_bd_prev_page=https%3A%2F%2Franush.com%2Fdetail.php%3Fshopdetail%2F18451106%2F&_gl=1%2Atmsfgn%2A_ga%2AMTAxNzI5NjQ3OC4xNzM4OTgwODUz%2A_ga_0VKVKKN4NV%2AMTczODk4MDg1NC4xLjEuMTczODk4MDg1Ny41Ny4wLjA. HTTP/1.1" 200 4729 "-" "AliyunSecBot/Aliyun (AliyunSecBot@service.alibaba.com)"
57.141.0.21 - - [30/Aug/2025:19:46:38 +0530] "GET /shopdetail/8101940/CAST-IRON.pdf HTTP/2" 404 796 "-" "meta-externalagent/1.1 (+https://developers.facebook.com/docs/sharing/webmasters/crawler)"
57.141.0.14 - - [30/Aug/2025:19:51:04 +0530] "GET /shopdetail/20689995/Flux-cored-wires.pdf HTTP/2" 404 796 "-" "meta-externalagent/1.1 (+https://developers.facebook.com/docs/sharing/webmasters/crawler)"
57.141.0.24 - - [30/Aug/2025:19:55:28 +0530] "GET /shopdetail/13370773/CUTTING-AND-GOUGING.pdf HTTP/2" 404 796 "-" "meta-externalagent/1.1 (+https://developers.facebook.com/docs/sharing/webmasters/crawler)"
57.141.0.7 - - [30/Aug/2025:19:55:28 +0530] "GET /shopdetail/14574251/Flux-cored-wires.pdf HTTP/2" 404 796 "-" "meta-externalagent/1.1 (+https://developers.facebook.com/docs/sharing/webmasters/crawler)"
57.141.0.12 - - [30/Aug/2025:19:59:54 +0530] "GET /shopdetail/14825184/ HTTP/2" 404 796 "-" "meta-externalagent/1.1 (+https://developers.facebook.com/docs/sharing/webmasters/crawler)"
57.141.0.25 - - [30/Aug/2025:19:59:54 +0530] "GET /shopdetail/25451662/EQUIPMENTS.pdf HTTP/2" 404 796 "-" "meta-externalagent/1.1 (+https://developers.facebook.com/docs/sharing/webmasters/crawler)"
57.141.0.21 - - [30/Aug/2025:20:04:20 +0530] "GET /shopdetail/20329517/WEAR-PLATES.pdf HTTP/2" 404 796 "-" "meta-externalagent/1.1 (+https://developers.facebook.com/docs/sharing/webmasters/crawler)"
57.141.0.23 - - [30/Aug/2025:20:04:20 +0530] "GET /shopdetail/8761239/ESAB-Low-Heat-Hardfacing-alloys.pdf HTTP/2" 404 796 "-" "meta-externalagent/1.1 (+https://developers.facebook.com/docs/sharing/webmasters/crawler)"
66.249.66.34 - - [30/Aug/2025:20:07:21 +0530] "GET /shopdetail/6388917/ HTTP/1.1" 404 796 "-" "Mozilla/5.0 (Linux; Android 6.0.1; Nexus 5X Build/MMB29P) AppleWebKit/537.36 (KHTML, like Gecko) Chrome/138.0.7204.183 Mobile Safari/537.36 (compatible; Googlebot/2.1; +http://www.google.com/bot.html)"
66.249.66.36 - - [30/Aug/2025:20:10:14 +0530] "GET /shopdetail/3423695/ HTTP/1.1" 404 796 "-" "Mozilla/5.0 (Linux; Android 6.0.1; Nexus 5X Build/MMB29P) AppleWebKit/537.36 (KHTML, like Gecko) Chrome/138.0.7204.183 Mobile Safari/537.36 (compatible; Googlebot/2.1; +http://www.google.com/bot.html)"
8.217.211.163 - - [30/Aug/2025:20:12:29 +0530] "GET /robots.txt HTTP/1.1" 404 796 "-" "AliyunSecBot/Aliyun (AliyunSecBot@service.alibaba.com)"
57.141.0.20 - - [30/Aug/2025:20:13:12 +0530] "GET /shopdetail/23344951/TUBULAR-ELECTRODES.pdf HTTP/2" 404 796 "-" "meta-externalagent/1.1 (+https://developers.facebook.com/docs/sharing/webmasters/crawler)"
57.141.0.20 - - [30/Aug/2025:20:13:13 +0530] "GET /shopdetail/6771606/Flux-cored-wires.pdf HTTP/2" 404 796 "-" "meta-externalagent/1.1 (+https://developers.facebook.com/docs/sharing/webmasters/crawler)"
57.141.0.18 - - [30/Aug/2025:20:17:41 +0530] "GET /shopdetail/19940806/CAST-IRON.pdf HTTP/2" 404 796 "-" "meta-externalagent/1.1 (+https://developers.facebook.com/docs/sharing/webmasters/crawler)"
57.141.0.23 - - [30/Aug/2025:20:22:05 +0530] "GET /shopdetail/17428084/CAST-IRON.pdf HTTP/2" 404 796 "-" "meta-externalagent/1.1 (+https://developers.facebook.com/docs/sharing/webmasters/crawler)"
57.141.0.22 - - [30/Aug/2025:20:22:07 +0530] "GET /shopdetail/29220051/Tig-filler-wires.pdf HTTP/2" 404 796 "-" "meta-externalagent/1.1 (+https://developers.facebook.com/docs/sharing/webmasters/crawler)"
57.141.0.3 - - [30/Aug/2025:20:26:31 +0530] "GET /shopdetail/18186384/CUTTING-AND-GOUGING.pdf HTTP/2" 404 796 "-" "meta-externalagent/1.1 (+https://developers.facebook.com/docs/sharing/webmasters/crawler)"
57.141.0.21 - - [30/Aug/2025:20:26:33 +0530] "GET /shopdetail/22682762/ HTTP/2" 404 796 "-" "meta-externalagent/1.1 (+https://developers.facebook.com/docs/sharing/webmasters/crawler)"
57.141.0.10 - - [30/Aug/2025:20:26:33 +0530] "GET /shopdetail/16235862/Tig-filler-wires.pdf HTTP/2" 404 796 "-" "meta-externalagent/1.1 (+https://developers.facebook.com/docs/sharing/webmasters/crawler)"
57.141.0.4 - - [30/Aug/2025:20:13:15 +0530] "GET /shopdetail/12822073/WEAR-PLATES.pdf HTTP/2" 404 796 "-" "meta-externalagent/1.1 (+https://developers.facebook.com/docs/sharing/webmasters/crawler)"
57.141.0.14 - - [30/Aug/2025:20:13:15 +0530] "GET /shopdetail/18795628/Hot-metal-spray-powders.pdf HTTP/2" 404 796 "-" "meta-externalagent/1.1 (+https://developers.facebook.com/docs/sharing/webmasters/crawler)"
