57.141.0.11 - - [30/Aug/2025:22:57:21 +0530] "GET /shopdetail/14893762/Gas-brazing-alloys.pdf HTTP/2" 404 796 "-" "meta-externalagent/1.1 (+https://developers.facebook.com/docs/sharing/webmasters/crawler)"
57.141.0.15 - - [30/Aug/2025:23:01:46 +0530] "GET /shopdetail/23356862/Flux-cored-wires.pdf HTTP/2" 404 796 "-" "meta-externalagent/1.1 (+https://developers.facebook.com/docs/sharing/webmasters/crawler)"
57.141.0.8 - - [30/Aug/2025:23:06:09 +0530] "GET /shopdetail/24446262/CAST-IRON.pdf HTTP/2" 404 796 "-" "meta-externalagent/1.1 (+https://developers.facebook.com/docs/sharing/webmasters/crawler)"
57.141.0.25 - - [30/Aug/2025:23:06:12 +0530] "GET /shopdetail/8441895/WEAR-PLATES.pdf HTTP/2" 404 796 "-" "meta-externalagent/1.1 (+https://developers.facebook.com/docs/sharing/webmasters/crawler)"
192.178.4.99 - - [30/Aug/2025:23:07:24 +0530] "GET /shopdetail/17399984/ HTTP/1.1" 404 796 "-" "Mozilla/5.0 (Linux; Android 6.0.1; Nexus 5X Build/MMB29P) AppleWebKit/537.36 (KHTML, like Gecko) Chrome/138.0.7204.183 Mobile Safari/537.36 (compatible; Googlebot/2.1; +http://www.google.com/bot.html)"
57.141.0.6 - - [30/Aug/2025:23:10:36 +0530] "GET /shopdetail/2495440/CONSUMABLES-RANUSH.pdf HTTP/2" 404 796 "-" "meta-externalagent/1.1 (+https://developers.facebook.com/docs/sharing/webmasters/crawler)"
57.141.0.3 - - [30/Aug/2025:23:10:37 +0530] "GET /shopdetail/21560106/ HTTP/2" 404 796 "-" "meta-externalagent/1.1 (+https://developers.facebook.com/docs/sharing/webmasters/crawler)"
57.141.0.18 - - [30/Aug/2025:23:10:38 +0530] "GET /shopdetail/19745128/ESAB-Low-Heat-Hardfacing-alloys.pdf HTTP/2" 404 796 "-" "meta-externalagent/1.1 (+https://developers.facebook.com/docs/sharing/webmasters/crawler)"
57.141.0.2 - - [30/Aug/2025:23:15:04 +0530] "GET /shopdetail/19226362/CUTTING-AND-GOUGING.pdf HTTP/2" 404 796 "-" "meta-externalagent/1.1 (+https://developers.facebook.com/docs/sharing/webmasters/crawler)"
57.141.0.21 - - [30/Aug/2025:23:15:05 +0530] "GET /shopdetail/29898117/Flux-cored-wires.pdf HTTP/2" 404 796 "-" "meta-externalagent/1.1 (+https://developers.facebook.com/docs/sharing/webmasters/crawler)"
57.141.0.14 - - [30/Aug/2025:23:06:09 +0530] "GET /shopdetail/16774995/ HTTP/2" 404 796 "-" "meta-externalagent/1.1 (+https://developers.facebook.com/docs/sharing/webmasters/crawler)"
57.141.0.21 - - [30/Aug/2025:23:06:13 +0530] "GET /shopdetail/7088306/Hot-metal-spray-powders.pdf HTTP/2" 404 796 "-" "meta-externalagent/1.1 (+https://developers.facebook.com/docs/sharing/webmasters/crawler)"
57.141.0.17 - - [30/Aug/2025:23:10:35 +0530] "GET /shopdetail/23087684/ HTTP/2" 404 796 "-" "meta-externalagent/1.1 (+https://developers.facebook.com/docs/sharing/webmasters/crawler)"
192.178.4.98 - - [30/Aug/2025:23:10:42 +0530] "GET /shopdetail/26916762/ HTTP/1.1" 404 796 "-" "Mozilla/5.0 (Linux; Android 6.0.1; Nexus 5X Build/MMB29P) AppleWebKit/537.36 (KHTML, like Gecko) Chrome/138.0.7204.183 Mobile Safari/537.36 (compatible; Googlebot/2.1; +http://www.google.com/bot.html)"
57.141.0.27 - - [30/Aug/2025:23:15:02 +0530] "GET /shopdetail/8141984/Flux-cored-wires.pdf HTTP/2" 404 796 "-" "meta-externalagent/1.1 (+https://developers.facebook.com/docs/sharing/webmasters/crawler)"
57.141.0.18 - - [30/Aug/2025:23:15:03 +0530] "GET /shopdetail/9918984/Gas-brazing-alloys.pdf HTTP/2" 404 796 "-" "meta-externalagent/1.1 (+https://developers.facebook.com/docs/sharing/webmasters/crawler)"
57.141.0.27 - - [30/Aug/2025:23:19:28 +0530] "GET /shopdetail/1152728/Flux-cored-wires.pdf HTTP/2" 404 796 "-" "meta-externalagent/1.1 (+https://developers.facebook.com/docs/sharing/webmasters/crawler)"
57.141.0.13 - - [30/Aug/2025:23:19:30 +0530] "GET /shopdetail/2075206/Hot-metal-spray-powders.pdf HTTP/2" 404 796 "-" "meta-externalagent/1.1 (+https://developers.facebook.com/docs/sharing/webmasters/crawler)"
57.141.0.21 - - [30/Aug/2025:23:23:54 +0530] "GET /shopdetail/12419351/Tig-filler-wires.pdf HTTP/2" 404 796 "-" "meta-externalagent/1.1 (+https://developers.facebook.com/docs/sharing/webmasters/crawler)"
57.141.0.14 - - [30/Aug/2025:23:23:54 +0530] "GET /shopdetail/22763117/Hot-metal-spray-powders.pdf HTTP/2" 404 796 "-" "meta-externalagent/1.1 (+https://developers.facebook.com/docs/sharing/webmasters/crawler)"
57.141.0.2 - - [30/Aug/2025:23:32:46 +0530] "GET /shopdetail/7356662/Hot-metal-spray-powders.pdf HTTP/2" 404 796 "-" "meta-externalagent/1.1 (+https://developers.facebook.com/docs/sharing/webmasters/crawler)"
57.141.0.28 - - [30/Aug/2025:23:19:27 +0530] "GET /shopdetail/23107895/WEAR-PLATES.pdf HTTP/2" 404 796 "-" "meta-externalagent/1.1 (+https://developers.facebook.com/docs/sharing/webmasters/crawler)"
57.141.0.25 - - [30/Aug/2025:23:23:55 +0530] "GET /shopdetail/30539917/TUBULAR-ELECTRODES.pdf HTTP/2" 404 796 "-" "meta-externalagent/1.1 (+https://developers.facebook.com/docs/sharing/webmasters/crawler)"
57.141.0.18 - - [30/Aug/2025:23:28:20 +0530] "GET /shopdetail/19720762/ HTTP/2" 404 796 "-" "meta-externalagent/1.1 (+https://developers.facebook.com/docs/sharing/webmasters/crawler)"
57.141.0.30 - - [30/Aug/2025:23:28:20 +0530] "GET /shopdetail/11521739/Hot-metal-spray-powders.pdf HTTP/2" 404 796 "-" "meta-externalagent/1.1 (+https://developers.facebook.com/docs/sharing/webmasters/crawler)"
57.141.0.18 - - [30/Aug/2025:23:28:23 +0530] "GET /shopdetail/29440395/ESAB-Low-Heat-Hardfacing-alloys.pdf HTTP/2" 404 796 "-" "meta-externalagent/1.1 (+https://developers.facebook.com/docs/sharing/webmasters/crawler)"
57.141.0.22 - - [30/Aug/2025:23:32:46 +0530] "GET /shopdetail/9820540/CUTTING-AND-GOUGING.pdf HTTP/2" 404 796 "-" "meta-externalagent/1.1 (+https://developers.facebook.com/docs/sharing/webmasters/crawler)"
57.141.0.19 - - [30/Aug/2025:23:32:48 +0530] "GET /shopdetail/27192517/CAST-IRON.pdf HTTP/2" 404 796 "-" "meta-externalagent/1.1 (+https://developers.facebook.com/docs/sharing/webmasters/crawler)"
192.178.4.99 - - [30/Aug/2025:23:36:19 +0530] "GET /product/edit/16392470 HTTP/1.1" 404 796 "-" "Mozilla/5.0 (Linux; Android 6.0.1; Nexus 5X Build/MMB29P) AppleWebKit/537.36 (KHTML, like Gecko) Chrome/138.0.7204.183 Mobile Safari/537.36 (compatible; Googlebot/2.1; +http://www.google.com/bot.html)"
57.141.0.23 - - [30/Aug/2025:23:37:12 +0530] "GET /shopdetail/10273917/CAST-IRON.pdf HTTP/2" 404 796 "-" "meta-externalagent/1.1 (+https://developers.facebook.com/docs/sharing/webmasters/crawler)"
57.141.0.4 - - [30/Aug/2025:23:41:38 +0530] "GET /shopdetail/12322739/Flux-cored-wires.pdf HTTP/2" 404 796 "-" "meta-externalagent/1.1 (+https://developers.facebook.com/docs/sharing/webmasters/crawler)"
57.141.0.18 - - [30/Aug/2025:23:37:12 +0530] "GET /shopdetail/9123862/Flux-cored-wires.pdf HTTP/2" 404 796 "-" "meta-externalagent/1.1 (+https://developers.facebook.com/docs/sharing/webmasters/crawler)"
209.141.43.190 - - [30/Aug/2025:23:37:13 +0530] "POST /wp-json/sure-triggers/v1/automation/action HTTP/1.1" 404 796 "-" "Mozilla/5.0 (Macintosh; Intel Mac OS X 10_15_7) AppleWebKit/537.36 (KHTML, like Gecko) Chrome/113.0.0.0 Safari/537.36"
57.141.0.14 - - [30/Aug/2025:23:37:14 +0530] "GET /shopdetail/27328373/EQUIPMENTS.pdf HTTP/2" 404 796 "-" "meta-externalagent/1.1 (+https://developers.facebook.com/docs/sharing/webmasters/crawler)"
209.141.43.190 - - [30/Aug/2025:23:37:33 +0530] "GET / HTTP/1.1" 200 5472 "http://www.google.com.hk" "Mozilla/5.0 (Windows NT 6.1; WOW64) AppleWebKit/537.36 (KHTML, like Gecko) Chrome/42.0.2311.90 Safari/537.36"
57.141.0.26 - - [30/Aug/2025:23:41:38 +0530] "GET /shopdetail/9217717/ HTTP/2" 404 796 "-" "meta-externalagent/1.1 (+https://developers.facebook.com/docs/sharing/webmasters/crawler)"
57.141.0.2 - - [30/Aug/2025:23:41:40 +0530] "GET /shopdetail/11362751/Steel-and-Dissimilar-Steel-Joining-Alloys.pdf HTTP/2" 404 796 "-" "meta-externalagent/1.1 (+https://developers.facebook.com/docs/sharing/webmasters/crawler)"
57.141.0.24 - - [30/Aug/2025:23:41:41 +0530] "GET /shopdetail/27980940/ HTTP/2" 404 796 "-" "meta-externalagent/1.1 (+https://developers.facebook.com/docs/sharing/webmasters/crawler)"
192.178.4.98 - - [30/Aug/2025:23:43:14 +0530] "GET /shopdetail/22882340/ HTTP/1.1" 404 796 "-" "Mozilla/5.0 (Linux; Android 6.0.1; Nexus 5X Build/MMB29P) AppleWebKit/537.36 (KHTML, like Gecko) Chrome/138.0.7204.183 Mobile Safari/537.36 (compatible; Googlebot/2.1; +http://www.google.com/bot.html)"
57.141.0.21 - - [30/Aug/2025:23:46:04 +0530] "GET /shopdetail/20233262/Tig-filler-wires.pdf HTTP/2" 404 796 "-" "meta-externalagent/1.1 (+https://developers.facebook.com/docs/sharing/webmasters/crawler)"
57.141.0.8 - - [30/Aug/2025:23:46:06 +0530] "GET /shopdetail/23682873/Steel-and-Dissimilar-Steel-Joining-Alloys.pdf HTTP/2" 404 796 "-" "meta-externalagent/1.1 (+https://developers.facebook.com/docs/sharing/webmasters/crawler)"
57.141.0.8 - - [30/Aug/2025:23:46:07 +0530] "GET /shopdetail/4074451/CAST-IRON.pdf HTTP/2" 404 796 "-" "meta-externalagent/1.1 (+https://developers.facebook.com/docs/sharing/webmasters/crawler)"
57.141.0.6 - - [30/Aug/2025:23:50:30 +0530] "GET /shopdetail/15670995/Steel-and-Dissimilar-Steel-Joining-Alloys.pdf HTTP/2" 404 796 "-" "meta-externalagent/1.1 (+https://developers.facebook.com/docs/sharing/webmasters/crawler)"
57.141.0.25 - - [30/Aug/2025:23:50:31 +0530] "GET /shopdetail/23573095/ HTTP/2" 404 796 "-" "meta-externalagent/1.1 (+https://developers.facebook.com/docs/sharing/webmasters/crawler)"
192.178.4.99 - - [30/Aug/2025:23:45:52 +0530] "GET /%E4%BA%AC%E5%95%86%20%E3%83%9F%E3%83%8B%E3%83%83%E3%83%84%E3%83%AC%E3%83%BC%E3%82%B5%E3%83%BC%E3%81%8B%E3%82%89%E3%80%8E%E3%83%9E%E3%82%AF%E3%83%A9%E3%83%BC%E3%83%AC%E3%83%B3F1%20GTR%20%E3%82%AC%E3%83%AB%E3%83%95%E3%83%AC%E3%83%BC%E3%82%B7%E3%83%B3%E3%82%B0 HTTP/1.1" 404 796 "-" "Mozilla/5.0 (Linux; Android 6.0.1; Nexus 5X Build/MMB29P) AppleWebKit/537.36 (KHTML, like Gecko) Chrome/138.0.7204.183 Mobile Safari/537.36 (compatible; GoogleOther)"
57.141.0.8 - - [30/Aug/2025:23:46:04 +0530] "GET /shopdetail/15611717/ HTTP/2" 404 796 "-" "meta-externalagent/1.1 (+https://developers.facebook.com/docs/sharing/webmasters/crawler)"
57.141.0.23 - - [30/Aug/2025:23:50:32 +0530] "GET /shopdetail/3358062/CAST-IRON.pdf HTTP/2" 404 796 "-" "meta-externalagent/1.1 (+https://developers.facebook.com/docs/sharing/webmasters/crawler)"
57.141.0.8 - - [30/Aug/2025:23:50:33 +0530] "GET /shopdetail/1561806/CAST-IRON.pdf HTTP/2" 404 796 "-" "meta-externalagent/1.1 (+https://developers.facebook.com/docs/sharing/webmasters/crawler)"
57.141.0.14 - - [30/Aug/2025:23:54:56 +0530] "GET /shopdetail/18483984/Tig-filler-wires.pdf HTTP/2" 404 796 "-" "meta-externalagent/1.1 (+https://developers.facebook.com/docs/sharing/webmasters/crawler)"
57.141.0.11 - - [30/Aug/2025:23:54:57 +0530] "GET /shopdetail/28801506/CONSUMABLES-RANUSH.pdf HTTP/2" 404 796 "-" "meta-externalagent/1.1 (+https://developers.facebook.com/docs/sharing/webmasters/crawler)"
43.131.45.226 - - [30/Aug/2025:23:58:49 +0530] "GET /shopdetail/18702851/ HTTP/1.1" 404 796 "-" "Mozilla/5.0 (Windows NT 10.0; Win64; x64) AppleWebKit/537.36 (KHTML, like Gecko) Chrome/111.0.0.0 Safari/537.36"
57.141.0.10 - - [30/Aug/2025:23:59:24 +0530] "GET /shopdetail/4478851/CAST-IRON.pdf HTTP/2" 404 796 "-" "meta-externalagent/1.1 (+https://developers.facebook.com/docs/sharing/webmasters/crawler)"
57.141.0.23 - - [30/Aug/2025:23:59:24 +0530] "GET /shopdetail/19662873/NON-FERROUS-ALLOY.pdf HTTP/2" 404 796 "-" "meta-externalagent/1.1 (+https://developers.facebook.com/docs/sharing/webmasters/crawler)"
8.217.209.55 - - [31/Aug/2025:00:00:06 +0530] "GET /robots.txt HTTP/1.1" 404 796 "-" "AliyunSecBot/Aliyun (AliyunSecBot@service.alibaba.com)"
57.141.0.29 - - [31/Aug/2025:00:03:48 +0530] "GET /shopdetail/14138973/Flux-cored-wires.pdf HTTP/2" 404 796 "-" "meta-externalagent/1.1 (+https://developers.facebook.com/docs/sharing/webmasters/crawler)"
57.141.0.24 - - [31/Aug/2025:00:03:51 +0530] "GET /shopdetail/8247739/Flux-cored-wires.pdf HTTP/2" 404 796 "-" "meta-externalagent/1.1 (+https://developers.facebook.com/docs/sharing/webmasters/crawler)"
57.141.0.6 - - [31/Aug/2025:00:08:15 +0530] "GET /shopdetail/2519617/Flux-cored-wires.pdf HTTP/2" 404 796 "-" "meta-externalagent/1.1 (+https://developers.facebook.com/docs/sharing/webmasters/crawler)"
192.178.4.100 - - [30/Aug/2025:23:53:10 +0530] "GET /shopdetail/7578095/ HTTP/1.1" 404 796 "-" "Mozilla/5.0 (Linux; Android 6.0.1; Nexus 5X Build/MMB29P) AppleWebKit/537.36 (KHTML, like Gecko) Chrome/138.0.7204.183 Mobile Safari/537.36 (compatible; Googlebot/2.1; +http://www.google.com/bot.html)"
57.141.0.12 - - [30/Aug/2025:23:54:58 +0530] "GET /shopdetail/15683962/Flux-cored-wires.pdf HTTP/2" 404 796 "-" "meta-externalagent/1.1 (+https://developers.facebook.com/docs/sharing/webmasters/crawler)"
57.141.0.6 - - [30/Aug/2025:23:54:58 +0530] "GET /shopdetail/11403940/Hot-metal-spray-powders.pdf HTTP/2" 404 796 "-" "meta-externalagent/1.1 (+https://developers.facebook.com/docs/sharing/webmasters/crawler)"
192.178.4.98 - - [30/Aug/2025:23:55:05 +0530] "GET /shopdetail/Dell%20Latitude%20E5530%20Review:%20Performance HTTP/1.1" 404 796 "-" "Mozilla/5.0 (Linux; Android 6.0.1; Nexus 5X Build/MMB29P) AppleWebKit/537.36 (KHTML, like Gecko) Chrome/138.0.7204.183 Mobile Safari/537.36 (compatible; Googlebot/2.1; +http://www.google.com/bot.html)"
57.141.0.14 - - [30/Aug/2025:23:59:22 +0530] "GET /shopdetail/18332217/EQUIPMENTS.pdf HTTP/2" 404 796 "-" "meta-externalagent/1.1 (+https://developers.facebook.com/docs/sharing/webmasters/crawler)"
57.141.0.30 - - [30/Aug/2025:23:59:22 +0530] "GET /shopdetail/14768117/Gas-brazing-alloys.pdf HTTP/2" 404 796 "-" "meta-externalagent/1.1 (+https://developers.facebook.com/docs/sharing/webmasters/crawler)"
8.217.183.111 - - [31/Aug/2025:00:00:07 +0530] "GET /?_bd_prev_page=https%3A%2F%2Franush.com%2Fdetail.php%3Fshopdetail%2F18876395%2F&_gl=1%2Atmsfgn%2A_ga%2AMTAxNzI5NjQ3OC4xNzM4OTgwODUz%2A_ga_0VKVKKN4NV%2AMTczODk4MDg1NC4xLjEuMTczODk4MDg1Ny41Ny4wLjA. HTTP/1.1" 200 4729 "-" "AliyunSecBot/Aliyun (AliyunSecBot@service.alibaba.com)"
57.141.0.12 - - [31/Aug/2025:00:03:49 +0530] "GET /shopdetail/17989062/Tig-filler-wires.pdf HTTP/2" 404 796 "-" "meta-externalagent/1.1 (+https://developers.facebook.com/docs/sharing/webmasters/crawler)"
57.141.0.18 - - [31/Aug/2025:00:08:14 +0530] "GET /shopdetail/5671506/ESAB-Low-Heat-Hardfacing-alloys.pdf HTTP/2" 404 796 "-" "meta-externalagent/1.1 (+https://developers.facebook.com/docs/sharing/webmasters/crawler)"
57.141.0.12 - - [31/Aug/2025:00:08:17 +0530] "GET /shopdetail/3053340/Tig-filler-wires.pdf HTTP/2" 404 796 "-" "meta-externalagent/1.1 (+https://developers.facebook.com/docs/sharing/webmasters/crawler)"
192.178.4.100 - - [31/Aug/2025:00:12:02 +0530] "GET /shopdetail/%E3%82%92%E3%81%84%E3%81%9F%E3%81%A0%E3%81%84%E2%94%B9%20Apuweiser-riche%20by%20%E3%81%A8%E3%82%82%E3%81%A1%E3%82%83%E3%81%BE HTTP/1.1" 404 796 "-" "Mozilla/5.0 (Linux; Android 6.0.1; Nexus 5X Build/MMB29P) AppleWebKit/537.36 (KHTML, like Gecko) Chrome/138.0.7204.183 Mobile Safari/537.36 (compatible; Googlebot/2.1; +http://www.google.com/bot.html)"
57.141.0.10 - - [31/Aug/2025:00:12:40 +0530] "GET /shopdetail/4345928/EQUIPMENTS.pdf HTTP/2" 404 796 "-" "meta-externalagent/1.1 (+https://developers.facebook.com/docs/sharing/webmasters/crawler)"
57.141.0.27 - - [31/Aug/2025:00:12:42 +0530] "GET /shopdetail/10621784/Steel-and-Dissimilar-Steel-Joining-Alloys.pdf HTTP/2" 404 796 "-" "meta-externalagent/1.1 (+https://developers.facebook.com/docs/sharing/webmasters/crawler)"
57.141.0.21 - - [31/Aug/2025:00:12:43 +0530] "GET /shopdetail/16295851/Tig-filler-wires.pdf HTTP/2" 404 796 "-" "meta-externalagent/1.1 (+https://developers.facebook.com/docs/sharing/webmasters/crawler)"
8.210.218.201 - - [31/Aug/2025:00:14:08 +0530] "GET /sitemap229.xml HTTP/2" 404 796 "-" "Mozilla/5.0 (Macintosh; Intel Mac OS X 10_15_7) AppleWebKit/537.36 (KHTML, like Gecko) Chrome/109.0.0.0 Safari/537.36"
45.235.202.222 - - [31/Aug/2025:00:16:05 +0530] "GET /plasmacutting.php HTTP/1.1" 200 5024 "-" "Mozilla/5.0 (Macintosh; Intel Mac OS X 10_7_3) AppleWebKit/537.36 (KHTML, like Gecko, Mediapartners-Google) Chrome/77.0.3865.99 Safari/537.36"
57.141.0.4 - - [31/Aug/2025:00:17:06 +0530] "GET /shopdetail/1834106/CAST-IRON.pdf HTTP/2" 404 796 "-" "meta-externalagent/1.1 (+https://developers.facebook.com/docs/sharing/webmasters/crawler)"
57.141.0.22 - - [31/Aug/2025:00:17:10 +0530] "GET /shopdetail/30431640/CONSUMABLES-RANUSH.pdf HTTP/2" 404 796 "-" "meta-externalagent/1.1 (+https://developers.facebook.com/docs/sharing/webmasters/crawler)"
192.178.4.99 - - [31/Aug/2025:00:19:45 +0530] "GET /%E3%83%9F%E3%83%8B%E3%83%83%E3%83%84%E3%80%80%E4%BA%AC%E5%95%86%E3%82%AA%E3%83%BC%E3%83%88%E3%82%B9%E3%82%B1%E3%83%BC%E3%83%AB%E3%80%80%E3%83%9E%E3%82%AF%E3%83%A9%E3%83%BC%E3%83%AC%E3%83%B3%E3%80%80F1%E3%80%80GTR%20%E3%82%AC%E3%83%AB%E3%83%95%E3%83%AC%E3%83%BC%E3%82%B7%E3%83%B3%E3%82%B0 HTTP/1.1" 404 796 "-" "Mozilla/5.0 (Linux; Android 6.0.1; Nexus 5X Build/MMB29P) AppleWebKit/537.36 (KHTML, like Gecko) Chrome/138.0.7204.183 Mobile Safari/537.36 (compatible; GoogleOther)"
185.68.184.85 - - [31/Aug/2025:00:23:01 +0530] "POST /login/?login_only=1 HTTP/1.1" 401 38 "https://webmail.ranush.com/" "Mozilla/5.0 (Windows NT 10.0; Win64; x64) AppleWebKit/537.36 (KHTML, like Gecko) Chrome/90.0.4430.212 Safari/537.36 OPR/76.0.4017.177"
57.141.0.28 - - [31/Aug/2025:00:17:07 +0530] "GET /shopdetail/26243106/NON-FERROUS-ALLOY.pdf HTTP/2" 404 796 "-" "meta-externalagent/1.1 (+https://developers.facebook.com/docs/sharing/webmasters/crawler)"
57.141.0.20 - - [31/Aug/2025:00:21:33 +0530] "GET /shopdetail/1460140/CAST-IRON.pdf HTTP/2" 404 796 "-" "meta-externalagent/1.1 (+https://developers.facebook.com/docs/sharing/webmasters/crawler)"
57.141.0.22 - - [31/Aug/2025:00:21:33 +0530] "GET /shopdetail/29519195/Tig-filler-wires.pdf HTTP/2" 404 796 "-" "meta-externalagent/1.1 (+https://developers.facebook.com/docs/sharing/webmasters/crawler)"
57.141.0.8 - - [31/Aug/2025:00:21:35 +0530] "GET /shopdetail/25348473/CONSUMABLES-RANUSH.pdf HTTP/2" 404 796 "-" "meta-externalagent/1.1 (+https://developers.facebook.com/docs/sharing/webmasters/crawler)"
185.68.184.85 - - [31/Aug/2025:00:23:00 +0530] "GET / HTTP/1.1" 200 12428 "-" "Mozilla/5.0 (Windows NT 10.0; Win64; x64) AppleWebKit/537.36 (KHTML, like Gecko) Chrome/90.0.4430.212 Safari/537.36 OPR/76.0.4017.177"
57.141.0.7 - - [31/Aug/2025:00:25:59 +0530] "GET /shopdetail/27534428/NON-FERROUS-ALLOY.pdf HTTP/2" 404 796 "-" "meta-externalagent/1.1 (+https://developers.facebook.com/docs/sharing/webmasters/crawler)"
57.141.0.16 - - [31/Aug/2025:00:25:59 +0530] "GET /shopdetail/1141140/ESAB-Low-Heat-Hardfacing-alloys.pdf HTTP/2" 404 796 "-" "meta-externalagent/1.1 (+https://developers.facebook.com/docs/sharing/webmasters/crawler)"
57.141.0.16 - - [31/Aug/2025:00:26:01 +0530] "GET /shopdetail/20642417/WEAR-PLATES.pdf HTTP/2" 404 796 "-" "meta-externalagent/1.1 (+https://developers.facebook.com/docs/sharing/webmasters/crawler)"
57.141.0.12 - - [31/Aug/2025:00:26:01 +0530] "GET /shopdetail/11923628/ HTTP/2" 404 796 "-" "meta-externalagent/1.1 (+https://developers.facebook.com/docs/sharing/webmasters/crawler)"
192.178.4.100 - - [31/Aug/2025:00:27:44 +0530] "GET /shopdetail/30417473/ HTTP/1.1" 404 796 "-" "Mozilla/5.0 (Linux; Android 6.0.1; Nexus 5X Build/MMB29P) AppleWebKit/537.36 (KHTML, like Gecko) Chrome/138.0.7204.183 Mobile Safari/537.36 (compatible; Googlebot/2.1; +http://www.google.com/bot.html)"
57.141.0.7 - - [31/Aug/2025:00:30:25 +0530] "GET /shopdetail/13043539/ HTTP/2" 404 796 "-" "meta-externalagent/1.1 (+https://developers.facebook.com/docs/sharing/webmasters/crawler)"
57.141.0.17 - - [31/Aug/2025:00:30:25 +0530] "GET /shopdetail/25308295/NON-FERROUS-ALLOY.pdf HTTP/2" 404 796 "-" "meta-externalagent/1.1 (+https://developers.facebook.com/docs/sharing/webmasters/crawler)"
57.141.0.1 - - [31/Aug/2025:00:34:51 +0530] "GET /shopdetail/2541717/Tig-filler-wires.pdf HTTP/2" 404 796 "-" "meta-externalagent/1.1 (+https://developers.facebook.com/docs/sharing/webmasters/crawler)"
57.141.0.23 - - [31/Aug/2025:00:34:53 +0530] "GET /shopdetail/8428039/WEAR-PLATES.pdf HTTP/2" 404 796 "-" "meta-externalagent/1.1 (+https://developers.facebook.com/docs/sharing/webmasters/crawler)"
57.141.0.20 - - [31/Aug/2025:00:39:17 +0530] "GET /shopdetail/28986517/ESAB-Low-Heat-Hardfacing-alloys.pdf HTTP/2" 404 796 "-" "meta-externalagent/1.1 (+https://developers.facebook.com/docs/sharing/webmasters/crawler)"
57.141.0.18 - - [31/Aug/2025:00:39:19 +0530] "GET /shopdetail/20782840/WEAR-PLATES.pdf HTTP/2" 404 796 "-" "meta-externalagent/1.1 (+https://developers.facebook.com/docs/sharing/webmasters/crawler)"
57.141.0.28 - - [31/Aug/2025:00:39:20 +0530] "GET /shopdetail/7945551/CONSUMABLES-RANUSH.pdf HTTP/2" 404 796 "-" "meta-externalagent/1.1 (+https://developers.facebook.com/docs/sharing/webmasters/crawler)"
78.137.213.135 - - [31/Aug/2025:00:42:42 +0530] "GET /index-2.html HTTP/1.1" 404 796 "-" "Mozilla/5.0 (Macintosh; Intel Mac OS X 10_11_6) AppleWebKit/537.36 (KHTML, like Gecko) Brave Chrome/80.0.3987.116 Safari/537.36"
186.224.150.111 - - [31/Aug/2025:00:27:54 +0530] "GET /?_bd_prev_page=https%3A%2F%2Franush.com%2Fdetail.php%3Fshopdetail%2F21377928%2F&_gl=1%2Atmsfgn%2A_ga%2AMTAxNzI5NjQ3OC4xNzM4OTgwODUz%2A_ga_0VKVKKN4NV%2AMTczODk4MDg1NC4xLjEuMTczODk4MDg1Ny41Ny4wLjA. HTTP/1.1" 200 5472 "-" "Mozilla/5.0 (Windows NT 6.1; Win64; x64) AppleWebKit/537.36 (KHTML, like Gecko) Chrome/83.0.4103.116 Safari/537.36"
57.141.0.27 - - [31/Aug/2025:00:30:27 +0530] "GET /shopdetail/5409539/WEAR-PLATES.pdf HTTP/2" 404 796 "-" "meta-externalagent/1.1 (+https://developers.facebook.com/docs/sharing/webmasters/crawler)"
57.141.0.30 - - [31/Aug/2025:00:30:27 +0530] "GET /shopdetail/19301340/NON-FERROUS-ALLOY.pdf HTTP/2" 404 796 "-" "meta-externalagent/1.1 (+https://developers.facebook.com/docs/sharing/webmasters/crawler)"
57.141.0.12 - - [31/Aug/2025:00:34:51 +0530] "GET /shopdetail/4567851/Hot-metal-spray-powders.pdf HTTP/2" 404 796 "-" "meta-externalagent/1.1 (+https://developers.facebook.com/docs/sharing/webmasters/crawler)"
57.141.0.3 - - [31/Aug/2025:00:34:53 +0530] "GET /shopdetail/12444639/EQUIPMENTS.pdf HTTP/2" 404 796 "-" "meta-externalagent/1.1 (+https://developers.facebook.com/docs/sharing/webmasters/crawler)"
192.178.4.99 - - [31/Aug/2025:00:38:04 +0530] "GET /shopdetail/%E9%9D%92%E5%B1%B1%E5%AD%A6%E9%99%A2%E5%88%9D%E7%AD%89%E9%83%A8%E3%80%91%E8%A9%A6%E9%A8%93%E5%86%85%E5%AE%B9%E3%82%92%E5%88%86%E6%9E%90%E3%80%82%E9%81%8E%E5%8E%BB%E5%95%8F%E9%A1%8C%E3%81%8B%E3%82%89%E3%82%8F%E3%81%8B%E3%82%8B%E3%81%93%E3%81%A8%E3%80%82%EF%BD%9C%E7%B5%B6%E5%AF%BE%E5%90%88%E6%A0%BC HTTP/1.1" 404 796 "-" "Googlebot-Image/1.0"
57.141.0.6 - - [31/Aug/2025:00:39:17 +0530] "GET /shopdetail/11312817/CUTTING-AND-GOUGING.pdf HTTP/2" 404 796 "-" "meta-externalagent/1.1 (+https://developers.facebook.com/docs/sharing/webmasters/crawler)"
57.141.0.1 - - [31/Aug/2025:00:43:43 +0530] "GET /shopdetail/3492051/welding.php HTTP/2" 404 796 "-" "meta-externalagent/1.1 (+https://developers.facebook.com/docs/sharing/webmasters/crawler)"
57.141.0.23 - - [31/Aug/2025:00:43:45 +0530] "GET /shopdetail/2968695/Gas-brazing-alloys.pdf HTTP/2" 404 796 "-" "meta-externalagent/1.1 (+https://developers.facebook.com/docs/sharing/webmasters/crawler)"
57.141.0.27 - - [31/Aug/2025:00:43:45 +0530] "GET /shopdetail/23872551/ESAB-Low-Heat-Hardfacing-alloys.pdf HTTP/2" 404 796 "-" "meta-externalagent/1.1 (+https://developers.facebook.com/docs/sharing/webmasters/crawler)"
4.227.36.4 - - [31/Aug/2025:00:47:34 +0530] "GET /robots.txt HTTP/2" 404 796 "-" "Mozilla/5.0 AppleWebKit/537.36 (KHTML, like Gecko; compatible; GPTBot/1.2; +https://openai.com/gptbot)"
20.171.207.208 - - [31/Aug/2025:00:47:35 +0530] "GET / HTTP/2" 200 4729 "-" "Mozilla/5.0 AppleWebKit/537.36 (KHTML, like Gecko; compatible; GPTBot/1.2; +https://openai.com/gptbot)"
57.141.0.23 - - [31/Aug/2025:00:48:09 +0530] "GET /shopdetail/23021228/Tig-filler-wires.pdf HTTP/2" 404 796 "-" "meta-externalagent/1.1 (+https://developers.facebook.com/docs/sharing/webmasters/crawler)"
57.141.0.23 - - [31/Aug/2025:00:52:35 +0530] "GET /shopdetail/21868040/CAST-IRON.pdf HTTP/2" 404 796 "-" "meta-externalagent/1.1 (+https://developers.facebook.com/docs/sharing/webmasters/crawler)"
57.141.0.25 - - [31/Aug/2025:00:57:02 +0530] "GET /shopdetail/29068495/Tig-filler-wires.pdf HTTP/2" 404 796 "-" "meta-externalagent/1.1 (+https://developers.facebook.com/docs/sharing/webmasters/crawler)"
57.141.0.4 - - [31/Aug/2025:00:57:02 +0530] "GET /shopdetail/30434962/CUTTING-AND-GOUGING.pdf HTTP/2" 404 796 "-" "meta-externalagent/1.1 (+https://developers.facebook.com/docs/sharing/webmasters/crawler)"
57.141.0.22 - - [31/Aug/2025:00:57:03 +0530] "GET /shopdetail/1248928/Tig-filler-wires.pdf HTTP/2" 404 796 "-" "meta-externalagent/1.1 (+https://developers.facebook.com/docs/sharing/webmasters/crawler)"
57.141.0.22 - - [31/Aug/2025:00:43:43 +0530] "GET /shopdetail/26240639/Hot-metal-spray-powders.pdf HTTP/2" 404 796 "-" "meta-externalagent/1.1 (+https://developers.facebook.com/docs/sharing/webmasters/crawler)"
57.141.0.4 - - [31/Aug/2025:00:48:09 +0530] "GET /shopdetail/15764251/WEAR-PLATES.pdf HTTP/2" 404 796 "-" "meta-externalagent/1.1 (+https://developers.facebook.com/docs/sharing/webmasters/crawler)"
57.141.0.27 - - [31/Aug/2025:00:48:11 +0530] "GET /shopdetail/17522184/CUTTING-AND-GOUGING.pdf HTTP/2" 404 796 "-" "meta-externalagent/1.1 (+https://developers.facebook.com/docs/sharing/webmasters/crawler)"
57.141.0.21 - - [31/Aug/2025:00:52:35 +0530] "GET /shopdetail/16927395/NON-FERROUS-ALLOY.pdf HTTP/2" 404 796 "-" "meta-externalagent/1.1 (+https://developers.facebook.com/docs/sharing/webmasters/crawler)"
57.141.0.18 - - [31/Aug/2025:00:52:37 +0530] "GET /shopdetail/1702784/CAST-IRON.pdf HTTP/2" 404 796 "-" "meta-externalagent/1.1 (+https://developers.facebook.com/docs/sharing/webmasters/crawler)"
192.178.4.99 - - [31/Aug/2025:00:54:05 +0530] "GET /shopdetail/7386628/ HTTP/1.1" 404 796 "-" "Mozilla/5.0 (Linux; Android 6.0.1; Nexus 5X Build/MMB29P) AppleWebKit/537.36 (KHTML, like Gecko) Chrome/138.0.7204.183 Mobile Safari/537.36 (compatible; Googlebot/2.1; +http://www.google.com/bot.html)"
57.141.0.1 - - [31/Aug/2025:01:01:27 +0530] "GET /shopdetail/19681906/ESAB-Low-Heat-Hardfacing-alloys.pdf HTTP/2" 404 796 "-" "meta-externalagent/1.1 (+https://developers.facebook.com/docs/sharing/webmasters/crawler)"
57.141.0.19 - - [31/Aug/2025:01:01:30 +0530] "GET /shopdetail/18924717/CUTTING-AND-GOUGING.pdf HTTP/2" 404 796 "-" "meta-externalagent/1.1 (+https://developers.facebook.com/docs/sharing/webmasters/crawler)"
57.141.0.6 - - [31/Aug/2025:01:05:53 +0530] "GET /shopdetail/14208273/CUTTING-AND-GOUGING.pdf HTTP/2" 404 796 "-" "meta-externalagent/1.1 (+https://developers.facebook.com/docs/sharing/webmasters/crawler)"
57.141.0.12 - - [31/Aug/2025:01:05:58 +0530] "GET /shopdetail/2656162/ESAB-Low-Heat-Hardfacing-alloys.pdf HTTP/2" 404 796 "-" "meta-externalagent/1.1 (+https://developers.facebook.com/docs/sharing/webmasters/crawler)"
200.202.98.173 - - [31/Aug/2025:01:06:20 +0530] "GET /shopdetail/21481962/ HTTP/1.1" 404 796 "-" "Mozilla/5.0 (Macintosh; Intel Mac OS X 10_14_6) AppleWebKit/537.36 (KHTML, like Gecko) Chrome/99.0.4844.84 Safari/537.36"
57.141.0.2 - - [31/Aug/2025:01:10:19 +0530] "GET /shopdetail/12454762/EQUIPMENTS.pdf HTTP/2" 404 796 "-" "meta-externalagent/1.1 (+https://developers.facebook.com/docs/sharing/webmasters/crawler)"
57.141.0.29 - - [31/Aug/2025:01:10:20 +0530] "GET /shopdetail/6162906/CUTTING-AND-GOUGING.pdf HTTP/2" 404 796 "-" "meta-externalagent/1.1 (+https://developers.facebook.com/docs/sharing/webmasters/crawler)"
57.141.0.8 - - [31/Aug/2025:01:10:22 +0530] "GET /shopdetail/10518639/ HTTP/2" 404 796 "-" "meta-externalagent/1.1 (+https://developers.facebook.com/docs/sharing/webmasters/crawler)"
57.141.0.18 - - [31/Aug/2025:01:01:28 +0530] "GET /shopdetail/4788239/EQUIPMENTS.pdf HTTP/2" 404 796 "-" "meta-externalagent/1.1 (+https://developers.facebook.com/docs/sharing/webmasters/crawler)"
57.141.0.21 - - [31/Aug/2025:01:05:53 +0530] "GET /shopdetail/18549406/CUTTING-AND-GOUGING.pdf HTTP/2" 404 796 "-" "meta-externalagent/1.1 (+https://developers.facebook.com/docs/sharing/webmasters/crawler)"
57.141.0.22 - - [31/Aug/2025:01:10:22 +0530] "GET /shopdetail/23921462/CONSUMABLES-RANUSH.pdf HTTP/2" 404 796 "-" "meta-externalagent/1.1 (+https://developers.facebook.com/docs/sharing/webmasters/crawler)"
57.141.0.16 - - [31/Aug/2025:01:14:46 +0530] "GET /shopdetail/3542939/CUTTING-AND-GOUGING.pdf HTTP/2" 404 796 "-" "meta-externalagent/1.1 (+https://developers.facebook.com/docs/sharing/webmasters/crawler)"
57.141.0.25 - - [31/Aug/2025:01:14:46 +0530] "GET /shopdetail/7248839/ HTTP/2" 404 796 "-" "meta-externalagent/1.1 (+https://developers.facebook.com/docs/sharing/webmasters/crawler)"
57.141.0.10 - - [31/Aug/2025:01:14:47 +0530] "GET /shopdetail/28593062/WEAR-PLATES.pdf HTTP/2" 404 796 "-" "meta-externalagent/1.1 (+https://developers.facebook.com/docs/sharing/webmasters/crawler)"
57.141.0.6 - - [31/Aug/2025:01:14:48 +0530] "GET /shopdetail/7279817/ HTTP/2" 404 796 "-" "meta-externalagent/1.1 (+https://developers.facebook.com/docs/sharing/webmasters/crawler)"
57.141.0.25 - - [31/Aug/2025:01:19:14 +0530] "GET /shopdetail/1129784/Gas-brazing-alloys.pdf HTTP/2" 404 796 "-" "meta-externalagent/1.1 (+https://developers.facebook.com/docs/sharing/webmasters/crawler)"
57.141.0.21 - - [31/Aug/2025:01:23:38 +0530] "GET /shopdetail/4950006/CUTTING-AND-GOUGING.pdf HTTP/2" 404 796 "-" "meta-externalagent/1.1 (+https://developers.facebook.com/docs/sharing/webmasters/crawler)"
57.141.0.2 - - [31/Aug/2025:01:23:40 +0530] "GET /shopdetail/8775239/Gas-brazing-alloys.pdf HTTP/2" 404 796 "-" "meta-externalagent/1.1 (+https://developers.facebook.com/docs/sharing/webmasters/crawler)"
57.141.0.14 - - [31/Aug/2025:01:28:04 +0530] "GET /shopdetail/12297062/NON-FERROUS-ALLOY.pdf HTTP/2" 404 796 "-" "meta-externalagent/1.1 (+https://developers.facebook.com/docs/sharing/webmasters/crawler)"
192.178.4.99 - - [31/Aug/2025:01:31:19 +0530] "GET /shopdetail/276757288 HTTP/1.1" 404 796 "-" "Mozilla/5.0 (Linux; Android 6.0.1; Nexus 5X Build/MMB29P) AppleWebKit/537.36 (KHTML, like Gecko) Chrome/138.0.7204.183 Mobile Safari/537.36 (compatible; Googlebot/2.1; +http://www.google.com/bot.html)"
192.178.4.100 - - [31/Aug/2025:01:18:42 +0530] "GET /shopdetail/7851728/ HTTP/1.1" 404 796 "-" "Mozilla/5.0 (Linux; Android 6.0.1; Nexus 5X Build/MMB29P) AppleWebKit/537.36 (KHTML, like Gecko) Chrome/138.0.7204.183 Mobile Safari/537.36 (compatible; Googlebot/2.1; +http://www.google.com/bot.html)"
57.141.0.23 - - [31/Aug/2025:01:19:12 +0530] "GET /shopdetail/27056228/ HTTP/2" 404 796 "-" "meta-externalagent/1.1 (+https://developers.facebook.com/docs/sharing/webmasters/crawler)"
57.141.0.28 - - [31/Aug/2025:01:19:12 +0530] "GET /shopdetail/18985040/CONSUMABLES-RANUSH.pdf HTTP/2" 404 796 "-" "meta-externalagent/1.1 (+https://developers.facebook.com/docs/sharing/webmasters/crawler)"
57.141.0.7 - - [31/Aug/2025:01:19:14 +0530] "GET /shopdetail/13420462/NON-FERROUS-ALLOY.pdf HTTP/2" 404 796 "-" "meta-externalagent/1.1 (+https://developers.facebook.com/docs/sharing/webmasters/crawler)"
57.141.0.27 - - [31/Aug/2025:01:23:38 +0530] "GET /shopdetail/2807939/Tig-filler-wires.pdf HTTP/2" 404 796 "-" "meta-externalagent/1.1 (+https://developers.facebook.com/docs/sharing/webmasters/crawler)"
57.141.0.7 - - [31/Aug/2025:01:23:40 +0530] "GET /shopdetail/23557773/ HTTP/2" 404 796 "-" "meta-externalagent/1.1 (+https://developers.facebook.com/docs/sharing/webmasters/crawler)"
57.141.0.21 - - [31/Aug/2025:01:28:03 +0530] "GET /shopdetail/29976595/Flux-cored-wires.pdf HTTP/2" 404 796 "-" "meta-externalagent/1.1 (+https://developers.facebook.com/docs/sharing/webmasters/crawler)"
57.141.0.7 - - [31/Aug/2025:01:28:06 +0530] "GET /shopdetail/7098173/CUTTING-AND-GOUGING.pdf HTTP/2" 404 796 "-" "meta-externalagent/1.1 (+https://developers.facebook.com/docs/sharing/webmasters/crawler)"
57.141.0.5 - - [31/Aug/2025:01:28:06 +0530] "GET /shopdetail/4209284/WEAR-PLATES.pdf HTTP/2" 404 796 "-" "meta-externalagent/1.1 (+https://developers.facebook.com/docs/sharing/webmasters/crawler)"
57.141.0.4 - - [31/Aug/2025:01:32:29 +0530] "GET /shopdetail/24785817/Tig-filler-wires.pdf HTTP/2" 404 796 "-" "meta-externalagent/1.1 (+https://developers.facebook.com/docs/sharing/webmasters/crawler)"
57.141.0.19 - - [31/Aug/2025:01:32:30 +0530] "GET /shopdetail/14854962/Gas-brazing-alloys.pdf HTTP/2" 404 796 "-" "meta-externalagent/1.1 (+https://developers.facebook.com/docs/sharing/webmasters/crawler)"
57.141.0.16 - - [31/Aug/2025:01:32:32 +0530] "GET /shopdetail/24886306/Hot-metal-spray-powders.pdf HTTP/2" 404 796 "-" "meta-externalagent/1.1 (+https://developers.facebook.com/docs/sharing/webmasters/crawler)"
177.221.189.244 - - [31/Aug/2025:01:36:36 +0530] "GET /admin/blog/13098202_WhatsApp%20Image%202018-02-26%20at%2012.36.14%20(1).jpeg HTTP/1.1" 200 105377 "-" "Mozilla/5.0 (Windows NT 10.0; Win64; x64) AppleWebKit/537.36 (KHTML, like Gecko) Chrome/102.0.5005.49 Safari/537.36"
57.141.0.7 - - [31/Aug/2025:01:36:56 +0530] "GET /shopdetail/3860306/ HTTP/2" 404 796 "-" "meta-externalagent/1.1 (+https://developers.facebook.com/docs/sharing/webmasters/crawler)"
57.141.0.28 - - [31/Aug/2025:01:41:22 +0530] "GET /shopdetail/23603284/Gas-brazing-alloys.pdf HTTP/2" 404 796 "-" "meta-externalagent/1.1 (+https://developers.facebook.com/docs/sharing/webmasters/crawler)"
176.241.84.41 - - [31/Aug/2025:01:44:12 +0530] "GET /admin/blog/49849074_WhatsApp%20Image%202018-07-11%20at%2013.38.56.jpeg HTTP/1.1" 200 118883 "-" "Mozilla/5.0 (Windows NT 6.1; Win64; x64) AppleWebKit/537.36 (KHTML, like Gecko) Chrome/91.0.4472.164 Safari/537.36"
57.141.0.11 - - [31/Aug/2025:01:45:48 +0530] "GET /shopdetail/29995828/ HTTP/2" 404 796 "-" "meta-externalagent/1.1 (+https://developers.facebook.com/docs/sharing/webmasters/crawler)"
57.141.0.12 - - [31/Aug/2025:01:45:48 +0530] "GET /shopdetail/17144762/TUBULAR-ELECTRODES.pdf HTTP/2" 404 796 "-" "meta-externalagent/1.1 (+https://developers.facebook.com/docs/sharing/webmasters/crawler)"
192.178.4.99 - - [31/Aug/2025:01:35:34 +0530] "GET /shopdetail/20957806/ HTTP/1.1" 404 796 "-" "Mozilla/5.0 (Linux; Android 6.0.1; Nexus 5X Build/MMB29P) AppleWebKit/537.36 (KHTML, like Gecko) Chrome/138.0.7204.183 Mobile Safari/537.36 (compatible; Googlebot/2.1; +http://www.google.com/bot.html)"
57.141.0.14 - - [31/Aug/2025:01:36:56 +0530] "GET /shopdetail/26039139/CUTTING-AND-GOUGING.pdf HTTP/2" 404 796 "-" "meta-externalagent/1.1 (+https://developers.facebook.com/docs/sharing/webmasters/crawler)"
57.141.0.11 - - [31/Aug/2025:01:36:58 +0530] "GET /shopdetail/3822895/EQUIPMENTS.pdf HTTP/2" 404 796 "-" "meta-externalagent/1.1 (+https://developers.facebook.com/docs/sharing/webmasters/crawler)"
57.141.0.23 - - [31/Aug/2025:01:41:22 +0530] "GET /shopdetail/5420206/WEAR-PLATES.pdf HTTP/2" 404 796 "-" "meta-externalagent/1.1 (+https://developers.facebook.com/docs/sharing/webmasters/crawler)"
57.141.0.30 - - [31/Aug/2025:01:41:24 +0530] "GET /shopdetail/17572251/WEAR-PLATES.pdf HTTP/2" 404 796 "-" "meta-externalagent/1.1 (+https://developers.facebook.com/docs/sharing/webmasters/crawler)"
47.15.113.92 - - [31/Aug/2025:01:41:53 +0530] "GET /shopdetail/19010939/plasmacutting.php HTTP/1.1" 404 796 "-" "Mozilla/5.0 (Macintosh; Intel Mac OS X 10_15_7) AppleWebKit/537.36 (KHTML, like Gecko) Chrome/92.0.4515.69 Safari/537.36"
57.141.0.12 - - [31/Aug/2025:01:45:50 +0530] "GET /shopdetail/11163195/Flux-cored-wires.pdf HTTP/2" 404 796 "-" "meta-externalagent/1.1 (+https://developers.facebook.com/docs/sharing/webmasters/crawler)"
57.141.0.10 - - [31/Aug/2025:01:50:15 +0530] "GET /shopdetail/1383184/Steel-and-Dissimilar-Steel-Joining-Alloys.pdf HTTP/2" 404 796 "-" "meta-externalagent/1.1 (+https://developers.facebook.com/docs/sharing/webmasters/crawler)"
57.141.0.25 - - [31/Aug/2025:01:54:40 +0530] "GET /shopdetail/18113428/gallery.php HTTP/2" 404 796 "-" "meta-externalagent/1.1 (+https://developers.facebook.com/docs/sharing/webmasters/crawler)"
57.141.0.2 - - [31/Aug/2025:01:54:40 +0530] "GET /shopdetail/7630851/NON-FERROUS-ALLOY.pdf HTTP/2" 404 796 "-" "meta-externalagent/1.1 (+https://developers.facebook.com/docs/sharing/webmasters/crawler)"
57.141.0.10 - - [31/Aug/2025:01:54:43 +0530] "GET /shopdetail/1811851/Tig-filler-wires.pdf HTTP/2" 404 796 "-" "meta-externalagent/1.1 (+https://developers.facebook.com/docs/sharing/webmasters/crawler)"
57.141.0.15 - - [31/Aug/2025:01:50:15 +0530] "GET /shopdetail/872551/NON-FERROUS-ALLOY.pdf HTTP/2" 404 796 "-" "meta-externalagent/1.1 (+https://developers.facebook.com/docs/sharing/webmasters/crawler)"
57.141.0.25 - - [31/Aug/2025:01:50:17 +0530] "GET /shopdetail/8645917/EQUIPMENTS.pdf HTTP/2" 404 796 "-" "meta-externalagent/1.1 (+https://developers.facebook.com/docs/sharing/webmasters/crawler)"
57.141.0.14 - - [31/Aug/2025:01:54:43 +0530] "GET /shopdetail/29036539/CAST-IRON.pdf HTTP/2" 404 796 "-" "meta-externalagent/1.1 (+https://developers.facebook.com/docs/sharing/webmasters/crawler)"
192.178.4.99 - - [31/Aug/2025:01:54:54 +0530] "GET /shopdetail/25238340/ HTTP/1.1" 404 796 "-" "Mozilla/5.0 (Linux; Android 6.0.1; Nexus 5X Build/MMB29P) AppleWebKit/537.36 (KHTML, like Gecko) Chrome/138.0.7204.183 Mobile Safari/537.36 (compatible; Googlebot/2.1; +http://www.google.com/bot.html)"
57.141.0.8 - - [31/Aug/2025:01:59:07 +0530] "GET /shopdetail/4510973/welding.php HTTP/2" 404 796 "-" "meta-externalagent/1.1 (+https://developers.facebook.com/docs/sharing/webmasters/crawler)"
57.141.0.25 - - [31/Aug/2025:01:59:07 +0530] "GET /shopdetail/24593617/Hot-metal-spray-powders.pdf HTTP/2" 404 796 "-" "meta-externalagent/1.1 (+https://developers.facebook.com/docs/sharing/webmasters/crawler)"
57.141.0.14 - - [31/Aug/2025:01:59:08 +0530] "GET /shopdetail/26380040/EQUIPMENTS.pdf HTTP/2" 404 796 "-" "meta-externalagent/1.1 (+https://developers.facebook.com/docs/sharing/webmasters/crawler)"
57.141.0.14 - - [31/Aug/2025:01:59:09 +0530] "GET /shopdetail/29433040/Gas-brazing-alloys.pdf HTTP/2" 404 796 "-" "meta-externalagent/1.1 (+https://developers.facebook.com/docs/sharing/webmasters/crawler)"
156.228.88.209 - - [31/Aug/2025:02:01:07 +0530] "GET /gallery.php?id=3 HTTP/1.1" 200 5954 "-" "Mozilla/5.0 (Linux; Android 9; ASUS_I005DA Build/PI; wv) AppleWebKit/537.36 (KHTML, like Gecko) Version/4.0 Chrome/133.0.6943.122 Mobile"
57.141.0.2 - - [31/Aug/2025:02:03:35 +0530] "GET /shopdetail/5281139/ HTTP/2" 404 796 "-" "meta-externalagent/1.1 (+https://developers.facebook.com/docs/sharing/webmasters/crawler)"
156.228.105.113 - - [31/Aug/2025:02:01:07 +0530] "GET /gallery.php?id=3&id=%27 HTTP/1.1" 200 0 "-" "Mozilla/5.0 (Linux; Android 9; ASUS_I005DA Build/PI; wv) AppleWebKit/537.36 (KHTML, like Gecko) Version/4.0 Chrome/133.0.6943.122 Mobile"
156.228.94.130 - - [31/Aug/2025:02:01:08 +0530] "GET /gallery.php?id=%27 HTTP/1.1" 200 0 "-" "Mozilla/5.0 (Linux; Android 9; ASUS_I005DA Build/PI; wv) AppleWebKit/537.36 (KHTML, like Gecko) Version/4.0 Chrome/133.0.6943.122 Mobile"
154.213.198.161 - - [31/Aug/2025:02:01:09 +0530] "GET /gallery.php?id=3%27 HTTP/1.1" 200 0 "-" "Mozilla/5.0 (Linux; Android 9; ASUS_I005DA Build/PI; wv) AppleWebKit/537.36 (KHTML, like Gecko) Version/4.0 Chrome/133.0.6943.122 Mobile"
192.178.4.98 - - [31/Aug/2025:02:01:31 +0530] "GET /shopdetail/7994140/ HTTP/1.1" 404 796 "-" "Mozilla/5.0 (Linux; Android 6.0.1; Nexus 5X Build/MMB29P) AppleWebKit/537.36 (KHTML, like Gecko) Chrome/138.0.7204.183 Mobile Safari/537.36 (compatible; Googlebot/2.1; +http://www.google.com/bot.html)"
57.141.0.12 - - [31/Aug/2025:02:03:32 +0530] "GET /shopdetail/4968928/ HTTP/2" 404 796 "-" "meta-externalagent/1.1 (+https://developers.facebook.com/docs/sharing/webmasters/crawler)"
57.141.0.27 - - [31/Aug/2025:02:03:32 +0530] "GET /shopdetail/825951/EQUIPMENTS.pdf HTTP/2" 404 796 "-" "meta-externalagent/1.1 (+https://developers.facebook.com/docs/sharing/webmasters/crawler)"
57.141.0.28 - - [31/Aug/2025:02:03:34 +0530] "GET /shopdetail/22779639/EQUIPMENTS.pdf HTTP/2" 404 796 "-" "meta-externalagent/1.1 (+https://developers.facebook.com/docs/sharing/webmasters/crawler)"
57.141.0.2 - - [31/Aug/2025:02:07:58 +0530] "GET /shopdetail/11279217/ HTTP/2" 404 796 "-" "meta-externalagent/1.1 (+https://developers.facebook.com/docs/sharing/webmasters/crawler)"
57.141.0.22 - - [31/Aug/2025:02:08:01 +0530] "GET /shopdetail/10344773/EQUIPMENTS.pdf HTTP/2" 404 796 "-" "meta-externalagent/1.1 (+https://developers.facebook.com/docs/sharing/webmasters/crawler)"
57.141.0.12 - - [31/Aug/2025:02:12:24 +0530] "GET /shopdetail/5766873/ HTTP/2" 404 796 "-" "meta-externalagent/1.1 (+https://developers.facebook.com/docs/sharing/webmasters/crawler)"
57.141.0.26 - - [31/Aug/2025:02:12:27 +0530] "GET /shopdetail/1389095/welding.php HTTP/2" 404 796 "-" "meta-externalagent/1.1 (+https://developers.facebook.com/docs/sharing/webmasters/crawler)"
57.141.0.6 - - [31/Aug/2025:02:16:51 +0530] "GET /shopdetail/9955317/Flux-cored-wires.pdf HTTP/2" 404 796 "-" "meta-externalagent/1.1 (+https://developers.facebook.com/docs/sharing/webmasters/crawler)"
57.141.0.28 - - [31/Aug/2025:02:21:19 +0530] "GET /shopdetail/28075695/ESAB-Low-Heat-Hardfacing-alloys.pdf HTTP/2" 404 796 "-" "meta-externalagent/1.1 (+https://developers.facebook.com/docs/sharing/webmasters/crawler)"
57.141.0.28 - - [31/Aug/2025:02:07:58 +0530] "GET /shopdetail/16438217/Hot-metal-spray-powders.pdf HTTP/2" 404 796 "-" "meta-externalagent/1.1 (+https://developers.facebook.com/docs/sharing/webmasters/crawler)"
57.141.0.25 - - [31/Aug/2025:02:08:01 +0530] "GET /shopdetail/6997339/WEAR-PLATES.pdf HTTP/2" 404 796 "-" "meta-externalagent/1.1 (+https://developers.facebook.com/docs/sharing/webmasters/crawler)"
57.141.0.10 - - [31/Aug/2025:02:12:25 +0530] "GET /shopdetail/14477239/TUBULAR-ELECTRODES.pdf HTTP/2" 404 796 "-" "meta-externalagent/1.1 (+https://developers.facebook.com/docs/sharing/webmasters/crawler)"
57.141.0.15 - - [31/Aug/2025:02:12:27 +0530] "GET /shopdetail/25862817/WEAR-PLATES.pdf HTTP/2" 404 796 "-" "meta-externalagent/1.1 (+https://developers.facebook.com/docs/sharing/webmasters/crawler)"
57.141.0.10 - - [31/Aug/2025:02:16:50 +0530] "GET /shopdetail/20039751/CUTTING-AND-GOUGING.pdf HTTP/2" 404 796 "-" "meta-externalagent/1.1 (+https://developers.facebook.com/docs/sharing/webmasters/crawler)"
57.141.0.26 - - [31/Aug/2025:02:16:53 +0530] "GET /shopdetail/951651/Hot-metal-spray-powders.pdf HTTP/2" 404 796 "-" "meta-externalagent/1.1 (+https://developers.facebook.com/docs/sharing/webmasters/crawler)"
57.141.0.21 - - [31/Aug/2025:02:21:17 +0530] "GET /shopdetail/18591917/Tig-filler-wires.pdf HTTP/2" 404 796 "-" "meta-externalagent/1.1 (+https://developers.facebook.com/docs/sharing/webmasters/crawler)"
57.141.0.4 - - [31/Aug/2025:02:21:17 +0530] "GET /shopdetail/17712395/Flux-cored-wires.pdf HTTP/2" 404 796 "-" "meta-externalagent/1.1 (+https://developers.facebook.com/docs/sharing/webmasters/crawler)"
57.141.0.27 - - [31/Aug/2025:02:25:43 +0530] "GET /shopdetail/6498717/NON-FERROUS-ALLOY.pdf HTTP/2" 404 796 "-" "meta-externalagent/1.1 (+https://developers.facebook.com/docs/sharing/webmasters/crawler)"
192.178.4.98 - - [31/Aug/2025:02:30:27 +0530] "GET /shopdetail/4334384/ HTTP/1.1" 404 796 "-" "Mozilla/5.0 (Linux; Android 6.0.1; Nexus 5X Build/MMB29P) AppleWebKit/537.36 (KHTML, like Gecko) Chrome/138.0.7204.183 Mobile Safari/537.36 (compatible; Googlebot/2.1; +http://www.google.com/bot.html)"
57.141.0.13 - - [31/Aug/2025:02:34:35 +0530] "GET /shopdetail/19799028/ESAB-Low-Heat-Hardfacing-alloys.pdf HTTP/2" 404 796 "-" "meta-externalagent/1.1 (+https://developers.facebook.com/docs/sharing/webmasters/crawler)"
57.141.0.26 - - [31/Aug/2025:02:34:35 +0530] "GET /shopdetail/27595773/Hot-metal-spray-powders.pdf HTTP/2" 404 796 "-" "meta-externalagent/1.1 (+https://developers.facebook.com/docs/sharing/webmasters/crawler)"
192.178.4.98 - - [31/Aug/2025:02:37:03 +0530] "GET /shopdetail/2022%E5%B9%B4%E6%9C%80%E6%96%B0%E3%80%911027n%20chapelier%20herve%20%E3%82%A8%E3%83%AB%E3%83%99%E3%82%B7%E3%83%A3%E3%83%97%E3%83%AA%E3%82%A8%20%E3%83%8A%E3%82%A4%E3%83%AD%E3%83%B3%E8%88%9F%E5%9E%8B HTTP/1.1" 404 796 "-" "Mozilla/5.0 (Linux; Android 6.0.1; Nexus 5X Build/MMB29P) AppleWebKit/537.36 (KHTML, like Gecko) Chrome/138.0.7204.183 Mobile Safari/537.36 (compatible; Googlebot/2.1; +http://www.google.com/bot.html)"
57.141.0.2 - - [31/Aug/2025:02:39:01 +0530] "GET /shopdetail/16599628/ HTTP/2" 404 796 "-" "meta-externalagent/1.1 (+https://developers.facebook.com/docs/sharing/webmasters/crawler)"
57.141.0.2 - - [31/Aug/2025:02:39:03 +0530] "GET /shopdetail/9309251/Tig-filler-wires.pdf HTTP/2" 404 796 "-" "meta-externalagent/1.1 (+https://developers.facebook.com/docs/sharing/webmasters/crawler)"
57.141.0.10 - - [31/Aug/2025:02:25:43 +0530] "GET /shopdetail/3766773/NON-FERROUS-ALLOY.pdf HTTP/2" 404 796 "-" "meta-externalagent/1.1 (+https://developers.facebook.com/docs/sharing/webmasters/crawler)"
57.141.0.2 - - [31/Aug/2025:02:25:45 +0530] "GET /shopdetail/8441562/TUBULAR-ELECTRODES.pdf HTTP/2" 404 796 "-" "meta-externalagent/1.1 (+https://developers.facebook.com/docs/sharing/webmasters/crawler)"
57.141.0.1 - - [31/Aug/2025:02:30:09 +0530] "GET /shopdetail/30235584/WEAR-PLATES.pdf HTTP/2" 404 796 "-" "meta-externalagent/1.1 (+https://developers.facebook.com/docs/sharing/webmasters/crawler)"
57.141.0.22 - - [31/Aug/2025:02:30:09 +0530] "GET /shopdetail/14282839/ HTTP/2" 404 796 "-" "meta-externalagent/1.1 (+https://developers.facebook.com/docs/sharing/webmasters/crawler)"
57.141.0.10 - - [31/Aug/2025:02:30:11 +0530] "GET /shopdetail/14891951/CAST-IRON.pdf HTTP/2" 404 796 "-" "meta-externalagent/1.1 (+https://developers.facebook.com/docs/sharing/webmasters/crawler)"
192.178.16.99 - - [31/Aug/2025:02:31:58 +0530] "GET /product/edit/49192772 HTTP/1.1" 404 796 "-" "Mozilla/5.0 (X11; Linux x86_64) AppleWebKit/537.36 (KHTML, like Gecko) Chrome/139.0.7258.127 Safari/537.36"
57.141.0.8 - - [31/Aug/2025:02:34:37 +0530] "GET /shopdetail/13253406/EQUIPMENTS.pdf HTTP/2" 404 796 "-" "meta-externalagent/1.1 (+https://developers.facebook.com/docs/sharing/webmasters/crawler)"
192.178.4.99 - - [31/Aug/2025:02:37:55 +0530] "GET /shopdetail/19653462/ HTTP/1.1" 404 796 "-" "Mozilla/5.0 (Linux; Android 6.0.1; Nexus 5X Build/MMB29P) AppleWebKit/537.36 (KHTML, like Gecko) Chrome/138.0.7204.183 Mobile Safari/537.36 (compatible; Googlebot/2.1; +http://www.google.com/bot.html)"
57.141.0.25 - - [31/Aug/2025:02:39:01 +0530] "GET /shopdetail/13003995/EQUIPMENTS.pdf HTTP/2" 404 796 "-" "meta-externalagent/1.1 (+https://developers.facebook.com/docs/sharing/webmasters/crawler)"
57.141.0.28 - - [31/Aug/2025:02:39:03 +0530] "GET /shopdetail/17169795/Gas-brazing-alloys.pdf HTTP/2" 404 796 "-" "meta-externalagent/1.1 (+https://developers.facebook.com/docs/sharing/webmasters/crawler)"
57.141.0.11 - - [31/Aug/2025:02:47:53 +0530] "GET /shopdetail/10439362/CONSUMABLES-RANUSH.pdf HTTP/2" 404 796 "-" "meta-externalagent/1.1 (+https://developers.facebook.com/docs/sharing/webmasters/crawler)"
57.141.0.4 - - [31/Aug/2025:02:47:54 +0530] "GET /shopdetail/22720640/CAST-IRON.pdf HTTP/2" 404 796 "-" "meta-externalagent/1.1 (+https://developers.facebook.com/docs/sharing/webmasters/crawler)"
192.178.4.98 - - [31/Aug/2025:02:47:56 +0530] "GET /shopdetail/29665106/ HTTP/1.1" 404 796 "-" "Mozilla/5.0 (Linux; Android 6.0.1; Nexus 5X Build/MMB29P) AppleWebKit/537.36 (KHTML, like Gecko) Chrome/138.0.7204.183 Mobile Safari/537.36 (compatible; Googlebot/2.1; +http://www.google.com/bot.html)"
57.141.0.22 - - [31/Aug/2025:02:43:27 +0530] "GET /shopdetail/10092062/Hot-metal-spray-powders.pdf HTTP/2" 404 796 "-" "meta-externalagent/1.1 (+https://developers.facebook.com/docs/sharing/webmasters/crawler)"
57.141.0.4 - - [31/Aug/2025:02:43:27 +0530] "GET /shopdetail/14686340/ HTTP/2" 404 796 "-" "meta-externalagent/1.1 (+https://developers.facebook.com/docs/sharing/webmasters/crawler)"
57.141.0.23 - - [31/Aug/2025:02:43:29 +0530] "GET /shopdetail/6230339/Steel-and-Dissimilar-Steel-Joining-Alloys.pdf HTTP/2" 404 796 "-" "meta-externalagent/1.1 (+https://developers.facebook.com/docs/sharing/webmasters/crawler)"
57.141.0.20 - - [31/Aug/2025:02:43:30 +0530] "GET /shopdetail/24694551/Tig-filler-wires.pdf HTTP/2" 404 796 "-" "meta-externalagent/1.1 (+https://developers.facebook.com/docs/sharing/webmasters/crawler)"
192.178.4.98 - - [31/Aug/2025:02:43:49 +0530] "GET /shopdetail/1294840/ HTTP/1.1" 404 796 "-" "Mozilla/5.0 (Linux; Android 6.0.1; Nexus 5X Build/MMB29P) AppleWebKit/537.36 (KHTML, like Gecko) Chrome/138.0.7204.183 Mobile Safari/537.36 (compatible; Googlebot/2.1; +http://www.google.com/bot.html)"
57.141.0.21 - - [31/Aug/2025:02:47:56 +0530] "GET /shopdetail/14758240/Hot-metal-spray-powders.pdf HTTP/2" 404 796 "-" "meta-externalagent/1.1 (+https://developers.facebook.com/docs/sharing/webmasters/crawler)"
57.141.0.25 - - [31/Aug/2025:02:47:56 +0530] "GET /shopdetail/26223006/Flux-cored-wires.pdf HTTP/2" 404 796 "-" "meta-externalagent/1.1 (+https://developers.facebook.com/docs/sharing/webmasters/crawler)"
57.141.0.11 - - [31/Aug/2025:02:52:19 +0530] "GET /shopdetail/29795728/ HTTP/2" 404 796 "-" "meta-externalagent/1.1 (+https://developers.facebook.com/docs/sharing/webmasters/crawler)"
57.141.0.25 - - [31/Aug/2025:02:52:21 +0530] "GET /shopdetail/30246540/Tig-filler-wires.pdf HTTP/2" 404 796 "-" "meta-externalagent/1.1 (+https://developers.facebook.com/docs/sharing/webmasters/crawler)"
192.178.4.99 - - [31/Aug/2025:02:54:50 +0530] "GET /assets/custom-slider/css/nivo-slider.css HTTP/1.1" 200 2059 "-" "Mozilla/5.0 (Linux; Android 6.0.1; Nexus 5X Build/MMB29P) AppleWebKit/537.36 (KHTML, like Gecko) Chrome/139.0.7258.127 Mobile Safari/537.36 (compatible; Googlebot/2.1; +http://www.google.com/bot.html)"
