66.249.66.35 - - [29/Aug/2025:21:16:29 +0530] "GET /index.php/zhHant/product/surugaya/71797200?campaign_uid=f64d716db5e979ed2f947dbaf4296895b951ae7f HTTP/1.1" 200 4729 "-" "Mozilla/5.0 (Linux; Android 6.0.1; Nexus 5X Build/MMB29P) AppleWebKit/537.36 (KHTML, like Gecko) Chrome/138.0.7204.183 Mobile Safari/537.36 (compatible; Googlebot/2.1; +http://www.google.com/bot.html)"
114.119.137.184 - - [29/Aug/2025:21:17:42 +0530] "GET /shopdetail/10393351/ HTTP/1.1" 404 796 "-" "Mozilla/5.0 (Linux; Android 7.0;) AppleWebKit/537.36 (KHTML, like Gecko) Mobile Safari/537.36 (compatible; PetalBot;+https://webmaster.petalsearch.com/site/petalbot)"
57.141.4.10 - - [29/Aug/2025:21:18:24 +0530] "GET /shopdetail/5580695/NON-FERROUS-ALLOY.pdf HTTP/2" 404 796 "-" "meta-externalagent/1.1 (+https://developers.facebook.com/docs/sharing/webmasters/crawler)"
66.249.66.34 - - [29/Aug/2025:21:19:29 +0530] "GET /shopdetail/SAINT%20MICHAEL%20%E3%82%BB%E3%83%B3%E3%83%88%E3%83%9E%E3%82%A4%E3%82%B1%E3%83%AB%20L%20%E3%82%B9%E3%82%A6%E3%82%A7%E3%83%83%E3%83%88 HTTP/1.1" 404 796 "-" "Mozilla/5.0 (Linux; Android 6.0.1; Nexus 5X Build/MMB29P) AppleWebKit/537.36 (KHTML, like Gecko) Chrome/138.0.7204.183 Mobile Safari/537.36 (compatible; Googlebot/2.1; +http://www.google.com/bot.html)"
57.141.4.1 - - [29/Aug/2025:21:22:25 +0530] "GET /shopdetail/26506462/gallery.php HTTP/2" 404 796 "-" "meta-externalagent/1.1 (+https://developers.facebook.com/docs/sharing/webmasters/crawler)"
57.141.4.26 - - [29/Aug/2025:21:22:26 +0530] "GET /shopdetail/10858717/ HTTP/2" 404 796 "-" "meta-externalagent/1.1 (+https://developers.facebook.com/docs/sharing/webmasters/crawler)"
57.141.4.29 - - [29/Aug/2025:21:26:24 +0530] "GET /shopdetail/24668440/CONSUMABLES-RANUSH.pdf HTTP/2" 404 796 "-" "meta-externalagent/1.1 (+https://developers.facebook.com/docs/sharing/webmasters/crawler)"
57.141.4.2 - - [29/Aug/2025:21:26:24 +0530] "GET /shopdetail/21683995/Tig-filler-wires.pdf HTTP/2" 404 796 "-" "meta-externalagent/1.1 (+https://developers.facebook.com/docs/sharing/webmasters/crawler)"
66.249.66.34 - - [29/Aug/2025:21:29:28 +0530] "GET /shopdetail/6650106/%3Cimg%20src= HTTP/1.1" 404 796 "-" "Googlebot-Image/1.0"
104.250.53.140 - - [29/Aug/2025:21:30:34 +0530] "GET /sitemap288.xml HTTP/2" 404 796 "-" "Mozilla/5.0 (Macintosh; Intel Mac OS X 10_15_7) AppleWebKit/537.36 (KHTML, like Gecko) Chrome/109.0.0.0 Safari/537.36"
66.249.66.34 - - [29/Aug/2025:21:31:47 +0530] "GET /shopdetail/%E6%B3%A8%E7%9B%AE%20%E3%80%909/10%E3%81%BE%E3%81%A7%E3%80%91%E3%83%8B%E3%83%88%E3%83%AA%20%E3%82%AD%E3%83%83%E3%83%81%E3%83%B3%E3%83%9C%E3%83%BC%E3%83%89%20%E7%99%BD%20%E9%A3%9F%E5%99%A8%E6%A3%9A%20%E5%B9%85120%20%E6%A3%9A/%E3%83%A9%E3%83%83%E3%82%AF HTTP/1.1" 404 796 "-" "Mozilla/5.0 (Linux; Android 6.0.1; Nexus 5X Build/MMB29P) AppleWebKit/537.36 (KHTML, like Gecko) Chrome/138.0.7204.183 Mobile Safari/537.36 (compatible; Googlebot/2.1; +http://www.google.com/bot.html)"
57.141.4.27 - - [29/Aug/2025:21:34:27 +0530] "GET /shopdetail/1175106/ HTTP/2" 404 796 "-" "meta-externalagent/1.1 (+https://developers.facebook.com/docs/sharing/webmasters/crawler)"
66.249.66.35 - - [29/Aug/2025:21:35:03 +0530] "GET /shopdetail/17167340/ HTTP/1.1" 404 796 "-" "Mozilla/5.0 (Linux; Android 6.0.1; Nexus 5X Build/MMB29P) AppleWebKit/537.36 (KHTML, like Gecko) Chrome/138.0.7204.183 Mobile Safari/537.36 (compatible; Googlebot/2.1; +http://www.google.com/bot.html)"
157.51.99.123 - - [29/Aug/2025:21:36:02 +0530] "GET /contact.php HTTP/2" 200 5906 "https://www.google.com/" "Mozilla/5.0 (Linux; Android 10; K) AppleWebKit/537.36 (KHTML, like Gecko) Chrome/139.0.0.0 Mobile Safari/537.36"
157.51.99.123 - - [29/Aug/2025:21:36:02 +0530] "GET /assets/css/font-awesome.min.css HTTP/2" 200 6670 "-" "Mozilla/5.0 (Linux; Android 10; K) AppleWebKit/537.36 (KHTML, like Gecko) Chrome/139.0.0.0 Mobile Safari/537.36"
157.51.99.123 - - [29/Aug/2025:21:36:02 +0530] "GET /assets/css/elegant-icons.css HTTP/2" 200 4389 "-" "Mozilla/5.0 (Linux; Android 10; K) AppleWebKit/537.36 (KHTML, like Gecko) Chrome/139.0.0.0 Mobile Safari/537.36"
157.51.99.123 - - [29/Aug/2025:21:36:02 +0530] "GET /assets/css/stroke-gap-icons.css HTTP/2" 200 48844 "-" "Mozilla/5.0 (Linux; Android 10; K) AppleWebKit/537.36 (KHTML, like Gecko) Chrome/139.0.0.0 Mobile Safari/537.36"
157.51.99.123 - - [29/Aug/2025:21:36:02 +0530] "GET /assets/css/bootstrap.css HTTP/2" 200 20338 "-" "Mozilla/5.0 (Linux; Android 10; K) AppleWebKit/537.36 (KHTML, like Gecko) Chrome/139.0.0.0 Mobile Safari/537.36"
157.51.99.123 - - [29/Aug/2025:21:36:02 +0530] "GET /assets/css/animate.css HTTP/2" 200 3644 "-" "Mozilla/5.0 (Linux; Android 10; K) AppleWebKit/537.36 (KHTML, like Gecko) Chrome/139.0.0.0 Mobile Safari/537.36"
157.51.99.123 - - [29/Aug/2025:21:36:02 +0530] "GET /assets/css/owl.carousel.css HTTP/2" 200 469 "-" "Mozilla/5.0 (Linux; Android 10; K) AppleWebKit/537.36 (KHTML, like Gecko) Chrome/139.0.0.0 Mobile Safari/537.36"
157.51.99.123 - - [29/Aug/2025:21:36:02 +0530] "GET /assets/css/owl.theme.css HTTP/2" 200 508 "-" "Mozilla/5.0 (Linux; Android 10; K) AppleWebKit/537.36 (KHTML, like Gecko) Chrome/139.0.0.0 Mobile Safari/537.36"
157.51.99.123 - - [29/Aug/2025:21:36:02 +0530] "GET /assets/css/owl.transitions.css HTTP/2" 200 652 "-" "Mozilla/5.0 (Linux; Android 10; K) AppleWebKit/537.36 (KHTML, like Gecko) Chrome/139.0.0.0 Mobile Safari/537.36"
157.51.99.123 - - [29/Aug/2025:21:36:02 +0530] "GET /assets/custom-slider/css/nivo-slider.css HTTP/2" 200 2059 "-" "Mozilla/5.0 (Linux; Android 10; K) AppleWebKit/537.36 (KHTML, like Gecko) Chrome/139.0.0.0 Mobile Safari/537.36"
157.51.99.123 - - [29/Aug/2025:21:36:02 +0530] "GET /assets/css/lightbox.min.css HTTP/2" 200 892 "-" "Mozilla/5.0 (Linux; Android 10; K) AppleWebKit/537.36 (KHTML, like Gecko) Chrome/139.0.0.0 Mobile Safari/537.36"
157.51.99.123 - - [29/Aug/2025:21:36:02 +0530] "GET /assets/css/nice-select.css HTTP/2" 200 931 "-" "Mozilla/5.0 (Linux; Android 10; K) AppleWebKit/537.36 (KHTML, like Gecko) Chrome/139.0.0.0 Mobile Safari/537.36"
157.51.99.123 - - [29/Aug/2025:21:36:02 +0530] "GET /assets/css/creative-main.css HTTP/2" 200 8516 "-" "Mozilla/5.0 (Linux; Android 10; K) AppleWebKit/537.36 (KHTML, like Gecko) Chrome/139.0.0.0 Mobile Safari/537.36"
157.51.99.123 - - [29/Aug/2025:21:36:02 +0530] "GET /assets/css/creative-responsive.css HTTP/2" 200 2076 "-" "Mozilla/5.0 (Linux; Android 10; K) AppleWebKit/537.36 (KHTML, like Gecko) Chrome/139.0.0.0 Mobile Safari/537.36"
157.51.99.123 - - [29/Aug/2025:21:36:02 +0530] "GET /assets/js/modernizr-2.8.3.min.js HTTP/2" 200 6009 "-" "Mozilla/5.0 (Linux; Android 10; K) AppleWebKit/537.36 (KHTML, like Gecko) Chrome/139.0.0.0 Mobile Safari/537.36"
157.51.99.123 - - [29/Aug/2025:21:36:03 +0530] "GET /assets/images/logo.png HTTP/2" 200 20374 "-" "Mozilla/5.0 (Linux; Android 10; K) AppleWebKit/537.36 (KHTML, like Gecko) Chrome/139.0.0.0 Mobile Safari/537.36"
157.51.99.123 - - [29/Aug/2025:21:36:03 +0530] "GET /assets/images/contact/images2.jpg HTTP/2" 200 6639 "-" "Mozilla/5.0 (Linux; Android 10; K) AppleWebKit/537.36 (KHTML, like Gecko) Chrome/139.0.0.0 Mobile Safari/537.36"
157.51.99.123 - - [29/Aug/2025:21:36:03 +0530] "GET /assets/js/bootstrap.min.js HTTP/2" 200 9515 "-" "Mozilla/5.0 (Linux; Android 10; K) AppleWebKit/537.36 (KHTML, like Gecko) Chrome/139.0.0.0 Mobile Safari/537.36"
157.51.99.123 - - [29/Aug/2025:21:36:03 +0530] "GET /assets/images/testimonial/2.jpg HTTP/2" 200 6548 "-" "Mozilla/5.0 (Linux; Android 10; K) AppleWebKit/537.36 (KHTML, like Gecko) Chrome/139.0.0.0 Mobile Safari/537.36"
157.51.99.123 - - [29/Aug/2025:21:36:03 +0530] "GET /assets/images/contact/1.jpg HTTP/2" 200 277801 "-" "Mozilla/5.0 (Linux; Android 10; K) AppleWebKit/537.36 (KHTML, like Gecko) Chrome/139.0.0.0 Mobile Safari/537.36"
157.51.99.123 - - [29/Aug/2025:21:36:03 +0530] "GET /assets/js/jquery-1.12.0.min.js HTTP/2" 200 32931 "-" "Mozilla/5.0 (Linux; Android 10; K) AppleWebKit/537.36 (KHTML, like Gecko) Chrome/139.0.0.0 Mobile Safari/537.36"
157.51.99.123 - - [29/Aug/2025:21:36:03 +0530] "GET /assets/js/wow.min.js HTTP/2" 200 2575 "-" "Mozilla/5.0 (Linux; Android 10; K) AppleWebKit/537.36 (KHTML, like Gecko) Chrome/139.0.0.0 Mobile Safari/537.36"
157.51.99.123 - - [29/Aug/2025:21:36:03 +0530] "GET /assets/custom-slider/js/jquery.nivo.slider.js HTTP/2" 200 4649 "-" "Mozilla/5.0 (Linux; Android 10; K) AppleWebKit/537.36 (KHTML, like Gecko) Chrome/139.0.0.0 Mobile Safari/537.36"
157.51.99.123 - - [29/Aug/2025:21:36:03 +0530] "GET /assets/custom-slider/home.js HTTP/2" 200 262 "-" "Mozilla/5.0 (Linux; Android 10; K) AppleWebKit/537.36 (KHTML, like Gecko) Chrome/139.0.0.0 Mobile Safari/537.36"
157.51.99.123 - - [29/Aug/2025:21:36:03 +0530] "GET /assets/images/contact/2.jpg HTTP/2" 200 175802 "-" "Mozilla/5.0 (Linux; Android 10; K) AppleWebKit/537.36 (KHTML, like Gecko) Chrome/139.0.0.0 Mobile Safari/537.36"
157.51.99.123 - - [29/Aug/2025:21:36:04 +0530] "GET /assets/js/scrollup.js HTTP/2" 200 986 "-" "Mozilla/5.0 (Linux; Android 10; K) AppleWebKit/537.36 (KHTML, like Gecko) Chrome/139.0.0.0 Mobile Safari/537.36"
157.51.99.123 - - [29/Aug/2025:21:36:04 +0530] "GET /assets/js/isotope.pkgd.min.js HTTP/2" 200 9596 "-" "Mozilla/5.0 (Linux; Android 10; K) AppleWebKit/537.36 (KHTML, like Gecko) Chrome/139.0.0.0 Mobile Safari/537.36"
157.51.99.123 - - [29/Aug/2025:21:36:04 +0530] "GET /assets/js/imagesloaded.pkgd.min.js HTTP/2" 200 1698 "-" "Mozilla/5.0 (Linux; Android 10; K) AppleWebKit/537.36 (KHTML, like Gecko) Chrome/139.0.0.0 Mobile Safari/537.36"
157.51.99.123 - - [29/Aug/2025:21:36:04 +0530] "GET /assets/js/lightbox.min.js HTTP/2" 200 2720 "-" "Mozilla/5.0 (Linux; Android 10; K) AppleWebKit/537.36 (KHTML, like Gecko) Chrome/139.0.0.0 Mobile Safari/537.36"
157.51.99.123 - - [29/Aug/2025:21:36:04 +0530] "GET /assets/js/jquery.counterup.min.js HTTP/2" 200 496 "-" "Mozilla/5.0 (Linux; Android 10; K) AppleWebKit/537.36 (KHTML, like Gecko) Chrome/139.0.0.0 Mobile Safari/537.36"
157.51.99.123 - - [29/Aug/2025:21:36:04 +0530] "GET /assets/js/waypoints.min.js HTTP/2" 200 2461 "-" "Mozilla/5.0 (Linux; Android 10; K) AppleWebKit/537.36 (KHTML, like Gecko) Chrome/139.0.0.0 Mobile Safari/537.36"
157.51.99.123 - - [29/Aug/2025:21:36:04 +0530] "GET /assets/js/jquery.knob.js HTTP/2" 200 5732 "-" "Mozilla/5.0 (Linux; Android 10; K) AppleWebKit/537.36 (KHTML, like Gecko) Chrome/139.0.0.0 Mobile Safari/537.36"
157.51.99.123 - - [29/Aug/2025:21:36:04 +0530] "GET /assets/js/jquery.appear.js HTTP/2" 200 1159 "-" "Mozilla/5.0 (Linux; Android 10; K) AppleWebKit/537.36 (KHTML, like Gecko) Chrome/139.0.0.0 Mobile Safari/537.36"
157.51.99.123 - - [29/Aug/2025:21:36:04 +0530] "GET /assets/js/owl.carousel.min.js HTTP/2" 200 6271 "-" "Mozilla/5.0 (Linux; Android 10; K) AppleWebKit/537.36 (KHTML, like Gecko) Chrome/139.0.0.0 Mobile Safari/537.36"
157.51.99.123 - - [29/Aug/2025:21:36:04 +0530] "GET /assets/js/jquery.matchHeight.js HTTP/2" 200 1254 "-" "Mozilla/5.0 (Linux; Android 10; K) AppleWebKit/537.36 (KHTML, like Gecko) Chrome/139.0.0.0 Mobile Safari/537.36"
157.51.99.123 - - [29/Aug/2025:21:36:04 +0530] "GET /assets/js/jquery.nice-select.min.js HTTP/2" 200 930 "-" "Mozilla/5.0 (Linux; Android 10; K) AppleWebKit/537.36 (KHTML, like Gecko) Chrome/139.0.0.0 Mobile Safari/537.36"
157.51.99.123 - - [29/Aug/2025:21:36:04 +0530] "GET /assets/js/masonry.pkgd.min.js HTTP/2" 200 7124 "-" "Mozilla/5.0 (Linux; Android 10; K) AppleWebKit/537.36 (KHTML, like Gecko) Chrome/139.0.0.0 Mobile Safari/537.36"
157.51.99.123 - - [29/Aug/2025:21:36:04 +0530] "GET /assets/js/gmaps.js HTTP/2" 200 11452 "-" "Mozilla/5.0 (Linux; Android 10; K) AppleWebKit/537.36 (KHTML, like Gecko) Chrome/139.0.0.0 Mobile Safari/537.36"
157.51.99.123 - - [29/Aug/2025:21:36:04 +0530] "GET /assets/js/custom-script.js HTTP/2" 200 1778 "-" "Mozilla/5.0 (Linux; Android 10; K) AppleWebKit/537.36 (KHTML, like Gecko) Chrome/139.0.0.0 Mobile Safari/537.36"
157.51.99.123 - - [29/Aug/2025:21:36:04 +0530] "GET /assets/images/testimonial/1.jpg HTTP/2" 200 6889 "-" "Mozilla/5.0 (Linux; Android 10; K) AppleWebKit/537.36 (KHTML, like Gecko) Chrome/139.0.0.0 Mobile Safari/537.36"
157.51.99.123 - - [29/Aug/2025:21:36:04 +0530] "GET /assets/fonts/fontawesome-webfont3e6e3e6e.html?v=4.7.0 HTTP/2" 200 77165 "-" "Mozilla/5.0 (Linux; Android 10; K) AppleWebKit/537.36 (KHTML, like Gecko) Chrome/139.0.0.0 Mobile Safari/537.36"
157.51.99.123 - - [29/Aug/2025:21:36:05 +0530] "GET /assets/images/prev.png HTTP/2" 200 1360 "-" "Mozilla/5.0 (Linux; Android 10; K) AppleWebKit/537.36 (KHTML, like Gecko) Chrome/139.0.0.0 Mobile Safari/537.36"
157.51.99.123 - - [29/Aug/2025:21:36:05 +0530] "GET /assets/images/next.png HTTP/2" 200 1350 "-" "Mozilla/5.0 (Linux; Android 10; K) AppleWebKit/537.36 (KHTML, like Gecko) Chrome/139.0.0.0 Mobile Safari/537.36"
157.51.99.123 - - [29/Aug/2025:21:36:05 +0530] "GET /assets/images/loading.gif HTTP/2" 200 8476 "-" "Mozilla/5.0 (Linux; Android 10; K) AppleWebKit/537.36 (KHTML, like Gecko) Chrome/139.0.0.0 Mobile Safari/537.36"
157.51.99.123 - - [29/Aug/2025:21:36:05 +0530] "GET /assets/images/close.png HTTP/2" 200 280 "-" "Mozilla/5.0 (Linux; Android 10; K) AppleWebKit/537.36 (KHTML, like Gecko) Chrome/139.0.0.0 Mobile Safari/537.36"
157.51.99.123 - - [29/Aug/2025:21:36:05 +0530] "GET /assets/images/footer.jpg HTTP/2" 200 101503 "https://ranush.com/contact.php" "Mozilla/5.0 (Linux; Android 10; K) AppleWebKit/537.36 (KHTML, like Gecko) Chrome/139.0.0.0 Mobile Safari/537.36"
157.51.99.123 - - [29/Aug/2025:21:36:06 +0530] "GET /assets/images/favicon.png HTTP/2" 200 3612 "-" "Mozilla/5.0 (Linux; Android 10; K) AppleWebKit/537.36 (KHTML, like Gecko) Chrome/139.0.0.0 Mobile Safari/537.36"
66.249.66.36 - - [29/Aug/2025:21:38:14 +0530] "GET /%E3%83%88%E3%83%9C%E3%83%88%E3%83%A0%20%E3%82%BD%E3%83%95%E3%83%88%E3%83%9C%E3%83%BC%E3%83%89%20%E3%82%B5%E3%83%BC%E3%83%95%E3%83%9C%E3%83%BC%E3%83%89%20%E3%82%B5%E3%83%83%E3%83%97%20%E3%82%B9%E3%83%88%E3%83%BC%E3%83%A0%20%E3%83%96%E3%83%AC%E3%83%BC%E3%83%89%20STORM HTTP/1.1" 404 796 "-" "Mozilla/5.0 (Linux; Android 6.0.1; Nexus 5X Build/MMB29P) AppleWebKit/537.36 (KHTML, like Gecko) Chrome/138.0.7204.183 Mobile Safari/537.36 (compatible; Googlebot/2.1; +http://www.google.com/bot.html)"
57.141.4.10 - - [29/Aug/2025:21:38:24 +0530] "GET /shopdetail/22810517/Flux-cored-wires.pdf HTTP/2" 404 796 "-" "meta-externalagent/1.1 (+https://developers.facebook.com/docs/sharing/webmasters/crawler)"
57.141.4.3 - - [29/Aug/2025:21:38:26 +0530] "GET /shopdetail/3793206/Steel-and-Dissimilar-Steel-Joining-Alloys.pdf HTTP/2" 404 796 "-" "meta-externalagent/1.1 (+https://developers.facebook.com/docs/sharing/webmasters/crawler)"
66.249.66.36 - - [29/Aug/2025:21:40:25 +0530] "GET /shopdetail/30404173/ HTTP/1.1" 404 796 "-" "Mozilla/5.0 (Linux; Android 6.0.1; Nexus 5X Build/MMB29P) AppleWebKit/537.36 (KHTML, like Gecko) Chrome/138.0.7204.183 Mobile Safari/537.36 (compatible; Googlebot/2.1; +http://www.google.com/bot.html)"
57.141.4.28 - - [29/Aug/2025:21:30:24 +0530] "GET /shopdetail/18939206/ HTTP/2" 404 796 "-" "meta-externalagent/1.1 (+https://developers.facebook.com/docs/sharing/webmasters/crawler)"
57.141.4.17 - - [29/Aug/2025:21:30:25 +0530] "GET /shopdetail/4850028/Hot-metal-spray-powders.pdf HTTP/2" 404 796 "-" "meta-externalagent/1.1 (+https://developers.facebook.com/docs/sharing/webmasters/crawler)"
66.249.66.36 - - [29/Aug/2025:21:30:50 +0530] "GET /shopdetail/%E8%A9%B1%E9%A1%8C%E3%81%AE%E8%A1%8C%E5%88%97%20JET%20BLACK%20JB%20WhisperDRIVE%20%E3%82%AB%E3%82%BB%E3%83%83%E3%83%88%E3%83%9C%E3%83%87%E3%82%A3%20%E3%82%AB%E3%83%B3%E3%83%91%E3%83%8B%E3%83%A7%E3%83%BC%E3%83%AD HTTP/1.1" 404 796 "-" "Mozilla/5.0 (Linux; Android 6.0.1; Nexus 5X Build/MMB29P) AppleWebKit/537.36 (KHTML, like Gecko) Chrome/138.0.7204.183 Mobile Safari/537.36 (compatible; Googlebot/2.1; +http://www.google.com/bot.html)"
66.249.66.36 - - [29/Aug/2025:21:31:16 +0530] "GET /shopdetail/%E3%83%8F%E3%82%A4%E3%82%A8%E3%83%BC%E3%82%B9200%E7%B3%BB%EF%BC%883%E5%9E%8B%EF%BC%89%20%E7%B4%94%E6%AD%A3%E3%82%BF%E3%82%A4%E3%83%97%20%E3%83%95%E3%83%AD%E3%83%B3%E3%83%88%E3%83%90%E3%83%B3%E3%83%91%E3%83%BC%20%E3%83%AF%E3%82%A4%E3%83%89%E3%83%9C%E3%83%87%E3%82%A3%E3%83%BC HTTP/1.1" 404 796 "-" "Mozilla/5.0 (Linux; Android 6.0.1; Nexus 5X Build/MMB29P) AppleWebKit/537.36 (KHTML, like Gecko) Chrome/138.0.7204.183 Mobile Safari/537.36 (compatible; Googlebot/2.1; +http://www.google.com/bot.html)"
57.141.4.14 - - [29/Aug/2025:21:34:25 +0530] "GET /shopdetail/17585951/Steel-and-Dissimilar-Steel-Joining-Alloys.pdf HTTP/2" 404 796 "-" "meta-externalagent/1.1 (+https://developers.facebook.com/docs/sharing/webmasters/crawler)"
57.141.4.29 - - [29/Aug/2025:21:34:25 +0530] "GET /shopdetail/19848162/Flux-cored-wires.pdf HTTP/2" 404 796 "-" "meta-externalagent/1.1 (+https://developers.facebook.com/docs/sharing/webmasters/crawler)"
57.141.4.12 - - [29/Aug/2025:21:34:27 +0530] "GET /shopdetail/13391651/Steel-and-Dissimilar-Steel-Joining-Alloys.pdf HTTP/2" 404 796 "-" "meta-externalagent/1.1 (+https://developers.facebook.com/docs/sharing/webmasters/crawler)"
5.255.231.95 - - [29/Aug/2025:21:36:54 +0530] "GET /shopdetail/133970488 HTTP/1.1" 404 796 "-" "Mozilla/5.0 (compatible; YandexBot/3.0; +http://yandex.com/bots)"
57.141.4.8 - - [29/Aug/2025:21:38:25 +0530] "GET /shopdetail/21263873/Steel-and-Dissimilar-Steel-Joining-Alloys.pdf HTTP/2" 404 796 "-" "meta-externalagent/1.1 (+https://developers.facebook.com/docs/sharing/webmasters/crawler)"
57.141.4.30 - - [29/Aug/2025:21:38:27 +0530] "GET /shopdetail/23187917/ HTTP/2" 404 796 "-" "meta-externalagent/1.1 (+https://developers.facebook.com/docs/sharing/webmasters/crawler)"
57.141.4.26 - - [29/Aug/2025:21:42:25 +0530] "GET /shopdetail/17936217/welding.php HTTP/2" 404 796 "-" "meta-externalagent/1.1 (+https://developers.facebook.com/docs/sharing/webmasters/crawler)"
57.141.4.12 - - [29/Aug/2025:21:42:27 +0530] "GET /shopdetail/19932084/Hot-metal-spray-powders.pdf HTTP/2" 404 796 "-" "meta-externalagent/1.1 (+https://developers.facebook.com/docs/sharing/webmasters/crawler)"
95.108.213.102 - - [29/Aug/2025:21:44:35 +0530] "GET /shopdetail/258160788 HTTP/1.1" 404 796 "-" "Mozilla/5.0 (compatible; YandexBot/3.0; +http://yandex.com/bots)"
57.141.4.24 - - [29/Aug/2025:21:46:24 +0530] "GET /shopdetail/6130262/CAST-IRON.pdf HTTP/2" 404 796 "-" "meta-externalagent/1.1 (+https://developers.facebook.com/docs/sharing/webmasters/crawler)"
57.141.4.19 - - [29/Aug/2025:21:46:24 +0530] "GET /shopdetail/5549339/NON-FERROUS-ALLOY.pdf HTTP/2" 404 796 "-" "meta-externalagent/1.1 (+https://developers.facebook.com/docs/sharing/webmasters/crawler)"
57.141.4.10 - - [29/Aug/2025:21:46:27 +0530] "GET /shopdetail/10668439/Tig-filler-wires.pdf HTTP/2" 404 796 "-" "meta-externalagent/1.1 (+https://developers.facebook.com/docs/sharing/webmasters/crawler)"
8.217.215.109 - - [29/Aug/2025:21:47:54 +0530] "GET /robots.txt HTTP/1.1" 404 796 "-" "AliyunSecBot/Aliyun (AliyunSecBot@service.alibaba.com)"
57.141.4.23 - - [29/Aug/2025:21:42:25 +0530] "GET /shopdetail/9756217/WEAR-PLATES.pdf HTTP/2" 404 796 "-" "meta-externalagent/1.1 (+https://developers.facebook.com/docs/sharing/webmasters/crawler)"
5.255.231.95 - - [29/Aug/2025:21:44:16 +0530] "GET /shopdetail/54381088 HTTP/1.1" 404 796 "-" "Mozilla/5.0 (compatible; YandexBot/3.0; +http://yandex.com/bots)"
8.217.183.158 - - [29/Aug/2025:21:47:54 +0530] "GET /?_bd_prev_page=https%3A%2F%2Franush.com%2Fdetail.php%3Fshopdetail%2F16618562%2F&_gl=1%2Atmsfgn%2A_ga%2AMTAxNzI5NjQ3OC4xNzM4OTgwODUz%2A_ga_0VKVKKN4NV%2AMTczODk4MDg1NC4xLjEuMTczODk4MDg1Ny41Ny4wLjA. HTTP/1.1" 200 4729 "-" "AliyunSecBot/Aliyun (AliyunSecBot@service.alibaba.com)"
5.255.231.95 - - [29/Aug/2025:21:48:35 +0530] "GET /shopdetail/261918588 HTTP/1.1" 404 796 "-" "Mozilla/5.0 (compatible; YandexBot/3.0; +http://yandex.com/bots)"
57.141.4.7 - - [29/Aug/2025:21:50:24 +0530] "GET /shopdetail/17197584/NON-FERROUS-ALLOY.pdf HTTP/2" 404 796 "-" "meta-externalagent/1.1 (+https://developers.facebook.com/docs/sharing/webmasters/crawler)"
57.141.4.13 - - [29/Aug/2025:21:50:26 +0530] "GET /shopdetail/10791995/Hot-metal-spray-powders.pdf HTTP/2" 404 796 "-" "meta-externalagent/1.1 (+https://developers.facebook.com/docs/sharing/webmasters/crawler)"
57.141.4.18 - - [29/Aug/2025:21:50:26 +0530] "GET /shopdetail/4140673/WEAR-PLATES.pdf HTTP/2" 404 796 "-" "meta-externalagent/1.1 (+https://developers.facebook.com/docs/sharing/webmasters/crawler)"
84.54.66.52 - - [29/Aug/2025:21:51:16 +0530] "GET /shopdetail/19720484/gallery.php HTTP/1.1" 404 796 "-" "Mozilla/5.0 (Windows NT 6.1) AppleWebKit/537.36 (KHTML, like Gecko) Chrome/98.0.4758.81 Safari/537.36"
40.77.167.67 - - [29/Aug/2025:21:51:53 +0530] "GET /contact.php HTTP/2" 200 5906 "-" "Mozilla/5.0 AppleWebKit/537.36 (KHTML, like Gecko; compatible; bingbot/2.0; +http://www.bing.com/bingbot.htm) Chrome/116.0.1938.76 Safari/537.36"
57.141.4.15 - - [29/Aug/2025:21:54:26 +0530] "GET /shopdetail/20749462/Steel-and-Dissimilar-Steel-Joining-Alloys.pdf HTTP/2" 404 796 "-" "meta-externalagent/1.1 (+https://developers.facebook.com/docs/sharing/webmasters/crawler)"
57.141.4.16 - - [29/Aug/2025:21:58:27 +0530] "GET /shopdetail/20205539/CAST-IRON.pdf HTTP/2" 404 796 "-" "meta-externalagent/1.1 (+https://developers.facebook.com/docs/sharing/webmasters/crawler)"
176.105.238.84 - - [29/Aug/2025:22:00:15 +0530] "GET /shopdetail/18702851/ HTTP/1.1" 404 796 "-" "Mozilla/5.0 (Macintosh; Intel Mac OS X 10_15_6) AppleWebKit/537.36 (KHTML, like Gecko) Chrome/98.0.4758.80 Safari/537.36"
57.141.4.24 - - [29/Aug/2025:22:02:24 +0530] "GET /shopdetail/7745028/Flux-cored-wires.pdf HTTP/2" 404 796 "-" "meta-externalagent/1.1 (+https://developers.facebook.com/docs/sharing/webmasters/crawler)"
66.249.66.35 - - [29/Aug/2025:22:02:28 +0530] "GET /shopdetail/25753162/ HTTP/1.1" 404 796 "-" "Mozilla/5.0 (Linux; Android 6.0.1; Nexus 5X Build/MMB29P) AppleWebKit/537.36 (KHTML, like Gecko) Chrome/138.0.7204.183 Mobile Safari/537.36 (compatible; Googlebot/2.1; +http://www.google.com/bot.html)"
66.249.66.34 - - [29/Aug/2025:22:03:42 +0530] "GET /shopdetail/20217273/ HTTP/1.1" 404 796 "-" "Mozilla/5.0 (Linux; Android 6.0.1; Nexus 5X Build/MMB29P) AppleWebKit/537.36 (KHTML, like Gecko) Chrome/138.0.7204.183 Mobile Safari/537.36 (compatible; Googlebot/2.1; +http://www.google.com/bot.html)"
66.249.66.34 - - [29/Aug/2025:22:04:06 +0530] "GET /shopdetail/17529839/ HTTP/1.1" 404 796 "-" "Mozilla/5.0 (Linux; Android 6.0.1; Nexus 5X Build/MMB29P) AppleWebKit/537.36 (KHTML, like Gecko) Chrome/138.0.7204.183 Mobile Safari/537.36 (compatible; Googlebot/2.1; +http://www.google.com/bot.html)"
150.129.206.91 - - [29/Aug/2025:22:04:18 +0530] "GET /shopdetail/645740/gallery.php HTTP/1.1" 404 796 "-" "Mozilla/5.0 (Macintosh; Intel Mac OS X 10_15_3) AppleWebKit/537.36 (KHTML, like Gecko) Brave Chrome/84.0.4147.89 Safari/537.36"
66.249.66.35 - - [29/Aug/2025:22:04:36 +0530] "GET /shopdetail/6027073/ HTTP/1.1" 404 796 "-" "Mozilla/5.0 (Linux; Android 6.0.1; Nexus 5X Build/MMB29P) AppleWebKit/537.36 (KHTML, like Gecko) Chrome/138.0.7204.183 Mobile Safari/537.36 (compatible; Googlebot/2.1; +http://www.google.com/bot.html)"
66.249.66.35 - - [29/Aug/2025:22:05:30 +0530] "GET /shopdetail/14708673/ HTTP/1.1" 404 796 "-" "Mozilla/5.0 (Linux; Android 6.0.1; Nexus 5X Build/MMB29P) AppleWebKit/537.36 (KHTML, like Gecko) Chrome/138.0.7204.183 Mobile Safari/537.36 (compatible; Googlebot/2.1; +http://www.google.com/bot.html)"
57.141.4.26 - - [29/Aug/2025:22:06:25 +0530] "GET /shopdetail/15385384/ HTTP/2" 404 796 "-" "meta-externalagent/1.1 (+https://developers.facebook.com/docs/sharing/webmasters/crawler)"
57.141.4.15 - - [29/Aug/2025:22:06:27 +0530] "GET /shopdetail/27655573/TUBULAR-ELECTRODES.pdf HTTP/2" 404 796 "-" "meta-externalagent/1.1 (+https://developers.facebook.com/docs/sharing/webmasters/crawler)"
57.141.4.26 - - [29/Aug/2025:21:50:24 +0530] "GET /shopdetail/14462573/WEAR-PLATES.pdf HTTP/2" 404 796 "-" "meta-externalagent/1.1 (+https://developers.facebook.com/docs/sharing/webmasters/crawler)"
66.249.66.36 - - [29/Aug/2025:21:52:19 +0530] "GET /product/edit/11674873 HTTP/1.1" 404 796 "-" "Mozilla/5.0 (Linux; Android 6.0.1; Nexus 5X Build/MMB29P) AppleWebKit/537.36 (KHTML, like Gecko) Chrome/138.0.7204.183 Mobile Safari/537.36 (compatible; Googlebot/2.1; +http://www.google.com/bot.html)"
57.141.4.11 - - [29/Aug/2025:21:54:25 +0530] "GET /shopdetail/20733540/welding.php HTTP/2" 404 796 "-" "meta-externalagent/1.1 (+https://developers.facebook.com/docs/sharing/webmasters/crawler)"
57.141.4.23 - - [29/Aug/2025:21:54:25 +0530] "GET /shopdetail/18456417/CAST-IRON.pdf HTTP/2" 404 796 "-" "meta-externalagent/1.1 (+https://developers.facebook.com/docs/sharing/webmasters/crawler)"
57.141.4.14 - - [29/Aug/2025:21:54:26 +0530] "GET /shopdetail/25575917/ HTTP/2" 404 796 "-" "meta-externalagent/1.1 (+https://developers.facebook.com/docs/sharing/webmasters/crawler)"
57.141.4.2 - - [29/Aug/2025:21:58:24 +0530] "GET /shopdetail/3368117/EQUIPMENTS.pdf HTTP/2" 404 796 "-" "meta-externalagent/1.1 (+https://developers.facebook.com/docs/sharing/webmasters/crawler)"
57.141.4.23 - - [29/Aug/2025:21:58:25 +0530] "GET /shopdetail/12233239/Flux-cored-wires.pdf HTTP/2" 404 796 "-" "meta-externalagent/1.1 (+https://developers.facebook.com/docs/sharing/webmasters/crawler)"
57.141.4.12 - - [29/Aug/2025:21:58:27 +0530] "GET /shopdetail/7552440/Tig-filler-wires.pdf HTTP/2" 404 796 "-" "meta-externalagent/1.1 (+https://developers.facebook.com/docs/sharing/webmasters/crawler)"
66.249.66.36 - - [29/Aug/2025:21:59:16 +0530] "GET /shopdetail/13414706/ HTTP/1.1" 404 796 "-" "Mozilla/5.0 (Linux; Android 6.0.1; Nexus 5X Build/MMB29P) AppleWebKit/537.36 (KHTML, like Gecko) Chrome/138.0.7204.183 Mobile Safari/537.36 (compatible; Googlebot/2.1; +http://www.google.com/bot.html)"
57.141.4.14 - - [29/Aug/2025:22:02:25 +0530] "GET /shopdetail/26097139/Flux-cored-wires.pdf HTTP/2" 404 796 "-" "meta-externalagent/1.1 (+https://developers.facebook.com/docs/sharing/webmasters/crawler)"
57.141.4.2 - - [29/Aug/2025:22:02:26 +0530] "GET /shopdetail/7776573/ESAB-Low-Heat-Hardfacing-alloys.pdf HTTP/2" 404 796 "-" "meta-externalagent/1.1 (+https://developers.facebook.com/docs/sharing/webmasters/crawler)"
87.250.224.81 - - [29/Aug/2025:22:06:02 +0530] "GET /shopdetail/47946188 HTTP/1.1" 404 796 "-" "Mozilla/5.0 (compatible; YandexBot/3.0; +http://yandex.com/bots)"
57.141.4.25 - - [29/Aug/2025:22:06:25 +0530] "GET /shopdetail/8304539/WEAR-PLATES.pdf HTTP/2" 404 796 "-" "meta-externalagent/1.1 (+https://developers.facebook.com/docs/sharing/webmasters/crawler)"
66.249.66.36 - - [29/Aug/2025:22:06:42 +0530] "GET /shopdetail/1121784/ HTTP/1.1" 404 796 "-" "Mozilla/5.0 (Linux; Android 6.0.1; Nexus 5X Build/MMB29P) AppleWebKit/537.36 (KHTML, like Gecko) Chrome/138.0.7204.183 Mobile Safari/537.36 (compatible; Googlebot/2.1; +http://www.google.com/bot.html)"
66.249.66.34 - - [29/Aug/2025:22:06:44 +0530] "GET /shopdetail/5060940/ HTTP/1.1" 404 796 "-" "Mozilla/5.0 (Linux; Android 6.0.1; Nexus 5X Build/MMB29P) AppleWebKit/537.36 (KHTML, like Gecko) Chrome/138.0.7204.183 Mobile Safari/537.36 (compatible; Googlebot/2.1; +http://www.google.com/bot.html)"
113.149.126.129 - - [29/Aug/2025:22:07:38 +0530] "GET /shopdetail/1038417/ HTTP/2" 404 796 "https://www.google.com/" "Mozilla/5.0 (Linux; Android 10; K) AppleWebKit/537.36 (KHTML, like Gecko) Chrome/139.0.0.0 Mobile Safari/537.36"
113.149.126.129 - - [29/Aug/2025:22:07:38 +0530] "GET /favicon.ico HTTP/2" 404 796 "-" "Mozilla/5.0 (Linux; Android 10; K) AppleWebKit/537.36 (KHTML, like Gecko) Chrome/139.0.0.0 Mobile Safari/537.36"
66.249.66.36 - - [29/Aug/2025:22:08:11 +0530] "GET /shopdetail/25519251/ HTTP/1.1" 404 796 "-" "Mozilla/5.0 (Linux; Android 6.0.1; Nexus 5X Build/MMB29P) AppleWebKit/537.36 (KHTML, like Gecko) Chrome/138.0.7204.183 Mobile Safari/537.36 (compatible; Googlebot/2.1; +http://www.google.com/bot.html)"
66.249.66.34 - - [29/Aug/2025:22:08:53 +0530] "GET /shopdetail/18170640/ HTTP/1.1" 404 796 "-" "Mozilla/5.0 (Linux; Android 6.0.1; Nexus 5X Build/MMB29P) AppleWebKit/537.36 (KHTML, like Gecko) Chrome/138.0.7204.183 Mobile Safari/537.36 (compatible; Googlebot/2.1; +http://www.google.com/bot.html)"
57.141.4.11 - - [29/Aug/2025:22:10:26 +0530] "GET /shopdetail/11096495/CAST-IRON.pdf HTTP/2" 404 796 "-" "meta-externalagent/1.1 (+https://developers.facebook.com/docs/sharing/webmasters/crawler)"
66.249.66.35 - - [29/Aug/2025:22:08:37 +0530] "GET /shopdetail/22104028/ HTTP/1.1" 404 796 "-" "Mozilla/5.0 (Linux; Android 6.0.1; Nexus 5X Build/MMB29P) AppleWebKit/537.36 (KHTML, like Gecko) Chrome/138.0.7204.183 Mobile Safari/537.36 (compatible; Googlebot/2.1; +http://www.google.com/bot.html)"
66.249.66.36 - - [29/Aug/2025:22:10:06 +0530] "GET /shopdetail/21609417/ HTTP/1.1" 404 796 "-" "Mozilla/5.0 (Linux; Android 6.0.1; Nexus 5X Build/MMB29P) AppleWebKit/537.36 (KHTML, like Gecko) Chrome/138.0.7204.183 Mobile Safari/537.36 (compatible; Googlebot/2.1; +http://www.google.com/bot.html)"
57.141.4.18 - - [29/Aug/2025:22:10:25 +0530] "GET /shopdetail/19278884/Hot-metal-spray-powders.pdf HTTP/2" 404 796 "-" "meta-externalagent/1.1 (+https://developers.facebook.com/docs/sharing/webmasters/crawler)"
57.141.4.5 - - [29/Aug/2025:22:10:25 +0530] "GET /shopdetail/15693695/Flux-cored-wires.pdf HTTP/2" 404 796 "-" "meta-externalagent/1.1 (+https://developers.facebook.com/docs/sharing/webmasters/crawler)"
57.141.4.19 - - [29/Aug/2025:22:10:26 +0530] "GET /shopdetail/26653139/TUBULAR-ELECTRODES.pdf HTTP/2" 404 796 "-" "meta-externalagent/1.1 (+https://developers.facebook.com/docs/sharing/webmasters/crawler)"
66.249.92.34 - - [29/Aug/2025:22:12:26 +0530] "GET /shopdetail/22728684/ HTTP/1.1" 404 796 "-" "Mozilla/5.0 (X11; Linux x86_64) AppleWebKit/537.36 (KHTML, like Gecko) Chrome/139.0.7258.127 Safari/537.36"
66.249.66.34 - - [29/Aug/2025:22:13:06 +0530] "GET /shopdetail/12221951/ HTTP/1.1" 404 796 "-" "Mozilla/5.0 (Linux; Android 6.0.1; Nexus 5X Build/MMB29P) AppleWebKit/537.36 (KHTML, like Gecko) Chrome/138.0.7204.183 Mobile Safari/537.36 (compatible; Googlebot/2.1; +http://www.google.com/bot.html)"
66.249.66.35 - - [29/Aug/2025:22:13:46 +0530] "GET /shopdetail/27535306/ HTTP/1.1" 404 796 "-" "Mozilla/5.0 (Linux; Android 6.0.1; Nexus 5X Build/MMB29P) AppleWebKit/537.36 (KHTML, like Gecko) Chrome/138.0.7204.183 Mobile Safari/537.36 (compatible; Googlebot/2.1; +http://www.google.com/bot.html)"
66.249.66.34 - - [29/Aug/2025:22:13:59 +0530] "GET /shopdetail/20044262/ HTTP/1.1" 404 796 "-" "Mozilla/5.0 (Linux; Android 6.0.1; Nexus 5X Build/MMB29P) AppleWebKit/537.36 (KHTML, like Gecko) Chrome/138.0.7204.183 Mobile Safari/537.36 (compatible; Googlebot/2.1; +http://www.google.com/bot.html)"
66.249.66.36 - - [29/Aug/2025:22:16:05 +0530] "GET /%E9%81%8A%E6%88%AF%E7%8E%8B%20%E3%83%B4%E3%82%A3%E3%82%AF%E3%83%88%E3%83%AA%E3%83%BC%E3%83%BB%E3%83%89%E3%83%A9%E3%82%B4%E3%83%B3%20%E3%83%AC%E3%83%AA%E3%83%BC%E3%83%95%20%E3%82%A2%E3%83%AB%E3%83%86%E3%82%A3%E3%83%A1%E3%83%83%E3%83%88%20SDX%20PSA9 HTTP/1.1" 404 796 "-" "Mozilla/5.0 (Linux; Android 6.0.1; Nexus 5X Build/MMB29P) AppleWebKit/537.36 (KHTML, like Gecko) Chrome/138.0.7204.183 Mobile Safari/537.36 (compatible; Googlebot/2.1; +http://www.google.com/bot.html)"
27.115.124.4 - - [29/Aug/2025:22:16:18 +0530] "GET / HTTP/1.1" 200 37924 "-" "Mozilla/5.0 (Macintosh; Intel Mac OS X 10_15_7) AppleWebKit/537.36 (KHTML, like Gecko) Chrome/120.0.0.0 Safari/537.36 Edg/120.0.0.0"
66.249.66.34 - - [29/Aug/2025:22:16:33 +0530] "GET /product/edit/79829002 HTTP/1.1" 404 796 "-" "Mozilla/5.0 (Linux; Android 6.0.1; Nexus 5X Build/MMB29P) AppleWebKit/537.36 (KHTML, like Gecko) Chrome/138.0.7204.183 Mobile Safari/537.36 (compatible; Googlebot/2.1; +http://www.google.com/bot.html)"
27.115.124.33 - - [29/Aug/2025:22:16:45 +0530] "GET /config.json HTTP/1.1" 200 12753 "-" "Mozilla/5.0 (Macintosh; Intel Mac OS X 10_7_0) AppleWebKit/535.11 (KHTML, like Gecko) Chrome/17.0.963.56 Safari/535.11"
66.249.66.34 - - [29/Aug/2025:22:16:57 +0530] "GET /product/edit/40869947 HTTP/1.1" 404 796 "-" "Mozilla/5.0 (Linux; Android 6.0.1; Nexus 5X Build/MMB29P) AppleWebKit/537.36 (KHTML, like Gecko) Chrome/138.0.7204.183 Mobile Safari/537.36 (compatible; Googlebot/2.1; +http://www.google.com/bot.html)"
66.249.66.34 - - [29/Aug/2025:22:17:36 +0530] "GET /shopdetail/27628306/ HTTP/1.1" 404 796 "-" "Mozilla/5.0 (Linux; Android 6.0.1; Nexus 5X Build/MMB29P) AppleWebKit/537.36 (KHTML, like Gecko) Chrome/138.0.7204.183 Mobile Safari/537.36 (compatible; Googlebot/2.1; +http://www.google.com/bot.html)"
66.249.66.34 - - [29/Aug/2025:22:17:52 +0530] "GET /shopdetail/2070317/ HTTP/1.1" 404 796 "-" "Mozilla/5.0 (Linux; Android 6.0.1; Nexus 5X Build/MMB29P) AppleWebKit/537.36 (KHTML, like Gecko) Chrome/138.0.7204.183 Mobile Safari/537.36 (compatible; Googlebot/2.1; +http://www.google.com/bot.html)"
66.249.66.34 - - [29/Aug/2025:22:17:54 +0530] "GET /%E5%BD%93%E6%99%82%E7%89%A9%20%E3%82%AA%E3%82%A4%E3%83%AB%E3%82%AF%E3%83%BC%E3%83%A9%E3%83%BC%20%E8%A1%97%E9%81%93%E3%83%AC%E3%83%BC%E3%82%B5%E3%83%BC%20GX71%20%E3%83%8F%E3%82%B3%E3%82%B9%E3%82%AB%20%E3%82%B1%E3%83%B3%E3%83%A1%E3%83%AA%20%E3%82%B8%E3%83%A3%E3%83%91%E3%83%B3 HTTP/1.1" 404 796 "-" "Mozilla/5.0 (Linux; Android 6.0.1; Nexus 5X Build/MMB29P) AppleWebKit/537.36 (KHTML, like Gecko) Chrome/138.0.7204.183 Mobile Safari/537.36 (compatible; Googlebot/2.1; +http://www.google.com/bot.html)"
57.141.4.19 - - [29/Aug/2025:22:18:26 +0530] "GET /shopdetail/10448439/Tig-filler-wires.pdf HTTP/2" 404 796 "-" "meta-externalagent/1.1 (+https://developers.facebook.com/docs/sharing/webmasters/crawler)"
66.249.66.34 - - [29/Aug/2025:22:12:42 +0530] "GET /shopdetail/14400084/ HTTP/1.1" 404 796 "-" "Mozilla/5.0 (Linux; Android 6.0.1; Nexus 5X Build/MMB29P) AppleWebKit/537.36 (KHTML, like Gecko) Chrome/138.0.7204.183 Mobile Safari/537.36 (compatible; Googlebot/2.1; +http://www.google.com/bot.html)"
57.141.4.23 - - [29/Aug/2025:22:14:24 +0530] "GET /shopdetail/28792273/ESAB-Low-Heat-Hardfacing-alloys.pdf HTTP/2" 404 796 "-" "meta-externalagent/1.1 (+https://developers.facebook.com/docs/sharing/webmasters/crawler)"
57.141.4.2 - - [29/Aug/2025:22:14:25 +0530] "GET /shopdetail/21422673/ HTTP/2" 404 796 "-" "meta-externalagent/1.1 (+https://developers.facebook.com/docs/sharing/webmasters/crawler)"
66.249.66.34 - - [29/Aug/2025:22:14:26 +0530] "GET /shopdetail/15204717/ HTTP/1.1" 404 796 "-" "Mozilla/5.0 (Linux; Android 6.0.1; Nexus 5X Build/MMB29P) AppleWebKit/537.36 (KHTML, like Gecko) Chrome/138.0.7204.183 Mobile Safari/537.36 (compatible; Googlebot/2.1; +http://www.google.com/bot.html)"
57.141.4.9 - - [29/Aug/2025:22:14:26 +0530] "GET /shopdetail/7950106/Hot-metal-spray-powders.pdf HTTP/2" 404 796 "-" "meta-externalagent/1.1 (+https://developers.facebook.com/docs/sharing/webmasters/crawler)"
57.141.4.20 - - [29/Aug/2025:22:14:27 +0530] "GET /shopdetail/11736973/WEAR-PLATES.pdf HTTP/2" 404 796 "-" "meta-externalagent/1.1 (+https://developers.facebook.com/docs/sharing/webmasters/crawler)"
66.249.66.35 - - [29/Aug/2025:22:14:51 +0530] "GET /shopdetail/13645239/ HTTP/1.1" 404 796 "-" "Mozilla/5.0 (Linux; Android 6.0.1; Nexus 5X Build/MMB29P) AppleWebKit/537.36 (KHTML, like Gecko) Chrome/138.0.7204.183 Mobile Safari/537.36 (compatible; Googlebot/2.1; +http://www.google.com/bot.html)"
66.249.66.34 - - [29/Aug/2025:22:15:02 +0530] "GET /shopdetail/27945573/ HTTP/1.1" 404 796 "-" "Mozilla/5.0 (Linux; Android 6.0.1; Nexus 5X Build/MMB29P) AppleWebKit/537.36 (KHTML, like Gecko) Chrome/138.0.7204.183 Mobile Safari/537.36 (compatible; Googlebot/2.1; +http://www.google.com/bot.html)"
27.115.124.114 - - [29/Aug/2025:22:16:31 +0530] "GET /robots.txt HTTP/1.1" 200 26 "-" "Mozilla/5.0 (Macintosh; Intel Mac OS X 10_7_0) AppleWebKit/535.11 (KHTML, like Gecko) Chrome/17.0.963.56 Safari/535.11"
27.115.124.40 - - [29/Aug/2025:22:16:33 +0530] "GET /sitemap.xml HTTP/1.1" 200 12762 "-" "Mozilla/5.0 (Macintosh; Intel Mac OS X 10_7_0) AppleWebKit/535.11 (KHTML, like Gecko) Chrome/17.0.963.56 Safari/535.11"
45.167.246.67 - - [29/Aug/2025:22:16:35 +0530] "GET /?_bd_prev_page=https%3A%2F%2Franush.com%2Fdetail.php%3Fshopdetail%2F27449540%2F&_gl=1%2Atmsfgn%2A_ga%2AMTAxNzI5NjQ3OC4xNzM4OTgwODUz%2A_ga_0VKVKKN4NV%2AMTczODk4MDg1NC4xLjEuMTczODk4MDg1Ny41Ny4wLjA. HTTP/1.1" 200 5472 "-" "Mozilla/5.0 (Macintosh; Intel Mac OS X 11_2_2) AppleWebKit/537.36 (KHTML, like Gecko) Brave Chrome/88.0.4324.146 Safari/537.36"
66.249.66.34 - - [29/Aug/2025:22:17:09 +0530] "GET /shopdetail/2219484/ HTTP/1.1" 404 796 "-" "Mozilla/5.0 (Linux; Android 6.0.1; Nexus 5X Build/MMB29P) AppleWebKit/537.36 (KHTML, like Gecko) Chrome/138.0.7204.183 Mobile Safari/537.36 (compatible; Googlebot/2.1; +http://www.google.com/bot.html)"
156.228.108.221 - - [29/Aug/2025:22:17:43 +0530] "HEAD / HTTP/1.1" 200 0 "https://ranush.com" "Mozilla/5.0 (Windows NT 10.0; Win64; x64) AppleWebKit/537.36 (KHTML, like Gecko) Chrome/100.0.4896.127 Safari/537.36"
156.228.108.221 - - [29/Aug/2025:22:17:43 +0530] "GET / HTTP/1.1" 200 5465 "https://ranush.com" "Mozilla/5.0 (Windows NT 10.0; Win64; x64) AppleWebKit/537.36 (KHTML, like Gecko) Chrome/100.0.4896.127 Safari/537.36"
57.141.4.12 - - [29/Aug/2025:22:18:24 +0530] "GET /shopdetail/2452617/CUTTING-AND-GOUGING.pdf HTTP/2" 404 796 "-" "meta-externalagent/1.1 (+https://developers.facebook.com/docs/sharing/webmasters/crawler)"
57.141.4.12 - - [29/Aug/2025:22:18:25 +0530] "GET /shopdetail/4185217/ HTTP/2" 404 796 "-" "meta-externalagent/1.1 (+https://developers.facebook.com/docs/sharing/webmasters/crawler)"
57.141.4.2 - - [29/Aug/2025:22:18:27 +0530] "GET /shopdetail/9294284/welding.php HTTP/2" 404 796 "-" "meta-externalagent/1.1 (+https://developers.facebook.com/docs/sharing/webmasters/crawler)"
57.141.4.27 - - [29/Aug/2025:22:22:26 +0530] "GET /shopdetail/7859706/EQUIPMENTS.pdf HTTP/2" 404 796 "-" "meta-externalagent/1.1 (+https://developers.facebook.com/docs/sharing/webmasters/crawler)"
95.108.213.102 - - [29/Aug/2025:22:21:47 +0530] "GET /shopdetail/56565788 HTTP/1.1" 404 796 "-" "Mozilla/5.0 (compatible; YandexBot/3.0; +http://yandex.com/bots)"
57.141.4.17 - - [29/Aug/2025:22:22:25 +0530] "GET /shopdetail/612073/ESAB-Low-Heat-Hardfacing-alloys.pdf HTTP/2" 404 796 "-" "meta-externalagent/1.1 (+https://developers.facebook.com/docs/sharing/webmasters/crawler)"
57.141.4.6 - - [29/Aug/2025:22:22:25 +0530] "GET /shopdetail/23589562/EQUIPMENTS.pdf HTTP/2" 404 796 "-" "meta-externalagent/1.1 (+https://developers.facebook.com/docs/sharing/webmasters/crawler)"
101.198.0.157 - - [29/Aug/2025:22:23:40 +0530] "GET /robots.txt HTTP/1.1" 200 52 "-" "Mozilla/5.0 (Macintosh; Intel Mac OS X 10_7_0) AppleWebKit/535.11 (KHTML, like Gecko) Chrome/17.0.963.56 Safari/535.11"
213.180.203.214 - - [29/Aug/2025:22:27:14 +0530] "GET /shopdetail/174237388 HTTP/1.1" 404 796 "-" "Mozilla/5.0 (compatible; YandexBot/3.0; +http://yandex.com/bots)"
66.249.66.36 - - [29/Aug/2025:22:29:42 +0530] "GET /shopdetail/15768439/ HTTP/1.1" 404 796 "-" "Mozilla/5.0 (Linux; Android 6.0.1; Nexus 5X Build/MMB29P) AppleWebKit/537.36 (KHTML, like Gecko) Chrome/138.0.7204.183 Mobile Safari/537.36 (compatible; Googlebot/2.1; +http://www.google.com/bot.html)"
57.141.4.29 - - [29/Aug/2025:22:30:24 +0530] "GET /shopdetail/23478917/Gas-brazing-alloys.pdf HTTP/2" 404 796 "-" "meta-externalagent/1.1 (+https://developers.facebook.com/docs/sharing/webmasters/crawler)"
57.141.4.25 - - [29/Aug/2025:22:30:27 +0530] "GET /shopdetail/3173606/WEAR-PLATES.pdf HTTP/2" 404 796 "-" "meta-externalagent/1.1 (+https://developers.facebook.com/docs/sharing/webmasters/crawler)"
57.141.4.5 - - [29/Aug/2025:22:34:24 +0530] "GET /shopdetail/16371006/TUBULAR-ELECTRODES.pdf HTTP/2" 404 796 "-" "meta-externalagent/1.1 (+https://developers.facebook.com/docs/sharing/webmasters/crawler)"
57.141.4.7 - - [29/Aug/2025:22:34:25 +0530] "GET /shopdetail/1854895/EQUIPMENTS.pdf HTTP/2" 404 796 "-" "meta-externalagent/1.1 (+https://developers.facebook.com/docs/sharing/webmasters/crawler)"
57.141.4.20 - - [29/Aug/2025:22:34:27 +0530] "GET /shopdetail/10464528/Gas-brazing-alloys.pdf HTTP/2" 404 796 "-" "meta-externalagent/1.1 (+https://developers.facebook.com/docs/sharing/webmasters/crawler)"
66.249.66.35 - - [29/Aug/2025:22:38:16 +0530] "GET /shopdetail/6215539/ HTTP/1.1" 404 796 "-" "Mozilla/5.0 (Linux; Android 6.0.1; Nexus 5X Build/MMB29P) AppleWebKit/537.36 (KHTML, like Gecko) Chrome/138.0.7204.183 Mobile Safari/537.36 (compatible; Googlebot/2.1; +http://www.google.com/bot.html)"
57.141.4.26 - - [29/Aug/2025:22:38:24 +0530] "GET /shopdetail/4737339/Flux-cored-wires.pdf HTTP/2" 404 796 "-" "meta-externalagent/1.1 (+https://developers.facebook.com/docs/sharing/webmasters/crawler)"
101.198.0.187 - - [29/Aug/2025:22:23:22 +0530] "GET / HTTP/1.1" 200 37924 "-" "Mozilla/5.0 (Macintosh; Intel Mac OS X 10_15_7) AppleWebKit/537.36 (KHTML, like Gecko) Chrome/120.0.0.0 Safari/537.36 Edg/120.0.0.0"
101.198.0.157 - - [29/Aug/2025:22:23:45 +0530] "GET /sitemap.xml HTTP/1.1" 200 12751 "-" "Mozilla/5.0 (Macintosh; Intel Mac OS X 10_7_0) AppleWebKit/535.11 (KHTML, like Gecko) Chrome/17.0.963.56 Safari/535.11"
101.198.0.182 - - [29/Aug/2025:22:23:59 +0530] "GET /config.json HTTP/1.1" 200 12762 "-" "Mozilla/5.0 (Macintosh; Intel Mac OS X 10_7_0) AppleWebKit/535.11 (KHTML, like Gecko) Chrome/17.0.963.56 Safari/535.11"
57.141.4.26 - - [29/Aug/2025:22:26:24 +0530] "GET /shopdetail/20305628/NON-FERROUS-ALLOY.pdf HTTP/2" 404 796 "-" "meta-externalagent/1.1 (+https://developers.facebook.com/docs/sharing/webmasters/crawler)"
57.141.4.8 - - [29/Aug/2025:22:26:25 +0530] "GET /shopdetail/23849006/EQUIPMENTS.pdf HTTP/2" 404 796 "-" "meta-externalagent/1.1 (+https://developers.facebook.com/docs/sharing/webmasters/crawler)"
57.141.4.9 - - [29/Aug/2025:22:26:27 +0530] "GET /shopdetail/16308206/Steel-and-Dissimilar-Steel-Joining-Alloys.pdf HTTP/2" 404 796 "-" "meta-externalagent/1.1 (+https://developers.facebook.com/docs/sharing/webmasters/crawler)"
57.141.4.22 - - [29/Aug/2025:22:30:25 +0530] "GET /shopdetail/3781795/Flux-cored-wires.pdf HTTP/2" 404 796 "-" "meta-externalagent/1.1 (+https://developers.facebook.com/docs/sharing/webmasters/crawler)"
57.141.4.18 - - [29/Aug/2025:22:30:27 +0530] "GET /shopdetail/12642406/CUTTING-AND-GOUGING.pdf HTTP/2" 404 796 "-" "meta-externalagent/1.1 (+https://developers.facebook.com/docs/sharing/webmasters/crawler)"
66.249.66.35 - - [29/Aug/2025:22:31:51 +0530] "GET /shopdetail/%E3%82%BD%E3%83%BC%E3%83%89%E3%82%A2%E3%83%BC%E3%83%88%E3%83%BB%E3%82%AA%E3%83%B3%E3%83%A9%E3%82%A4%E3%83%B3%E3%80%8F%E2%89%AA%E8%A1%80%E7%9B%9F%E9%A8%8E%E5%A3%AB%E5%9B%A3%E2%89%AB%E8%A1%A3%E8%A3%85%E3%81%AE%E3%82%A2%E3%82%B9%E3%83%8A%E3%83%95%E3%82%A3%E3%82%AE%E3%83%A5%E3%82%A2%E3%81%8C HTTP/1.1" 404 796 "-" "Mozilla/5.0 (Linux; Android 6.0.1; Nexus 5X Build/MMB29P) AppleWebKit/537.36 (KHTML, like Gecko) Chrome/138.0.7204.183 Mobile Safari/537.36 (compatible; Googlebot/2.1; +http://www.google.com/bot.html)"
87.250.224.81 - - [29/Aug/2025:22:34:14 +0530] "GET /shopdetail/37684088 HTTP/1.1" 404 796 "-" "Mozilla/5.0 (compatible; YandexBot/3.0; +http://yandex.com/bots)"
57.141.4.7 - - [29/Aug/2025:22:34:27 +0530] "GET /shopdetail/29905039/NON-FERROUS-ALLOY.pdf HTTP/2" 404 796 "-" "meta-externalagent/1.1 (+https://developers.facebook.com/docs/sharing/webmasters/crawler)"
95.108.213.151 - - [29/Aug/2025:22:34:39 +0530] "GET /shopdetail/361533188 HTTP/1.1" 404 796 "-" "Mozilla/5.0 (compatible; YandexBot/3.0; +http://yandex.com/bots)"
57.141.4.8 - - [29/Aug/2025:22:38:25 +0530] "GET /shopdetail/12931040/Hot-metal-spray-powders.pdf HTTP/2" 404 796 "-" "meta-externalagent/1.1 (+https://developers.facebook.com/docs/sharing/webmasters/crawler)"
57.141.4.6 - - [29/Aug/2025:22:38:27 +0530] "GET /shopdetail/23116017/ESAB-Low-Heat-Hardfacing-alloys.pdf HTTP/2" 404 796 "-" "meta-externalagent/1.1 (+https://developers.facebook.com/docs/sharing/webmasters/crawler)"
57.141.4.18 - - [29/Aug/2025:22:38:27 +0530] "GET /shopdetail/12367184/NON-FERROUS-ALLOY.pdf HTTP/2" 404 796 "-" "meta-externalagent/1.1 (+https://developers.facebook.com/docs/sharing/webmasters/crawler)"
57.141.4.10 - - [29/Aug/2025:22:42:24 +0530] "GET /shopdetail/17739106/gallery.php HTTP/2" 404 796 "-" "meta-externalagent/1.1 (+https://developers.facebook.com/docs/sharing/webmasters/crawler)"
57.141.4.25 - - [29/Aug/2025:22:42:25 +0530] "GET /shopdetail/26421240/CUTTING-AND-GOUGING.pdf HTTP/2" 404 796 "-" "meta-externalagent/1.1 (+https://developers.facebook.com/docs/sharing/webmasters/crawler)"
57.141.4.5 - - [29/Aug/2025:22:42:27 +0530] "GET /shopdetail/30084017/NON-FERROUS-ALLOY.pdf HTTP/2" 404 796 "-" "meta-externalagent/1.1 (+https://developers.facebook.com/docs/sharing/webmasters/crawler)"
57.141.4.29 - - [29/Aug/2025:22:46:24 +0530] "GET /shopdetail/23794817/EQUIPMENTS.pdf HTTP/2" 404 796 "-" "meta-externalagent/1.1 (+https://developers.facebook.com/docs/sharing/webmasters/crawler)"
57.141.4.4 - - [29/Aug/2025:22:46:26 +0530] "GET /shopdetail/20046262/Steel-and-Dissimilar-Steel-Joining-Alloys.pdf HTTP/2" 404 796 "-" "meta-externalagent/1.1 (+https://developers.facebook.com/docs/sharing/webmasters/crawler)"
66.249.66.36 - - [29/Aug/2025:22:48:09 +0530] "GET /shopdetail/22956073/ HTTP/1.1" 404 796 "-" "Mozilla/5.0 (Linux; Android 6.0.1; Nexus 5X Build/MMB29P) AppleWebKit/537.36 (KHTML, like Gecko) Chrome/138.0.7204.183 Mobile Safari/537.36 (compatible; Googlebot/2.1; +http://www.google.com/bot.html)"
104.152.52.229 - - [29/Aug/2025:22:50:08 +0530] "GET /assets/images/favicon.png HTTP/1.1" 200 3612 "-" "curl/7.61.1"
57.141.4.8 - - [29/Aug/2025:22:50:25 +0530] "GET /shopdetail/6656739/NON-FERROUS-ALLOY.pdf HTTP/2" 404 796 "-" "meta-externalagent/1.1 (+https://developers.facebook.com/docs/sharing/webmasters/crawler)"
57.141.4.23 - - [29/Aug/2025:22:50:26 +0530] "GET /shopdetail/29734662/CUTTING-AND-GOUGING.pdf HTTP/2" 404 796 "-" "meta-externalagent/1.1 (+https://developers.facebook.com/docs/sharing/webmasters/crawler)"
57.141.4.26 - - [29/Aug/2025:22:50:26 +0530] "GET /shopdetail/3170673/ HTTP/2" 404 796 "-" "meta-externalagent/1.1 (+https://developers.facebook.com/docs/sharing/webmasters/crawler)"
66.249.66.34 - - [29/Aug/2025:22:51:55 +0530] "GET /product/edit/97790571 HTTP/1.1" 404 796 "-" "Mozilla/5.0 (Linux; Android 6.0.1; Nexus 5X Build/MMB29P) AppleWebKit/537.36 (KHTML, like Gecko) Chrome/138.0.7204.183 Mobile Safari/537.36 (compatible; Googlebot/2.1; +http://www.google.com/bot.html)"
66.249.66.35 - - [29/Aug/2025:22:52:27 +0530] "GET /product/edit/84844409 HTTP/1.1" 404 796 "-" "Mozilla/5.0 (Linux; Android 6.0.1; Nexus 5X Build/MMB29P) AppleWebKit/537.36 (KHTML, like Gecko) Chrome/138.0.7204.183 Mobile Safari/537.36 (compatible; Googlebot/2.1; +http://www.google.com/bot.html)"
66.249.66.34 - - [29/Aug/2025:22:52:50 +0530] "GET /product/edit/63397091 HTTP/1.1" 404 796 "-" "Mozilla/5.0 (Linux; Android 6.0.1; Nexus 5X Build/MMB29P) AppleWebKit/537.36 (KHTML, like Gecko) Chrome/138.0.7204.183 Mobile Safari/537.36 (compatible; Googlebot/2.1; +http://www.google.com/bot.html)"
66.249.66.35 - - [29/Aug/2025:22:53:13 +0530] "GET /product/edit/87849872 HTTP/1.1" 404 796 "-" "Mozilla/5.0 (Linux; Android 6.0.1; Nexus 5X Build/MMB29P) AppleWebKit/537.36 (KHTML, like Gecko) Chrome/138.0.7204.183 Mobile Safari/537.36 (compatible; Googlebot/2.1; +http://www.google.com/bot.html)"
66.249.66.35 - - [29/Aug/2025:22:53:25 +0530] "GET /product/edit/01451299 HTTP/1.1" 404 796 "-" "Mozilla/5.0 (Linux; Android 6.0.1; Nexus 5X Build/MMB29P) AppleWebKit/537.36 (KHTML, like Gecko) Chrome/138.0.7204.183 Mobile Safari/537.36 (compatible; Googlebot/2.1; +http://www.google.com/bot.html)"
57.141.4.9 - - [29/Aug/2025:22:54:24 +0530] "GET /shopdetail/8090862/Flux-cored-wires.pdf HTTP/2" 404 796 "-" "meta-externalagent/1.1 (+https://developers.facebook.com/docs/sharing/webmasters/crawler)"
57.141.4.23 - - [29/Aug/2025:22:54:27 +0530] "GET /shopdetail/2540140/Tig-filler-wires.pdf HTTP/2" 404 796 "-" "meta-externalagent/1.1 (+https://developers.facebook.com/docs/sharing/webmasters/crawler)"
66.249.66.35 - - [29/Aug/2025:22:42:59 +0530] "GET /shopdetail/15143106/ HTTP/1.1" 404 796 "-" "Mozilla/5.0 (Linux; Android 6.0.1; Nexus 5X Build/MMB29P) AppleWebKit/537.36 (KHTML, like Gecko) Chrome/138.0.7204.183 Mobile Safari/537.36 (compatible; Googlebot/2.1; +http://www.google.com/bot.html)"
57.141.4.10 - - [29/Aug/2025:22:46:25 +0530] "GET /shopdetail/15775095/ HTTP/2" 404 796 "-" "meta-externalagent/1.1 (+https://developers.facebook.com/docs/sharing/webmasters/crawler)"
66.249.66.34 - - [29/Aug/2025:22:47:56 +0530] "GET /shopdetail/5562395/ HTTP/1.1" 404 796 "-" "Mozilla/5.0 (Linux; Android 6.0.1; Nexus 5X Build/MMB29P) AppleWebKit/537.36 (KHTML, like Gecko) Chrome/138.0.7204.183 Mobile Safari/537.36 (compatible; Googlebot/2.1; +http://www.google.com/bot.html)"
66.249.66.34 - - [29/Aug/2025:22:48:33 +0530] "GET /shopdetail/11196540/ HTTP/1.1" 404 796 "-" "Mozilla/5.0 (Linux; Android 6.0.1; Nexus 5X Build/MMB29P) AppleWebKit/537.36 (KHTML, like Gecko) Chrome/138.0.7204.183 Mobile Safari/537.36 (compatible; Googlebot/2.1; +http://www.google.com/bot.html)"
104.152.52.229 - - [29/Aug/2025:22:50:08 +0530] "GET / HTTP/1.1" 200 19243 "-" "curl/7.61.1"
57.141.4.2 - - [29/Aug/2025:22:50:24 +0530] "GET /shopdetail/19115762/Flux-cored-wires.pdf HTTP/2" 404 796 "-" "meta-externalagent/1.1 (+https://developers.facebook.com/docs/sharing/webmasters/crawler)"
66.249.66.34 - - [29/Aug/2025:22:50:33 +0530] "GET /product/edit/85452078 HTTP/1.1" 404 796 "-" "Mozilla/5.0 (Linux; Android 6.0.1; Nexus 5X Build/MMB29P) AppleWebKit/537.36 (KHTML, like Gecko) Chrome/138.0.7204.183 Mobile Safari/537.36 (compatible; Googlebot/2.1; +http://www.google.com/bot.html)"
