66.249.66.35 - - [29/Aug/2025:22:50:54 +0530] "GET /product/edit/13416347 HTTP/1.1" 404 796 "-" "Mozilla/5.0 (Linux; Android 6.0.1; Nexus 5X Build/MMB29P) AppleWebKit/537.36 (KHTML, like Gecko) Chrome/138.0.7204.183 Mobile Safari/537.36 (compatible; Googlebot/2.1; +http://www.google.com/bot.html)"
66.249.66.34 - - [29/Aug/2025:22:51:10 +0530] "GET /product/edit/78652023 HTTP/1.1" 404 796 "-" "Mozilla/5.0 (Linux; Android 6.0.1; Nexus 5X Build/MMB29P) AppleWebKit/537.36 (KHTML, like Gecko) Chrome/138.0.7204.183 Mobile Safari/537.36 (compatible; Googlebot/2.1; +http://www.google.com/bot.html)"
66.249.66.35 - - [29/Aug/2025:22:51:31 +0530] "GET /product/edit/80510293 HTTP/1.1" 404 796 "-" "Mozilla/5.0 (Linux; Android 6.0.1; Nexus 5X Build/MMB29P) AppleWebKit/537.36 (KHTML, like Gecko) Chrome/138.0.7204.183 Mobile Safari/537.36 (compatible; Googlebot/2.1; +http://www.google.com/bot.html)"
66.249.66.34 - - [29/Aug/2025:22:52:09 +0530] "GET /product/edit/24379779 HTTP/1.1" 404 796 "-" "Mozilla/5.0 (Linux; Android 6.0.1; Nexus 5X Build/MMB29P) AppleWebKit/537.36 (KHTML, like Gecko) Chrome/138.0.7204.183 Mobile Safari/537.36 (compatible; Googlebot/2.1; +http://www.google.com/bot.html)"
66.249.66.34 - - [29/Aug/2025:22:53:47 +0530] "GET /product/edit/95052889 HTTP/1.1" 404 796 "-" "Mozilla/5.0 (Linux; Android 6.0.1; Nexus 5X Build/MMB29P) AppleWebKit/537.36 (KHTML, like Gecko) Chrome/138.0.7204.183 Mobile Safari/537.36 (compatible; Googlebot/2.1; +http://www.google.com/bot.html)"
66.249.66.36 - - [29/Aug/2025:22:54:11 +0530] "GET /product/edit/67259596 HTTP/1.1" 404 796 "-" "Mozilla/5.0 (Linux; Android 6.0.1; Nexus 5X Build/MMB29P) AppleWebKit/537.36 (KHTML, like Gecko) Chrome/138.0.7204.183 Mobile Safari/537.36 (compatible; Googlebot/2.1; +http://www.google.com/bot.html)"
57.141.4.17 - - [29/Aug/2025:22:54:25 +0530] "GET /shopdetail/23745417/Tig-filler-wires.pdf HTTP/2" 404 796 "-" "meta-externalagent/1.1 (+https://developers.facebook.com/docs/sharing/webmasters/crawler)"
66.249.66.35 - - [29/Aug/2025:22:55:31 +0530] "GET /product/edit/12612296 HTTP/1.1" 404 796 "-" "Mozilla/5.0 (Linux; Android 6.0.1; Nexus 5X Build/MMB29P) AppleWebKit/537.36 (KHTML, like Gecko) Chrome/138.0.7204.183 Mobile Safari/537.36 (compatible; Googlebot/2.1; +http://www.google.com/bot.html)"
57.141.4.23 - - [29/Aug/2025:22:54:27 +0530] "GET /shopdetail/649006/Tig-filler-wires.pdf HTTP/2" 404 796 "-" "meta-externalagent/1.1 (+https://developers.facebook.com/docs/sharing/webmasters/crawler)"
66.249.66.34 - - [29/Aug/2025:22:54:36 +0530] "GET /product/edit/02428081 HTTP/1.1" 404 796 "-" "Mozilla/5.0 (Linux; Android 6.0.1; Nexus 5X Build/MMB29P) AppleWebKit/537.36 (KHTML, like Gecko) Chrome/138.0.7204.183 Mobile Safari/537.36 (compatible; Googlebot/2.1; +http://www.google.com/bot.html)"
66.249.66.34 - - [29/Aug/2025:22:54:56 +0530] "GET /product/edit/16613044 HTTP/1.1" 404 796 "-" "Mozilla/5.0 (Linux; Android 6.0.1; Nexus 5X Build/MMB29P) AppleWebKit/537.36 (KHTML, like Gecko) Chrome/138.0.7204.183 Mobile Safari/537.36 (compatible; Googlebot/2.1; +http://www.google.com/bot.html)"
66.249.66.34 - - [29/Aug/2025:22:55:07 +0530] "GET /product/edit/79333493 HTTP/1.1" 404 796 "-" "Mozilla/5.0 (Linux; Android 6.0.1; Nexus 5X Build/MMB29P) AppleWebKit/537.36 (KHTML, like Gecko) Chrome/138.0.7204.183 Mobile Safari/537.36 (compatible; Googlebot/2.1; +http://www.google.com/bot.html)"
66.249.66.35 - - [29/Aug/2025:22:56:12 +0530] "GET /shopdetail/30173662/ HTTP/1.1" 404 796 "-" "Mozilla/5.0 (Linux; Android 6.0.1; Nexus 5X Build/MMB29P) AppleWebKit/537.36 (KHTML, like Gecko) Chrome/138.0.7204.183 Mobile Safari/537.36 (compatible; Googlebot/2.1; +http://www.google.com/bot.html)"
66.249.66.35 - - [29/Aug/2025:22:56:24 +0530] "GET /shopdetail/1531317/ HTTP/1.1" 404 796 "-" "Mozilla/5.0 (Linux; Android 6.0.1; Nexus 5X Build/MMB29P) AppleWebKit/537.36 (KHTML, like Gecko) Chrome/138.0.7204.183 Mobile Safari/537.36 (compatible; Googlebot/2.1; +http://www.google.com/bot.html)"
87.250.224.81 - - [29/Aug/2025:22:56:31 +0530] "GET /shopdetail/150044988 HTTP/1.1" 404 796 "-" "Mozilla/5.0 (compatible; YandexBot/3.0; +http://yandex.com/bots)"
66.249.66.34 - - [29/Aug/2025:22:55:46 +0530] "GET /product/edit/80300672 HTTP/1.1" 404 796 "-" "Mozilla/5.0 (Linux; Android 6.0.1; Nexus 5X Build/MMB29P) AppleWebKit/537.36 (KHTML, like Gecko) Chrome/138.0.7204.183 Mobile Safari/537.36 (compatible; Googlebot/2.1; +http://www.google.com/bot.html)"
87.250.224.114 - - [29/Aug/2025:22:56:08 +0530] "GET /shopdetail/244993088 HTTP/1.1" 404 796 "-" "Mozilla/5.0 (compatible; YandexBot/3.0; +http://yandex.com/bots)"
66.249.66.34 - - [29/Aug/2025:22:56:50 +0530] "GET /shopdetail/8221995/ HTTP/1.1" 404 796 "-" "Mozilla/5.0 (Linux; Android 6.0.1; Nexus 5X Build/MMB29P) AppleWebKit/537.36 (KHTML, like Gecko) Chrome/138.0.7204.183 Mobile Safari/537.36 (compatible; Googlebot/2.1; +http://www.google.com/bot.html)"
66.249.66.35 - - [29/Aug/2025:22:57:13 +0530] "GET /shopdetail/26691951/ HTTP/1.1" 404 796 "-" "Mozilla/5.0 (Linux; Android 6.0.1; Nexus 5X Build/MMB29P) AppleWebKit/537.36 (KHTML, like Gecko) Chrome/138.0.7204.183 Mobile Safari/537.36 (compatible; Googlebot/2.1; +http://www.google.com/bot.html)"
66.249.66.35 - - [29/Aug/2025:22:57:25 +0530] "GET /shopdetail/12746951/ HTTP/1.1" 404 796 "-" "Mozilla/5.0 (Linux; Android 6.0.1; Nexus 5X Build/MMB29P) AppleWebKit/537.36 (KHTML, like Gecko) Chrome/138.0.7204.183 Mobile Safari/537.36 (compatible; Googlebot/2.1; +http://www.google.com/bot.html)"
66.249.66.34 - - [29/Aug/2025:22:57:49 +0530] "GET /shopdetail/17117251/ HTTP/1.1" 404 796 "-" "Mozilla/5.0 (Linux; Android 6.0.1; Nexus 5X Build/MMB29P) AppleWebKit/537.36 (KHTML, like Gecko) Chrome/138.0.7204.183 Mobile Safari/537.36 (compatible; Googlebot/2.1; +http://www.google.com/bot.html)"
66.249.66.35 - - [29/Aug/2025:22:58:12 +0530] "GET /shopdetail/19930062/ HTTP/1.1" 404 796 "-" "Mozilla/5.0 (Linux; Android 6.0.1; Nexus 5X Build/MMB29P) AppleWebKit/537.36 (KHTML, like Gecko) Chrome/138.0.7204.183 Mobile Safari/537.36 (compatible; Googlebot/2.1; +http://www.google.com/bot.html)"
57.141.4.29 - - [29/Aug/2025:22:58:24 +0530] "GET /shopdetail/777951/Gas-brazing-alloys.pdf HTTP/2" 404 796 "-" "meta-externalagent/1.1 (+https://developers.facebook.com/docs/sharing/webmasters/crawler)"
66.249.66.34 - - [29/Aug/2025:22:58:44 +0530] "GET /shopdetail/2900140/ HTTP/1.1" 404 796 "-" "Mozilla/5.0 (Linux; Android 6.0.1; Nexus 5X Build/MMB29P) AppleWebKit/537.36 (KHTML, like Gecko) Chrome/138.0.7204.183 Mobile Safari/537.36 (compatible; Googlebot/2.1; +http://www.google.com/bot.html)"
66.249.66.35 - - [29/Aug/2025:22:59:31 +0530] "GET /shopdetail/15367739/ HTTP/1.1" 404 796 "-" "Mozilla/5.0 (Linux; Android 6.0.1; Nexus 5X Build/MMB29P) AppleWebKit/537.36 (KHTML, like Gecko) Chrome/138.0.7204.183 Mobile Safari/537.36 (compatible; Googlebot/2.1; +http://www.google.com/bot.html)"
66.249.66.34 - - [29/Aug/2025:22:59:43 +0530] "GET /shopdetail/25760406/ HTTP/1.1" 404 796 "-" "Mozilla/5.0 (Linux; Android 6.0.1; Nexus 5X Build/MMB29P) AppleWebKit/537.36 (KHTML, like Gecko) Chrome/138.0.7204.183 Mobile Safari/537.36 (compatible; Googlebot/2.1; +http://www.google.com/bot.html)"
66.249.66.34 - - [29/Aug/2025:23:00:44 +0530] "GET /shopdetail/18797273/ HTTP/1.1" 404 796 "-" "Mozilla/5.0 (Linux; Android 6.0.1; Nexus 5X Build/MMB29P) AppleWebKit/537.36 (KHTML, like Gecko) Chrome/138.0.7204.183 Mobile Safari/537.36 (compatible; Googlebot/2.1; +http://www.google.com/bot.html)"
66.249.66.34 - - [29/Aug/2025:23:00:46 +0530] "GET /shopdetail/30417473/ HTTP/1.1" 404 796 "-" "Mozilla/5.0 (Linux; Android 6.0.1; Nexus 5X Build/MMB29P) AppleWebKit/537.36 (KHTML, like Gecko) Chrome/138.0.7204.183 Mobile Safari/537.36 (compatible; Googlebot/2.1; +http://www.google.com/bot.html)"
66.249.66.34 - - [29/Aug/2025:23:02:22 +0530] "GET /product/edit/97920294 HTTP/1.1" 404 796 "-" "Mozilla/5.0 (Linux; Android 6.0.1; Nexus 5X Build/MMB29P) AppleWebKit/537.36 (KHTML, like Gecko) Chrome/138.0.7204.183 Mobile Safari/537.36 (compatible; Googlebot/2.1; +http://www.google.com/bot.html)"
66.249.66.34 - - [29/Aug/2025:23:05:10 +0530] "GET /%E5%9C%A8%E5%BA%AB%E5%87%A6%E5%88%86%20%E5%A4%A7SALE%20%E6%9C%AA%E4%BD%BF%E7%94%A8%20%E3%83%95%E3%82%A7%E3%83%A9%E3%82%AC%E3%83%A2%20Ferragamo%202WAY%20%E3%82%B7%E3%83%A7%E3%83%AB%E3%83%80%E3%83%BC%E3%82%A6%E3%82%A9%E3%83%AC%E3%83%83%E3%83%88%20%E3%82%AC%E3%83%B3%E3%83%81%E3%83%BC%E3%83%8B%20%E3%83%AC%E3%82%B6%E3%83%BC%20%E3%83%91%E3%83%BC%E3%83%97%E3%83%AB%20%20:051444:atlantis%20-%20%E9%80%9A%E8%B2%A9%20-%20Yahoo!%E3%82%B7%E3%83%A7%E3%83%83%E3%83%94%E3%83%B3%E3%82%B0 HTTP/1.1" 404 796 "-" "Mozilla/5.0 (Linux; Android 6.0.1; Nexus 5X Build/MMB29P) AppleWebKit/537.36 (KHTML, like Gecko) Chrome/138.0.7204.183 Mobile Safari/537.36 (compatible; GoogleOther)"
66.249.66.32 - - [29/Aug/2025:23:06:10 +0530] "GET /robots.txt HTTP/1.1" 404 796 "-" "Mozilla/5.0 (compatible; Googlebot/2.1; +http://www.google.com/bot.html)"
57.141.4.4 - - [29/Aug/2025:22:58:25 +0530] "GET /shopdetail/6135228/Tig-filler-wires.pdf HTTP/2" 404 796 "-" "meta-externalagent/1.1 (+https://developers.facebook.com/docs/sharing/webmasters/crawler)"
57.141.4.6 - - [29/Aug/2025:22:58:26 +0530] "GET /shopdetail/26351895/Tig-filler-wires.pdf HTTP/2" 404 796 "-" "meta-externalagent/1.1 (+https://developers.facebook.com/docs/sharing/webmasters/crawler)"
57.141.4.29 - - [29/Aug/2025:22:58:26 +0530] "GET /shopdetail/8611062/Gas-brazing-alloys.pdf HTTP/2" 404 796 "-" "meta-externalagent/1.1 (+https://developers.facebook.com/docs/sharing/webmasters/crawler)"
66.249.66.35 - - [29/Aug/2025:22:58:28 +0530] "GET /shopdetail/15154251/ HTTP/1.1" 404 796 "-" "Mozilla/5.0 (Linux; Android 6.0.1; Nexus 5X Build/MMB29P) AppleWebKit/537.36 (KHTML, like Gecko) Chrome/138.0.7204.183 Mobile Safari/537.36 (compatible; Googlebot/2.1; +http://www.google.com/bot.html)"
66.249.66.36 - - [29/Aug/2025:22:59:07 +0530] "GET /shopdetail/3331217/ HTTP/1.1" 404 796 "-" "Mozilla/5.0 (Linux; Android 6.0.1; Nexus 5X Build/MMB29P) AppleWebKit/537.36 (KHTML, like Gecko) Chrome/138.0.7204.183 Mobile Safari/537.36 (compatible; Googlebot/2.1; +http://www.google.com/bot.html)"
66.249.66.34 - - [29/Aug/2025:23:00:08 +0530] "GET /shopdetail/26110273/ HTTP/1.1" 404 796 "-" "Mozilla/5.0 (Linux; Android 6.0.1; Nexus 5X Build/MMB29P) AppleWebKit/537.36 (KHTML, like Gecko) Chrome/138.0.7204.183 Mobile Safari/537.36 (compatible; Googlebot/2.1; +http://www.google.com/bot.html)"
66.249.66.34 - - [29/Aug/2025:23:00:32 +0530] "GET /shopdetail/22964473/ HTTP/1.1" 404 796 "-" "Mozilla/5.0 (Linux; Android 6.0.1; Nexus 5X Build/MMB29P) AppleWebKit/537.36 (KHTML, like Gecko) Chrome/138.0.7204.183 Mobile Safari/537.36 (compatible; Googlebot/2.1; +http://www.google.com/bot.html)"
66.249.66.36 - - [29/Aug/2025:23:01:09 +0530] "GET /shopdetail/5129006/ HTTP/1.1" 404 796 "-" "Mozilla/5.0 (Linux; Android 6.0.1; Nexus 5X Build/MMB29P) AppleWebKit/537.36 (KHTML, like Gecko) Chrome/138.0.7204.183 Mobile Safari/537.36 (compatible; Googlebot/2.1; +http://www.google.com/bot.html)"
66.249.66.34 - - [29/Aug/2025:23:01:44 +0530] "GET /product/edit/97120318 HTTP/1.1" 404 796 "-" "Mozilla/5.0 (Linux; Android 6.0.1; Nexus 5X Build/MMB29P) AppleWebKit/537.36 (KHTML, like Gecko) Chrome/138.0.7204.183 Mobile Safari/537.36 (compatible; Googlebot/2.1; +http://www.google.com/bot.html)"
66.249.66.34 - - [29/Aug/2025:23:02:07 +0530] "GET /product/edit/43188641 HTTP/1.1" 404 796 "-" "Mozilla/5.0 (Linux; Android 6.0.1; Nexus 5X Build/MMB29P) AppleWebKit/537.36 (KHTML, like Gecko) Chrome/138.0.7204.183 Mobile Safari/537.36 (compatible; Googlebot/2.1; +http://www.google.com/bot.html)"
57.141.4.26 - - [29/Aug/2025:23:02:24 +0530] "GET /shopdetail/29305606/CAST-IRON.pdf HTTP/2" 404 796 "-" "meta-externalagent/1.1 (+https://developers.facebook.com/docs/sharing/webmasters/crawler)"
57.141.4.1 - - [29/Aug/2025:23:02:24 +0530] "GET /shopdetail/21478684/CONSUMABLES-RANUSH.pdf HTTP/2" 404 796 "-" "meta-externalagent/1.1 (+https://developers.facebook.com/docs/sharing/webmasters/crawler)"
57.141.4.18 - - [29/Aug/2025:23:02:26 +0530] "GET /shopdetail/29354839/Tig-filler-wires.pdf HTTP/2" 404 796 "-" "meta-externalagent/1.1 (+https://developers.facebook.com/docs/sharing/webmasters/crawler)"
57.141.4.25 - - [29/Aug/2025:23:06:24 +0530] "GET /shopdetail/30122417/EQUIPMENTS.pdf HTTP/2" 404 796 "-" "meta-externalagent/1.1 (+https://developers.facebook.com/docs/sharing/webmasters/crawler)"
66.249.66.35 - - [29/Aug/2025:23:06:30 +0530] "GET /index.php?shopdetail/93888 HTTP/1.1" 200 4728 "-" "Mozilla/5.0 (Linux; Android 6.0.1; Nexus 5X Build/MMB29P) AppleWebKit/537.36 (KHTML, like Gecko) Chrome/138.0.7204.183 Mobile Safari/537.36 (compatible; Googlebot/2.1; +http://www.google.com/bot.html)"
66.249.66.34 - - [29/Aug/2025:23:06:12 +0530] "GET /TUBULAR-ELECTRODES.pdf HTTP/1.1" 304 0 "-" "Mozilla/5.0 (Linux; Android 6.0.1; Nexus 5X Build/MMB29P) AppleWebKit/537.36 (KHTML, like Gecko) Chrome/138.0.7204.183 Mobile Safari/537.36 (compatible; Googlebot/2.1; +http://www.google.com/bot.html)"
57.141.4.18 - - [29/Aug/2025:23:06:25 +0530] "GET /shopdetail/22176328/ HTTP/2" 404 796 "-" "meta-externalagent/1.1 (+https://developers.facebook.com/docs/sharing/webmasters/crawler)"
57.141.4.20 - - [29/Aug/2025:23:06:26 +0530] "GET /shopdetail/24946362/Flux-cored-wires.pdf HTTP/2" 404 796 "-" "meta-externalagent/1.1 (+https://developers.facebook.com/docs/sharing/webmasters/crawler)"
57.141.4.10 - - [29/Aug/2025:23:10:25 +0530] "GET /shopdetail/28851773/Steel-and-Dissimilar-Steel-Joining-Alloys.pdf HTTP/2" 404 796 "-" "meta-externalagent/1.1 (+https://developers.facebook.com/docs/sharing/webmasters/crawler)"
57.141.4.15 - - [29/Aug/2025:23:10:26 +0530] "GET /shopdetail/13368784/CUTTING-AND-GOUGING.pdf HTTP/2" 404 796 "-" "meta-externalagent/1.1 (+https://developers.facebook.com/docs/sharing/webmasters/crawler)"
66.249.66.34 - - [29/Aug/2025:23:11:26 +0530] "GET /shopdetail/14667451/ HTTP/1.1" 404 796 "-" "Mozilla/5.0 (Linux; Android 6.0.1; Nexus 5X Build/MMB29P) AppleWebKit/537.36 (KHTML, like Gecko) Chrome/138.0.7204.183 Mobile Safari/537.36 (compatible; Googlebot/2.1; +http://www.google.com/bot.html)"
66.249.66.35 - - [29/Aug/2025:23:06:33 +0530] "GET /assets/js/gmaps.js HTTP/1.1" 200 11452 "-" "Mozilla/5.0 (Linux; Android 6.0.1; Nexus 5X Build/MMB29P) AppleWebKit/537.36 (KHTML, like Gecko) Chrome/139.0.7258.127 Mobile Safari/537.36 (compatible; Googlebot/2.1; +http://www.google.com/bot.html)"
57.141.4.15 - - [29/Aug/2025:23:10:24 +0530] "GET /shopdetail/26003040/CUTTING-AND-GOUGING.pdf HTTP/2" 404 796 "-" "meta-externalagent/1.1 (+https://developers.facebook.com/docs/sharing/webmasters/crawler)"
57.141.4.15 - - [29/Aug/2025:23:10:26 +0530] "GET /shopdetail/25309084/NON-FERROUS-ALLOY.pdf HTTP/2" 404 796 "-" "meta-externalagent/1.1 (+https://developers.facebook.com/docs/sharing/webmasters/crawler)"
66.249.66.36 - - [29/Aug/2025:23:12:35 +0530] "GET /shopdetail/%E5%A4%89%E5%BD%A2%E3%81%99%E3%82%8B%E3%83%91%E3%82%BF%E3%83%BC%E3%80%8D%E3%81%AB%E2%80%9C%E3%82%B7%E3%83%A7%E3%83%BC%E3%83%88%E3%81%97%E3%81%AA%E3%81%84%E2%80%9D%E3%83%91%E3%82%BF%E3%83%BC!?%20%E8%AA%B0%E3%81%AB%E3%82%82%E6%95%99%E3%81%88%E3%81%9F%E3%81%8F%E3%81%AA%E3%81%84 HTTP/1.1" 404 796 "-" "Mozilla/5.0 (Linux; Android 6.0.1; Nexus 5X Build/MMB29P) AppleWebKit/537.36 (KHTML, like Gecko) Chrome/138.0.7204.183 Mobile Safari/537.36 (compatible; Googlebot/2.1; +http://www.google.com/bot.html)"
66.249.66.35 - - [29/Aug/2025:23:13:33 +0530] "GET /shopdetail/24305084/ HTTP/1.1" 404 796 "-" "Mozilla/5.0 (Linux; Android 6.0.1; Nexus 5X Build/MMB29P) AppleWebKit/537.36 (KHTML, like Gecko) Chrome/138.0.7204.183 Mobile Safari/537.36 (compatible; Googlebot/2.1; +http://www.google.com/bot.html)"
57.141.4.11 - - [29/Aug/2025:23:14:25 +0530] "GET /shopdetail/2489240/ HTTP/2" 404 796 "-" "meta-externalagent/1.1 (+https://developers.facebook.com/docs/sharing/webmasters/crawler)"
57.141.4.16 - - [29/Aug/2025:23:14:26 +0530] "GET /shopdetail/20158195/gallery.php HTTP/2" 404 796 "-" "meta-externalagent/1.1 (+https://developers.facebook.com/docs/sharing/webmasters/crawler)"
57.141.4.19 - - [29/Aug/2025:23:14:27 +0530] "GET /shopdetail/10045284/CAST-IRON.pdf HTTP/2" 404 796 "-" "meta-externalagent/1.1 (+https://developers.facebook.com/docs/sharing/webmasters/crawler)"
185.21.14.193 - - [29/Aug/2025:23:14:37 +0530] "GET /contact.php HTTP/1.1" 200 6916 "-" "Mozilla/5.0 (Macintosh; Intel Mac OS X 10_15_7) AppleWebKit/537.36 (KHTML, like Gecko) Chrome/133.0.0.0 Safari/537.36"
202.62.55.89 - - [29/Aug/2025:23:14:43 +0530] "POST /contact.php HTTP/1.1" 200 7111 "-" "Mozilla/5.0 (Macintosh; Intel Mac OS X 10_15_7) AppleWebKit/537.36 (KHTML, like Gecko) Chrome/133.0.0.0 Safari/537.36"
66.249.66.35 - - [29/Aug/2025:23:14:59 +0530] "GET /shopdetail/14413551/ HTTP/1.1" 404 796 "-" "Mozilla/5.0 (Linux; Android 6.0.1; Nexus 5X Build/MMB29P) AppleWebKit/537.36 (KHTML, like Gecko) Chrome/138.0.7204.183 Mobile Safari/537.36 (compatible; Googlebot/2.1; +http://www.google.com/bot.html)"
57.141.4.20 - - [29/Aug/2025:23:18:26 +0530] "GET /shopdetail/21569773/CONSUMABLES-RANUSH.pdf HTTP/2" 404 796 "-" "meta-externalagent/1.1 (+https://developers.facebook.com/docs/sharing/webmasters/crawler)"
57.141.4.3 - - [29/Aug/2025:23:18:27 +0530] "GET /shopdetail/21182273/Tig-filler-wires.pdf HTTP/2" 404 796 "-" "meta-externalagent/1.1 (+https://developers.facebook.com/docs/sharing/webmasters/crawler)"
66.249.66.35 - - [29/Aug/2025:23:19:36 +0530] "GET /shopdetail/24232140/ HTTP/1.1" 404 796 "-" "Mozilla/5.0 (Linux; Android 6.0.1; Nexus 5X Build/MMB29P) AppleWebKit/537.36 (KHTML, like Gecko) Chrome/138.0.7204.183 Mobile Safari/537.36 (compatible; Googlebot/2.1; +http://www.google.com/bot.html)"
52.167.144.228 - - [29/Aug/2025:23:22:22 +0530] "GET /EQUIPMENTS.pdf HTTP/2" 200 358540 "-" "Mozilla/5.0 AppleWebKit/537.36 (KHTML, like Gecko; compatible; bingbot/2.0; +http://www.bing.com/bingbot.htm) Chrome/116.0.1938.76 Safari/537.36"
57.141.4.28 - - [29/Aug/2025:23:22:24 +0530] "GET /shopdetail/26937240/Tig-filler-wires.pdf HTTP/2" 404 796 "-" "meta-externalagent/1.1 (+https://developers.facebook.com/docs/sharing/webmasters/crawler)"
57.141.4.26 - - [29/Aug/2025:23:22:25 +0530] "GET /shopdetail/27712573/Flux-cored-wires.pdf HTTP/2" 404 796 "-" "meta-externalagent/1.1 (+https://developers.facebook.com/docs/sharing/webmasters/crawler)"
66.249.66.35 - - [29/Aug/2025:23:23:24 +0530] "GET /shopdetail/%E7%A8%80%E5%B0%91%20%E7%9F%B3%E5%B7%9D%E6%B4%8B%E5%8F%B8%E5%86%99%E7%9C%9F%E9%9B%86%E3%80%8CVierge%E3%80%8D%E5%AE%8C%E5%85%A8%E6%92%AE%E4%B8%8B%E3%81%97%20%E3%83%A8%E3%83%BC%E3%83%AD%E3%83%83%E3%83%91%E3%81%AE%E7%BE%8E%E5%B0%91%E5%A5%B3%E3%81%9F%E3%81%A1%20%EF%BC%91%EF%BC%99%EF%BC%99%EF%BC%93%E5%B9%B4%E5%88%9D%E7%89%88%20%E5%AE%9A%E4%BE%A1%EF%BC%93%EF%BC%98%EF%BC%90%EF%BC%90%E5%86%86%20%E3%83%96%E3%83%83%E3%82%AF%E3%83%9E%E3%83%B3%E7%A4%BE HTTP/1.1" 404 796 "-" "Mozilla/5.0 (Linux; Android 6.0.1; Nexus 5X Build/MMB29P) AppleWebKit/537.36 (KHTML, like Gecko) Chrome/138.0.7204.183 Mobile Safari/537.36 (compatible; Googlebot/2.1; +http://www.google.com/bot.html)"
66.249.66.35 - - [29/Aug/2025:23:23:46 +0530] "GET /shopdetail/28986906/ HTTP/1.1" 404 796 "-" "Mozilla/5.0 (Linux; Android 6.0.1; Nexus 5X Build/MMB29P) AppleWebKit/537.36 (KHTML, like Gecko) Chrome/138.0.7204.183 Mobile Safari/537.36 (compatible; Googlebot/2.1; +http://www.google.com/bot.html)"
66.249.66.35 - - [29/Aug/2025:23:14:21 +0530] "GET /shopdetail/20769162/ HTTP/1.1" 404 796 "-" "Mozilla/5.0 (Linux; Android 6.0.1; Nexus 5X Build/MMB29P) AppleWebKit/537.36 (KHTML, like Gecko) Chrome/138.0.7204.183 Mobile Safari/537.36 (compatible; Googlebot/2.1; +http://www.google.com/bot.html)"
57.141.4.28 - - [29/Aug/2025:23:14:24 +0530] "GET /shopdetail/23300340/Hot-metal-spray-powders.pdf HTTP/2" 404 796 "-" "meta-externalagent/1.1 (+https://developers.facebook.com/docs/sharing/webmasters/crawler)"
185.21.14.193 - - [29/Aug/2025:23:14:37 +0530] "GET / HTTP/1.1" 200 5472 "-" "Mozilla/5.0 (Macintosh; Intel Mac OS X 10_15_7) AppleWebKit/537.36 (KHTML, like Gecko) Chrome/133.0.0.0 Safari/537.36"
202.62.55.89 - - [29/Aug/2025:23:14:45 +0530] "POST /contact.php HTTP/1.1" 200 6898 "-" "Mozilla/5.0 (Windows NT 10.0; Win64; x64) AppleWebKit/537.36 (KHTML, like Gecko) Chrome/120.0.0.0 Safari/537.36"
66.249.66.35 - - [29/Aug/2025:23:16:28 +0530] "GET /shopdetail/29733217/ HTTP/1.1" 404 796 "-" "Mozilla/5.0 (Linux; Android 6.0.1; Nexus 5X Build/MMB29P) AppleWebKit/537.36 (KHTML, like Gecko) Chrome/138.0.7204.183 Mobile Safari/537.36 (compatible; Googlebot/2.1; +http://www.google.com/bot.html)"
57.141.4.21 - - [29/Aug/2025:23:18:25 +0530] "GET /shopdetail/12201195/EQUIPMENTS.pdf HTTP/2" 404 796 "-" "meta-externalagent/1.1 (+https://developers.facebook.com/docs/sharing/webmasters/crawler)"
57.141.4.20 - - [29/Aug/2025:23:18:25 +0530] "GET /shopdetail/15916384/ HTTP/2" 404 796 "-" "meta-externalagent/1.1 (+https://developers.facebook.com/docs/sharing/webmasters/crawler)"
66.249.66.34 - - [29/Aug/2025:23:19:25 +0530] "GET /shopdetail/Perfume%20%E3%81%8B%E3%81%97%E3%82%86%E3%81%8B HTTP/1.1" 404 796 "-" "Mozilla/5.0 (Linux; Android 6.0.1; Nexus 5X Build/MMB29P) AppleWebKit/537.36 (KHTML, like Gecko) Chrome/138.0.7204.183 Mobile Safari/537.36 (compatible; Googlebot/2.1; +http://www.google.com/bot.html)"
95.108.213.138 - - [29/Aug/2025:23:21:02 +0530] "GET /shopdetail/12548288 HTTP/1.1" 404 796 "-" "Mozilla/5.0 (compatible; YandexBot/3.0; +http://yandex.com/bots)"
95.108.213.151 - - [29/Aug/2025:23:22:17 +0530] "GET /shopdetail/18057288 HTTP/1.1" 404 796 "-" "Mozilla/5.0 (compatible; YandexBot/3.0; +http://yandex.com/bots)"
57.141.4.1 - - [29/Aug/2025:23:22:26 +0530] "GET /shopdetail/12341028/WEAR-PLATES.pdf HTTP/2" 404 796 "-" "meta-externalagent/1.1 (+https://developers.facebook.com/docs/sharing/webmasters/crawler)"
57.141.4.19 - - [29/Aug/2025:23:26:24 +0530] "GET /shopdetail/1273939/CONSUMABLES-RANUSH.pdf HTTP/2" 404 796 "-" "meta-externalagent/1.1 (+https://developers.facebook.com/docs/sharing/webmasters/crawler)"
57.141.4.17 - - [29/Aug/2025:23:26:26 +0530] "GET /shopdetail/20888239/CAST-IRON.pdf HTTP/2" 404 796 "-" "meta-externalagent/1.1 (+https://developers.facebook.com/docs/sharing/webmasters/crawler)"
66.249.66.35 - - [29/Aug/2025:23:29:44 +0530] "GET /shopdetail/2446562/ HTTP/1.1" 404 796 "-" "Mozilla/5.0 (Linux; Android 6.0.1; Nexus 5X Build/MMB29P) AppleWebKit/537.36 (KHTML, like Gecko) Chrome/138.0.7204.183 Mobile Safari/537.36 (compatible; Googlebot/2.1; +http://www.google.com/bot.html)"
57.141.4.30 - - [29/Aug/2025:23:30:25 +0530] "GET /shopdetail/20103095/WEAR-PLATES.pdf HTTP/2" 404 796 "-" "meta-externalagent/1.1 (+https://developers.facebook.com/docs/sharing/webmasters/crawler)"
57.141.4.24 - - [29/Aug/2025:23:30:26 +0530] "GET /shopdetail/19192473/Gas-brazing-alloys.pdf HTTP/2" 404 796 "-" "meta-externalagent/1.1 (+https://developers.facebook.com/docs/sharing/webmasters/crawler)"
66.249.66.35 - - [29/Aug/2025:23:25:23 +0530] "GET /shopdetail/%E6%97%A5%E6%9C%AC%E6%9C%AA%E5%85%A5%E8%8D%B7%20MediaPad%20HUAWEI%20M5%20LTE%2064GB%208-inch%20lite%20%E3%82%BF%E3%83%96%E3%83%AC%E3%83%83%E3%83%88 HTTP/1.1" 404 796 "-" "Mozilla/5.0 (Linux; Android 6.0.1; Nexus 5X Build/MMB29P) AppleWebKit/537.36 (KHTML, like Gecko) Chrome/138.0.7204.183 Mobile Safari/537.36 (compatible; Googlebot/2.1; +http://www.google.com/bot.html)"
57.141.4.12 - - [29/Aug/2025:23:26:25 +0530] "GET /shopdetail/5170506/CUTTING-AND-GOUGING.pdf HTTP/2" 404 796 "-" "meta-externalagent/1.1 (+https://developers.facebook.com/docs/sharing/webmasters/crawler)"
66.249.66.35 - - [29/Aug/2025:23:26:45 +0530] "GET /shopdetail/22871506/ HTTP/1.1" 404 796 "-" "Mozilla/5.0 (Linux; Android 6.0.1; Nexus 5X Build/MMB29P) AppleWebKit/537.36 (KHTML, like Gecko) Chrome/138.0.7204.183 Mobile Safari/537.36 (compatible; Googlebot/2.1; +http://www.google.com/bot.html)"
66.249.66.35 - - [29/Aug/2025:23:27:33 +0530] "GET /shopdetail/8093528/ HTTP/1.1" 404 796 "-" "Mozilla/5.0 (Linux; Android 6.0.1; Nexus 5X Build/MMB29P) AppleWebKit/537.36 (KHTML, like Gecko) Chrome/138.0.7204.183 Mobile Safari/537.36 (compatible; Googlebot/2.1; +http://www.google.com/bot.html)"
57.141.4.25 - - [29/Aug/2025:23:30:25 +0530] "GET /shopdetail/16587484/Tig-filler-wires.pdf HTTP/2" 404 796 "-" "meta-externalagent/1.1 (+https://developers.facebook.com/docs/sharing/webmasters/crawler)"
200.108.175.32 - - [29/Aug/2025:23:30:55 +0530] "GET /shopdetail/7435673/msgp.php HTTP/1.1" 404 796 "-" "Mozilla/5.0 (Windows NT 6.3; WOW64) AppleWebKit/537.36 (KHTML, like Gecko) Chrome/100.0.4896.60 Safari/537.36"
66.249.66.34 - - [29/Aug/2025:23:33:18 +0530] "GET /shopdetail/21314439/ HTTP/1.1" 404 796 "-" "Mozilla/5.0 (Linux; Android 6.0.1; Nexus 5X Build/MMB29P) AppleWebKit/537.36 (KHTML, like Gecko) Chrome/138.0.7204.183 Mobile Safari/537.36 (compatible; Googlebot/2.1; +http://www.google.com/bot.html)"
57.141.4.24 - - [29/Aug/2025:23:34:24 +0530] "GET /shopdetail/30002339/Tig-filler-wires.pdf HTTP/2" 404 796 "-" "meta-externalagent/1.1 (+https://developers.facebook.com/docs/sharing/webmasters/crawler)"
66.249.66.35 - - [29/Aug/2025:23:37:06 +0530] "GET /shopdetail/8663884/ HTTP/1.1" 404 796 "-" "Mozilla/5.0 (Linux; Android 6.0.1; Nexus 5X Build/MMB29P) AppleWebKit/537.36 (KHTML, like Gecko) Chrome/138.0.7204.183 Mobile Safari/537.36 (compatible; Googlebot/2.1; +http://www.google.com/bot.html)"
57.141.4.19 - - [29/Aug/2025:23:38:25 +0530] "GET /shopdetail/26802928/Flux-cored-wires.pdf HTTP/2" 404 796 "-" "meta-externalagent/1.1 (+https://developers.facebook.com/docs/sharing/webmasters/crawler)"
57.141.4.4 - - [29/Aug/2025:23:38:27 +0530] "GET /shopdetail/19508895/WEAR-PLATES.pdf HTTP/2" 404 796 "-" "meta-externalagent/1.1 (+https://developers.facebook.com/docs/sharing/webmasters/crawler)"
57.141.4.15 - - [29/Aug/2025:23:38:27 +0530] "GET /shopdetail/27154506/NON-FERROUS-ALLOY.pdf HTTP/2" 404 796 "-" "meta-externalagent/1.1 (+https://developers.facebook.com/docs/sharing/webmasters/crawler)"
66.249.66.36 - - [29/Aug/2025:23:38:32 +0530] "GET /product/edit/16392470 HTTP/1.1" 404 796 "-" "Mozilla/5.0 (Linux; Android 6.0.1; Nexus 5X Build/MMB29P) AppleWebKit/537.36 (KHTML, like Gecko) Chrome/138.0.7204.183 Mobile Safari/537.36 (compatible; Googlebot/2.1; +http://www.google.com/bot.html)"
95.108.213.138 - - [29/Aug/2025:23:40:15 +0530] "GET /shopdetail/8953988 HTTP/1.1" 404 796 "-" "Mozilla/5.0 (compatible; YandexBot/3.0; +http://yandex.com/bots)"
57.141.4.12 - - [29/Aug/2025:23:42:27 +0530] "GET /shopdetail/14790584/CONSUMABLES-RANUSH.pdf HTTP/2" 404 796 "-" "meta-externalagent/1.1 (+https://developers.facebook.com/docs/sharing/webmasters/crawler)"
57.141.4.23 - - [29/Aug/2025:23:42:27 +0530] "GET /shopdetail/7340062/welding.php HTTP/2" 404 796 "-" "meta-externalagent/1.1 (+https://developers.facebook.com/docs/sharing/webmasters/crawler)"
57.141.4.23 - - [29/Aug/2025:23:46:24 +0530] "GET /shopdetail/12577362/Steel-and-Dissimilar-Steel-Joining-Alloys.pdf HTTP/2" 404 796 "-" "meta-externalagent/1.1 (+https://developers.facebook.com/docs/sharing/webmasters/crawler)"
57.141.4.12 - - [29/Aug/2025:23:46:26 +0530] "GET /shopdetail/14454551/Gas-brazing-alloys.pdf HTTP/2" 404 796 "-" "meta-externalagent/1.1 (+https://developers.facebook.com/docs/sharing/webmasters/crawler)"
87.250.224.16 - - [29/Aug/2025:23:46:39 +0530] "GET /shopdetail/104311888 HTTP/1.1" 404 796 "-" "Mozilla/5.0 (compatible; YandexBot/3.0; +http://yandex.com/bots)"
47.82.11.13 - - [29/Aug/2025:23:32:05 +0530] "GET /shopdetail/61988788 HTTP/1.1" 404 796 "https://ranush.com/" "Mozilla/5.0 (Windows NT 10.0; Win64; x64) AppleWebKit/537.36 (KHTML, like Gecko) Chrome/135.0.0.0 Safari/537.36"
66.249.66.34 - - [29/Aug/2025:23:32:44 +0530] "GET /shopdetail/20989717/ HTTP/1.1" 404 796 "-" "Mozilla/5.0 (Linux; Android 6.0.1; Nexus 5X Build/MMB29P) AppleWebKit/537.36 (KHTML, like Gecko) Chrome/138.0.7204.183 Mobile Safari/537.36 (compatible; Googlebot/2.1; +http://www.google.com/bot.html)"
57.141.4.4 - - [29/Aug/2025:23:34:24 +0530] "GET /shopdetail/29495962/gallery.php HTTP/2" 404 796 "-" "meta-externalagent/1.1 (+https://developers.facebook.com/docs/sharing/webmasters/crawler)"
57.141.4.5 - - [29/Aug/2025:23:34:27 +0530] "GET /shopdetail/10126662/WEAR-PLATES.pdf HTTP/2" 404 796 "-" "meta-externalagent/1.1 (+https://developers.facebook.com/docs/sharing/webmasters/crawler)"
57.141.4.15 - - [29/Aug/2025:23:34:27 +0530] "GET /shopdetail/873084/Hot-metal-spray-powders.pdf HTTP/2" 404 796 "-" "meta-externalagent/1.1 (+https://developers.facebook.com/docs/sharing/webmasters/crawler)"
57.141.4.3 - - [29/Aug/2025:23:38:24 +0530] "GET /shopdetail/21428540/EQUIPMENTS.pdf HTTP/2" 404 796 "-" "meta-externalagent/1.1 (+https://developers.facebook.com/docs/sharing/webmasters/crawler)"
5.255.231.169 - - [29/Aug/2025:23:39:47 +0530] "GET /robots.txt HTTP/1.1" 404 796 "-" "Mozilla/5.0 (compatible; YandexBot/3.0; +http://yandex.com/bots)"
114.119.141.201 - - [29/Aug/2025:23:41:22 +0530] "GET /index.php HTTP/1.1" 200 5472 "https://www.ranush.com/gallery.php" "Mozilla/5.0 (Linux; Android 7.0;) AppleWebKit/537.36 (KHTML, like Gecko) Mobile Safari/537.36 (compatible; PetalBot;+https://webmaster.petalsearch.com/site/petalbot)"
57.141.4.16 - - [29/Aug/2025:23:42:24 +0530] "GET /shopdetail/12898806/gallery.php HTTP/2" 404 796 "-" "meta-externalagent/1.1 (+https://developers.facebook.com/docs/sharing/webmasters/crawler)"
57.141.4.26 - - [29/Aug/2025:23:42:24 +0530] "GET /shopdetail/17544551/Tig-filler-wires.pdf HTTP/2" 404 796 "-" "meta-externalagent/1.1 (+https://developers.facebook.com/docs/sharing/webmasters/crawler)"
57.141.4.13 - - [29/Aug/2025:23:46:25 +0530] "GET /shopdetail/27002484/EQUIPMENTS.pdf HTTP/2" 404 796 "-" "meta-externalagent/1.1 (+https://developers.facebook.com/docs/sharing/webmasters/crawler)"
66.249.66.34 - - [29/Aug/2025:23:46:31 +0530] "GET /product/edit/82068906 HTTP/1.1" 404 796 "-" "Mozilla/5.0 (Linux; Android 6.0.1; Nexus 5X Build/MMB29P) AppleWebKit/537.36 (KHTML, like Gecko) Chrome/138.0.7204.183 Mobile Safari/537.36 (compatible; Googlebot/2.1; +http://www.google.com/bot.html)"
87.250.224.52 - - [29/Aug/2025:23:47:32 +0530] "GET /shopdetail/102239088 HTTP/1.1" 404 796 "-" "Mozilla/5.0 (compatible; YandexBot/3.0; +http://yandex.com/bots)"
66.249.66.35 - - [29/Aug/2025:23:49:31 +0530] "GET /shopdetail/20456340/ HTTP/1.1" 404 796 "-" "Mozilla/5.0 (Linux; Android 6.0.1; Nexus 5X Build/MMB29P) AppleWebKit/537.36 (KHTML, like Gecko) Chrome/138.0.7204.183 Mobile Safari/537.36 (compatible; Googlebot/2.1; +http://www.google.com/bot.html)"
57.141.4.28 - - [29/Aug/2025:23:50:27 +0530] "GET /shopdetail/3299306/Steel-and-Dissimilar-Steel-Joining-Alloys.pdf HTTP/2" 404 796 "-" "meta-externalagent/1.1 (+https://developers.facebook.com/docs/sharing/webmasters/crawler)"
57.141.4.5 - - [29/Aug/2025:23:54:26 +0530] "GET /shopdetail/3481039/Steel-and-Dissimilar-Steel-Joining-Alloys.pdf HTTP/2" 404 796 "-" "meta-externalagent/1.1 (+https://developers.facebook.com/docs/sharing/webmasters/crawler)"
57.141.4.30 - - [29/Aug/2025:23:54:27 +0530] "GET /shopdetail/26416495/Tig-filler-wires.pdf HTTP/2" 404 796 "-" "meta-externalagent/1.1 (+https://developers.facebook.com/docs/sharing/webmasters/crawler)"
66.249.66.36 - - [29/Aug/2025:23:47:12 +0530] "GET /shopdetail/18321662/ HTTP/1.1" 404 796 "-" "Mozilla/5.0 (Linux; Android 6.0.1; Nexus 5X Build/MMB29P) AppleWebKit/537.36 (KHTML, like Gecko) Chrome/138.0.7204.183 Mobile Safari/537.36 (compatible; Googlebot/2.1; +http://www.google.com/bot.html)"
66.249.66.35 - - [29/Aug/2025:23:47:17 +0530] "GET /shopdetail/7578095/ HTTP/1.1" 404 796 "-" "Mozilla/5.0 (Linux; Android 6.0.1; Nexus 5X Build/MMB29P) AppleWebKit/537.36 (KHTML, like Gecko) Chrome/138.0.7204.183 Mobile Safari/537.36 (compatible; Googlebot/2.1; +http://www.google.com/bot.html)"
57.141.4.16 - - [29/Aug/2025:23:50:24 +0530] "GET /shopdetail/9567417/Flux-cored-wires.pdf HTTP/2" 404 796 "-" "meta-externalagent/1.1 (+https://developers.facebook.com/docs/sharing/webmasters/crawler)"
57.141.4.11 - - [29/Aug/2025:23:50:25 +0530] "GET /shopdetail/27269640/ HTTP/2" 404 796 "-" "meta-externalagent/1.1 (+https://developers.facebook.com/docs/sharing/webmasters/crawler)"
5.255.231.100 - - [29/Aug/2025:23:54:12 +0530] "GET /shopdetail/253558688 HTTP/1.1" 404 796 "-" "Mozilla/5.0 (compatible; YandexBot/3.0; +http://yandex.com/bots)"
57.141.4.17 - - [29/Aug/2025:23:54:24 +0530] "GET /shopdetail/8820406/TUBULAR-ELECTRODES.pdf HTTP/2" 404 796 "-" "meta-externalagent/1.1 (+https://developers.facebook.com/docs/sharing/webmasters/crawler)"
57.141.4.20 - - [29/Aug/2025:23:54:25 +0530] "GET /shopdetail/9098051/Tig-filler-wires.pdf HTTP/2" 404 796 "-" "meta-externalagent/1.1 (+https://developers.facebook.com/docs/sharing/webmasters/crawler)"
57.141.4.3 - - [29/Aug/2025:23:58:25 +0530] "GET /shopdetail/20692806/Flux-cored-wires.pdf HTTP/2" 404 796 "-" "meta-externalagent/1.1 (+https://developers.facebook.com/docs/sharing/webmasters/crawler)"
95.108.213.151 - - [29/Aug/2025:23:59:03 +0530] "GET /shopdetail/58440088 HTTP/1.1" 404 796 "-" "Mozilla/5.0 (compatible; YandexBot/3.0; +http://yandex.com/bots)"
8.210.11.248 - - [30/Aug/2025:00:01:27 +0530] "GET /sitemap770.xml HTTP/2" 404 796 "-" "Mozilla/5.0 (Macintosh; Intel Mac OS X 10_15_7) AppleWebKit/537.36 (KHTML, like Gecko) Chrome/109.0.0.0 Safari/537.36"
57.141.4.12 - - [30/Aug/2025:00:02:25 +0530] "GET /shopdetail/18506451/NON-FERROUS-ALLOY.pdf HTTP/2" 404 796 "-" "meta-externalagent/1.1 (+https://developers.facebook.com/docs/sharing/webmasters/crawler)"
87.250.224.125 - - [29/Aug/2025:23:58:04 +0530] "GET /shopdetail/369825788 HTTP/1.1" 404 796 "-" "Mozilla/5.0 (compatible; YandexBot/3.0; +http://yandex.com/bots)"
57.141.4.19 - - [29/Aug/2025:23:58:24 +0530] "GET /shopdetail/19116539/Tig-filler-wires.pdf HTTP/2" 404 796 "-" "meta-externalagent/1.1 (+https://developers.facebook.com/docs/sharing/webmasters/crawler)"
57.141.4.3 - - [29/Aug/2025:23:58:26 +0530] "GET /shopdetail/28137184/WEAR-PLATES.pdf HTTP/2" 404 796 "-" "meta-externalagent/1.1 (+https://developers.facebook.com/docs/sharing/webmasters/crawler)"
57.141.4.3 - - [29/Aug/2025:23:58:27 +0530] "GET /shopdetail/24343140/Flux-cored-wires.pdf HTTP/2" 404 796 "-" "meta-externalagent/1.1 (+https://developers.facebook.com/docs/sharing/webmasters/crawler)"
131.255.151.41 - - [29/Aug/2025:23:58:38 +0530] "GET /shopdetail/20967884/ HTTP/1.1" 404 796 "-" "Mozilla/5.0 (Windows NT 10.0; Win64; x64) AppleWebKit/537.36 (KHTML, like Gecko) Chrome/79.0.3945.79 Safari/537.36"
57.141.4.6 - - [30/Aug/2025:00:02:25 +0530] "GET /shopdetail/11918506/CUTTING-AND-GOUGING.pdf HTTP/2" 404 796 "-" "meta-externalagent/1.1 (+https://developers.facebook.com/docs/sharing/webmasters/crawler)"
57.141.4.14 - - [30/Aug/2025:00:02:27 +0530] "GET /shopdetail/12058862/welding.php HTTP/2" 404 796 "-" "meta-externalagent/1.1 (+https://developers.facebook.com/docs/sharing/webmasters/crawler)"
57.141.4.9 - - [30/Aug/2025:00:02:27 +0530] "GET /shopdetail/17666984/CONSUMABLES-RANUSH.pdf HTTP/2" 404 796 "-" "meta-externalagent/1.1 (+https://developers.facebook.com/docs/sharing/webmasters/crawler)"
87.250.224.16 - - [30/Aug/2025:00:02:42 +0530] "GET /shopdetail/373007888 HTTP/1.1" 404 796 "-" "Mozilla/5.0 (compatible; YandexBot/3.0; +http://yandex.com/bots)"
87.250.224.30 - - [30/Aug/2025:00:02:44 +0530] "GET /shopdetail/36860888 HTTP/1.1" 404 796 "-" "Mozilla/5.0 (compatible; YandexBot/3.0; +http://yandex.com/bots)"
57.141.4.1 - - [30/Aug/2025:00:06:25 +0530] "GET /shopdetail/23084773/Gas-brazing-alloys.pdf HTTP/2" 404 796 "-" "meta-externalagent/1.1 (+https://developers.facebook.com/docs/sharing/webmasters/crawler)"
57.141.4.24 - - [30/Aug/2025:00:10:24 +0530] "GET /shopdetail/13171740/NON-FERROUS-ALLOY.pdf HTTP/2" 404 796 "-" "meta-externalagent/1.1 (+https://developers.facebook.com/docs/sharing/webmasters/crawler)"
57.141.4.20 - - [30/Aug/2025:00:14:26 +0530] "GET /shopdetail/9962284/CONSUMABLES-RANUSH.pdf HTTP/2" 404 796 "-" "meta-externalagent/1.1 (+https://developers.facebook.com/docs/sharing/webmasters/crawler)"
57.141.4.5 - - [30/Aug/2025:00:14:27 +0530] "GET /shopdetail/3938217/ HTTP/2" 404 796 "-" "meta-externalagent/1.1 (+https://developers.facebook.com/docs/sharing/webmasters/crawler)"
87.250.224.16 - - [30/Aug/2025:00:15:48 +0530] "GET /shopdetail/178879188 HTTP/1.1" 404 796 "-" "Mozilla/5.0 (compatible; YandexBot/3.0; +http://yandex.com/bots)"
57.141.4.12 - - [30/Aug/2025:00:18:27 +0530] "GET /shopdetail/3767773/CAST-IRON.pdf HTTP/2" 404 796 "-" "meta-externalagent/1.1 (+https://developers.facebook.com/docs/sharing/webmasters/crawler)"
57.141.4.24 - - [30/Aug/2025:00:18:28 +0530] "GET /shopdetail/5900062/CAST-IRON.pdf HTTP/2" 404 796 "-" "meta-externalagent/1.1 (+https://developers.facebook.com/docs/sharing/webmasters/crawler)"
57.141.4.20 - - [30/Aug/2025:00:06:24 +0530] "GET /shopdetail/27111117/NON-FERROUS-ALLOY.pdf HTTP/2" 404 796 "-" "meta-externalagent/1.1 (+https://developers.facebook.com/docs/sharing/webmasters/crawler)"
87.250.224.52 - - [30/Aug/2025:00:06:25 +0530] "GET /shopdetail/16190788 HTTP/1.1" 404 796 "-" "Mozilla/5.0 (compatible; YandexBot/3.0; +http://yandex.com/bots)"
57.141.4.19 - - [30/Aug/2025:00:06:26 +0530] "GET /shopdetail/4473439/Gas-brazing-alloys.pdf HTTP/2" 404 796 "-" "meta-externalagent/1.1 (+https://developers.facebook.com/docs/sharing/webmasters/crawler)"
57.141.4.11 - - [30/Aug/2025:00:10:25 +0530] "GET /shopdetail/20308540/Steel-and-Dissimilar-Steel-Joining-Alloys.pdf HTTP/2" 404 796 "-" "meta-externalagent/1.1 (+https://developers.facebook.com/docs/sharing/webmasters/crawler)"
57.141.4.13 - - [30/Aug/2025:00:10:26 +0530] "GET /shopdetail/26666551/WEAR-PLATES.pdf HTTP/2" 404 796 "-" "meta-externalagent/1.1 (+https://developers.facebook.com/docs/sharing/webmasters/crawler)"
213.180.203.214 - - [30/Aug/2025:00:10:29 +0530] "GET /shopdetail/335333088 HTTP/1.1" 404 796 "-" "Mozilla/5.0 (compatible; YandexBot/3.0; +http://yandex.com/bots)"
57.141.4.25 - - [30/Aug/2025:00:14:25 +0530] "GET /shopdetail/18442028/EQUIPMENTS.pdf HTTP/2" 404 796 "-" "meta-externalagent/1.1 (+https://developers.facebook.com/docs/sharing/webmasters/crawler)"
57.141.4.5 - - [30/Aug/2025:00:14:25 +0530] "GET /shopdetail/22324028/CUTTING-AND-GOUGING.pdf HTTP/2" 404 796 "-" "meta-externalagent/1.1 (+https://developers.facebook.com/docs/sharing/webmasters/crawler)"
57.141.4.26 - - [30/Aug/2025:00:18:25 +0530] "GET /shopdetail/19622306/welding.php HTTP/2" 404 796 "-" "meta-externalagent/1.1 (+https://developers.facebook.com/docs/sharing/webmasters/crawler)"
57.141.4.14 - - [30/Aug/2025:00:18:25 +0530] "GET /shopdetail/11811251/Hot-metal-spray-powders.pdf HTTP/2" 404 796 "-" "meta-externalagent/1.1 (+https://developers.facebook.com/docs/sharing/webmasters/crawler)"
57.141.4.27 - - [30/Aug/2025:00:22:25 +0530] "GET /shopdetail/14017640/Flux-cored-wires.pdf HTTP/2" 404 796 "-" "meta-externalagent/1.1 (+https://developers.facebook.com/docs/sharing/webmasters/crawler)"
57.141.4.4 - - [30/Aug/2025:00:22:25 +0530] "GET /shopdetail/27122262/Flux-cored-wires.pdf HTTP/2" 404 796 "-" "meta-externalagent/1.1 (+https://developers.facebook.com/docs/sharing/webmasters/crawler)"
57.141.4.29 - - [30/Aug/2025:00:22:26 +0530] "GET /shopdetail/30503128/ESAB-Low-Heat-Hardfacing-alloys.pdf HTTP/2" 404 796 "-" "meta-externalagent/1.1 (+https://developers.facebook.com/docs/sharing/webmasters/crawler)"
66.249.66.34 - - [30/Aug/2025:00:22:40 +0530] "GET /index.php/safe_search/config?return_url=%2Fproduct%2Fdetail%2F20788250 HTTP/1.1" 200 4729 "-" "Mozilla/5.0 (Linux; Android 6.0.1; Nexus 5X Build/MMB29P) AppleWebKit/537.36 (KHTML, like Gecko) Chrome/138.0.7204.183 Mobile Safari/537.36 (compatible; Googlebot/2.1; +http://www.google.com/bot.html)"
57.141.4.11 - - [30/Aug/2025:00:26:26 +0530] "GET /shopdetail/4689362/Gas-brazing-alloys.pdf HTTP/2" 404 796 "-" "meta-externalagent/1.1 (+https://developers.facebook.com/docs/sharing/webmasters/crawler)"
66.249.66.34 - - [30/Aug/2025:00:27:15 +0530] "GET /index.php/safe_search/assets/css/elegant-icons.css HTTP/1.1" 200 4728 "-" "Mozilla/5.0 (Linux; Android 6.0.1; Nexus 5X Build/MMB29P) AppleWebKit/537.36 (KHTML, like Gecko) Chrome/139.0.7258.127 Mobile Safari/537.36 (compatible; Googlebot/2.1; +http://www.google.com/bot.html)"
66.249.66.35 - - [30/Aug/2025:00:27:19 +0530] "GET /index.php/safe_search/assets/css/font-awesome.min.css HTTP/1.1" 200 4728 "-" "Mozilla/5.0 (Linux; Android 6.0.1; Nexus 5X Build/MMB29P) AppleWebKit/537.36 (KHTML, like Gecko) Chrome/139.0.7258.127 Mobile Safari/537.36 (compatible; Googlebot/2.1; +http://www.google.com/bot.html)"
66.249.66.35 - - [30/Aug/2025:00:27:21 +0530] "GET /index.php/safe_search/assets/css/owl.transitions.css HTTP/1.1" 200 4728 "-" "Mozilla/5.0 (Linux; Android 6.0.1; Nexus 5X Build/MMB29P) AppleWebKit/537.36 (KHTML, like Gecko) Chrome/139.0.7258.127 Mobile Safari/537.36 (compatible; Googlebot/2.1; +http://www.google.com/bot.html)"
66.249.66.34 - - [30/Aug/2025:00:27:23 +0530] "GET /index.php/safe_search/assets/js/wow.min.js HTTP/1.1" 200 4728 "-" "Mozilla/5.0 (Linux; Android 6.0.1; Nexus 5X Build/MMB29P) AppleWebKit/537.36 (KHTML, like Gecko) Chrome/139.0.7258.127 Mobile Safari/537.36 (compatible; Googlebot/2.1; +http://www.google.com/bot.html)"
66.249.66.34 - - [30/Aug/2025:00:27:25 +0530] "GET /index.php/safe_search/assets/custom-slider/js/jquery.nivo.slider.js HTTP/1.1" 200 4729 "-" "Mozilla/5.0 (Linux; Android 6.0.1; Nexus 5X Build/MMB29P) AppleWebKit/537.36 (KHTML, like Gecko) Chrome/139.0.7258.127 Mobile Safari/537.36 (compatible; Googlebot/2.1; +http://www.google.com/bot.html)"
66.249.66.34 - - [30/Aug/2025:00:27:27 +0530] "GET /index.php/safe_search/assets/js/scrollup.js HTTP/1.1" 200 4728 "-" "Mozilla/5.0 (Linux; Android 6.0.1; Nexus 5X Build/MMB29P) AppleWebKit/537.36 (KHTML, like Gecko) Chrome/139.0.7258.127 Mobile Safari/537.36 (compatible; Googlebot/2.1; +http://www.google.com/bot.html)"
66.249.66.34 - - [30/Aug/2025:00:27:29 +0530] "GET /index.php/safe_search/assets/js/jquery.nice-select.min.js HTTP/1.1" 200 4728 "-" "Mozilla/5.0 (Linux; Android 6.0.1; Nexus 5X Build/MMB29P) AppleWebKit/537.36 (KHTML, like Gecko) Chrome/139.0.7258.127 Mobile Safari/537.36 (compatible; Googlebot/2.1; +http://www.google.com/bot.html)"
66.249.66.34 - - [30/Aug/2025:00:27:31 +0530] "GET /index.php/safe_search/assets/js/imagesloaded.pkgd.min.js HTTP/1.1" 200 4728 "-" "Mozilla/5.0 (Linux; Android 6.0.1; Nexus 5X Build/MMB29P) AppleWebKit/537.36 (KHTML, like Gecko) Chrome/139.0.7258.127 Mobile Safari/537.36 (compatible; Googlebot/2.1; +http://www.google.com/bot.html)"
57.141.4.18 - - [30/Aug/2025:00:22:26 +0530] "GET /shopdetail/6029951/CUTTING-AND-GOUGING.pdf HTTP/2" 404 796 "-" "meta-externalagent/1.1 (+https://developers.facebook.com/docs/sharing/webmasters/crawler)"
66.249.92.35 - - [30/Aug/2025:00:23:09 +0530] "GET /shopdetail/3971073/ HTTP/1.1" 404 796 "-" "Mozilla/5.0 (X11; Linux x86_64) AppleWebKit/537.36 (KHTML, like Gecko) Chrome/139.0.7258.127 Safari/537.36"
114.119.151.179 - - [30/Aug/2025:00:25:25 +0530] "GET /sitemap229.xml HTTP/1.1" 404 796 "-" "Mozilla/5.0 (Linux; Android 7.0;) AppleWebKit/537.36 (KHTML, like Gecko) Mobile Safari/537.36 (compatible; PetalBot;+https://webmaster.petalsearch.com/site/petalbot)"
5.255.231.100 - - [30/Aug/2025:00:26:22 +0530] "GET /sitemap288.xml HTTP/1.1" 404 796 "-" "Mozilla/5.0 (compatible; YandexBot/3.0; +http://yandex.com/bots)"
57.141.4.21 - - [30/Aug/2025:00:26:24 +0530] "GET /shopdetail/17950884/EQUIPMENTS.pdf HTTP/2" 404 796 "-" "meta-externalagent/1.1 (+https://developers.facebook.com/docs/sharing/webmasters/crawler)"
57.141.4.15 - - [30/Aug/2025:00:26:25 +0530] "GET /shopdetail/23221106/EQUIPMENTS.pdf HTTP/2" 404 796 "-" "meta-externalagent/1.1 (+https://developers.facebook.com/docs/sharing/webmasters/crawler)"
114.119.137.184 - - [30/Aug/2025:00:26:50 +0530] "GET /gallery.php?id=13 HTTP/1.1" 200 5262 "https://ranush.com/gallery.php?id=13" "Mozilla/5.0 (Linux; Android 7.0;) AppleWebKit/537.36 (KHTML, like Gecko) Mobile Safari/537.36 (compatible; PetalBot;+https://webmaster.petalsearch.com/site/petalbot)"
66.249.66.36 - - [30/Aug/2025:00:27:13 +0530] "GET /index.php/safe_search/assets/css/creative-main.css HTTP/1.1" 200 4729 "-" "Mozilla/5.0 (Linux; Android 6.0.1; Nexus 5X Build/MMB29P) AppleWebKit/537.36 (KHTML, like Gecko) Chrome/139.0.7258.127 Mobile Safari/537.36 (compatible; Googlebot/2.1; +http://www.google.com/bot.html)"
66.249.66.36 - - [30/Aug/2025:00:27:17 +0530] "GET /index.php/safe_search/assets/css/lightbox.min.css HTTP/1.1" 200 4729 "-" "Mozilla/5.0 (Linux; Android 6.0.1; Nexus 5X Build/MMB29P) AppleWebKit/537.36 (KHTML, like Gecko) Chrome/139.0.7258.127 Mobile Safari/537.36 (compatible; Googlebot/2.1; +http://www.google.com/bot.html)"
57.141.4.5 - - [30/Aug/2025:00:30:25 +0530] "GET /shopdetail/9842262/CUTTING-AND-GOUGING.pdf HTTP/2" 404 796 "-" "meta-externalagent/1.1 (+https://developers.facebook.com/docs/sharing/webmasters/crawler)"
57.141.4.5 - - [30/Aug/2025:00:30:26 +0530] "GET /shopdetail/621928/Tig-filler-wires.pdf HTTP/2" 404 796 "-" "meta-externalagent/1.1 (+https://developers.facebook.com/docs/sharing/webmasters/crawler)"
57.141.4.26 - - [30/Aug/2025:00:30:26 +0530] "GET /shopdetail/19709206/CAST-IRON.pdf HTTP/2" 404 796 "-" "meta-externalagent/1.1 (+https://developers.facebook.com/docs/sharing/webmasters/crawler)"
57.141.4.16 - - [30/Aug/2025:00:34:26 +0530] "GET /shopdetail/3041806/CUTTING-AND-GOUGING.pdf HTTP/2" 404 796 "-" "meta-externalagent/1.1 (+https://developers.facebook.com/docs/sharing/webmasters/crawler)"
66.249.66.34 - - [30/Aug/2025:00:27:33 +0530] "GET /index.php/safe_search/assets/js/jquery.counterup.min.js HTTP/1.1" 200 4728 "-" "Mozilla/5.0 (Linux; Android 6.0.1; Nexus 5X Build/MMB29P) AppleWebKit/537.36 (KHTML, like Gecko) Chrome/139.0.7258.127 Mobile Safari/537.36 (compatible; Googlebot/2.1; +http://www.google.com/bot.html)"
152.59.28.130 - - [30/Aug/2025:00:27:46 +0530] "GET /shopdetail/19720484/gallerycategory.php HTTP/1.1" 404 796 "-" "Mozilla/5.0 (Macintosh; Intel Mac OS X 10_12_6) AppleWebKit/537.36 (KHTML, like Gecko) Brave Chrome/78.0.3904.70 Safari/537.36"
57.141.4.5 - - [30/Aug/2025:00:34:24 +0530] "GET /shopdetail/28005684/Hot-metal-spray-powders.pdf HTTP/2" 404 796 "-" "meta-externalagent/1.1 (+https://developers.facebook.com/docs/sharing/webmasters/crawler)"
57.141.4.13 - - [30/Aug/2025:00:34:24 +0530] "GET /shopdetail/29144040/Gas-brazing-alloys.pdf HTTP/2" 404 796 "-" "meta-externalagent/1.1 (+https://developers.facebook.com/docs/sharing/webmasters/crawler)"
57.141.4.3 - - [30/Aug/2025:00:34:27 +0530] "GET /shopdetail/13245417/CUTTING-AND-GOUGING.pdf HTTP/2" 404 796 "-" "meta-externalagent/1.1 (+https://developers.facebook.com/docs/sharing/webmasters/crawler)"
66.249.66.34 - - [30/Aug/2025:00:37:52 +0530] "GET /index.php/safe_search/assets/js/wow.min.js HTTP/1.1" 200 4729 "-" "Mozilla/5.0 (Linux; Android 6.0.1; Nexus 5X Build/MMB29P) AppleWebKit/537.36 (KHTML, like Gecko) Chrome/139.0.7258.127 Mobile Safari/537.36 (compatible; Googlebot/2.1; +http://www.google.com/bot.html)"
57.141.4.9 - - [30/Aug/2025:00:38:24 +0530] "GET /shopdetail/14011595/Steel-and-Dissimilar-Steel-Joining-Alloys.pdf HTTP/2" 404 796 "-" "meta-externalagent/1.1 (+https://developers.facebook.com/docs/sharing/webmasters/crawler)"
57.141.4.13 - - [30/Aug/2025:00:42:25 +0530] "GET /shopdetail/13788028/CUTTING-AND-GOUGING.pdf HTTP/2" 404 796 "-" "meta-externalagent/1.1 (+https://developers.facebook.com/docs/sharing/webmasters/crawler)"
57.141.4.27 - - [30/Aug/2025:00:42:26 +0530] "GET /shopdetail/11907017/Hot-metal-spray-powders.pdf HTTP/2" 404 796 "-" "meta-externalagent/1.1 (+https://developers.facebook.com/docs/sharing/webmasters/crawler)"
66.249.92.34 - - [30/Aug/2025:00:44:30 +0530] "GET /shopdetail/22728684/ HTTP/1.1" 404 796 "-" "Mozilla/5.0 (X11; Linux x86_64) AppleWebKit/537.36 (KHTML, like Gecko) Chrome/139.0.7258.127 Safari/537.36"
57.141.4.25 - - [30/Aug/2025:00:50:24 +0530] "GET /shopdetail/29504906/Steel-and-Dissimilar-Steel-Joining-Alloys.pdf HTTP/2" 404 796 "-" "meta-externalagent/1.1 (+https://developers.facebook.com/docs/sharing/webmasters/crawler)"
57.141.4.23 - - [30/Aug/2025:00:50:25 +0530] "GET /shopdetail/30279039/CAST-IRON.pdf HTTP/2" 404 796 "-" "meta-externalagent/1.1 (+https://developers.facebook.com/docs/sharing/webmasters/crawler)"
57.141.4.5 - - [30/Aug/2025:00:50:27 +0530] "GET /shopdetail/18149973/Flux-cored-wires.pdf HTTP/2" 404 796 "-" "meta-externalagent/1.1 (+https://developers.facebook.com/docs/sharing/webmasters/crawler)"
66.249.66.34 - - [30/Aug/2025:00:52:32 +0530] "GET /shopdetail/16451928/ HTTP/1.1" 404 796 "-" "Mozilla/5.0 (Linux; Android 6.0.1; Nexus 5X Build/MMB29P) AppleWebKit/537.36 (KHTML, like Gecko) Chrome/138.0.7204.183 Mobile Safari/537.36 (compatible; Googlebot/2.1; +http://www.google.com/bot.html)"
66.249.66.36 - - [30/Aug/2025:00:37:54 +0530] "GET /shopdetail/7386628/ HTTP/1.1" 404 796 "-" "Mozilla/5.0 (Linux; Android 6.0.1; Nexus 5X Build/MMB29P) AppleWebKit/537.36 (KHTML, like Gecko) Chrome/138.0.7204.183 Mobile Safari/537.36 (compatible; Googlebot/2.1; +http://www.google.com/bot.html)"
57.141.4.13 - - [30/Aug/2025:00:38:24 +0530] "GET /shopdetail/10412095/Flux-cored-wires.pdf HTTP/2" 404 796 "-" "meta-externalagent/1.1 (+https://developers.facebook.com/docs/sharing/webmasters/crawler)"
57.141.4.13 - - [30/Aug/2025:00:38:26 +0530] "GET /shopdetail/10576751/Flux-cored-wires.pdf HTTP/2" 404 796 "-" "meta-externalagent/1.1 (+https://developers.facebook.com/docs/sharing/webmasters/crawler)"
57.141.4.15 - - [30/Aug/2025:00:38:27 +0530] "GET /shopdetail/8430940/gallery.php HTTP/2" 404 796 "-" "meta-externalagent/1.1 (+https://developers.facebook.com/docs/sharing/webmasters/crawler)"
