57.141.4.13 - - [29/Aug/2025:19:38:27 +0530] "GET /shopdetail/22021062/EQUIPMENTS.pdf HTTP/2" 404 796 "-" "meta-externalagent/1.1 (+https://developers.facebook.com/docs/sharing/webmasters/crawler)"
95.108.213.151 - - [29/Aug/2025:19:38:38 +0530] "GET /shopdetail/151497988 HTTP/1.1" 404 796 "-" "Mozilla/5.0 (compatible; YandexBot/3.0; +http://yandex.com/bots)"
213.180.203.9 - - [29/Aug/2025:19:39:47 +0530] "GET /robots.txt HTTP/1.1" 404 796 "-" "Mozilla/5.0 (compatible; YandexBot/3.0; +http://yandex.com/bots)"
57.141.4.13 - - [29/Aug/2025:19:42:25 +0530] "GET /shopdetail/19188140/CUTTING-AND-GOUGING.pdf HTTP/2" 404 796 "-" "meta-externalagent/1.1 (+https://developers.facebook.com/docs/sharing/webmasters/crawler)"
57.141.4.2 - - [29/Aug/2025:19:42:25 +0530] "GET /shopdetail/7324306/Hot-metal-spray-powders.pdf HTTP/2" 404 796 "-" "meta-externalagent/1.1 (+https://developers.facebook.com/docs/sharing/webmasters/crawler)"
57.141.4.12 - - [29/Aug/2025:19:42:26 +0530] "GET /shopdetail/18920228/ HTTP/2" 404 796 "-" "meta-externalagent/1.1 (+https://developers.facebook.com/docs/sharing/webmasters/crawler)"
95.108.213.102 - - [29/Aug/2025:19:46:15 +0530] "GET /shopdetail/364517488 HTTP/1.1" 404 796 "-" "Mozilla/5.0 (compatible; YandexBot/3.0; +http://yandex.com/bots)"
57.141.4.20 - - [29/Aug/2025:19:46:24 +0530] "GET /shopdetail/5342362/ HTTP/2" 404 796 "-" "meta-externalagent/1.1 (+https://developers.facebook.com/docs/sharing/webmasters/crawler)"
57.141.4.12 - - [29/Aug/2025:19:46:27 +0530] "GET /shopdetail/20580340/contact.php HTTP/2" 404 796 "-" "meta-externalagent/1.1 (+https://developers.facebook.com/docs/sharing/webmasters/crawler)"
66.249.66.35 - - [29/Aug/2025:19:22:43 +0530] "GET /shopdetail/%E3%81%B6%E3%82%89%E4%B8%8B%E3%81%8C%E3%82%8A%E5%81%A5%E5%BA%B7%E5%99%A8%20%E7%AD%8B%E3%83%88%E3%83%AC%20%E3%83%9E%E3%83%AB%E3%83%81%E3%82%B8%E3%83%A0%20%E6%87%B8%E5%9E%82%20%E3%83%90%E3%83%BC%20%E3%83%88%E3%83%AC%E3%83%BC%E3%83%8B%E3%83%B3%E3%82%B0%20%E3%83%81%E3%83%B3%E3%83%8B%E3%83%B3%E3%82%B0%20%E3%83%9E%E3%82%B7%E3%83%B3%20%E3%83%95%E3%82%A3%E3%83%83%E3%83%88%E3%83%8D%E3%82%B9%20%E3%83%80%E3%82%A4%E3%82%A8%E3%83%83%E3%83%88%20%E3%83%97%E3%83%83%E3%82%B7%E3%83%A5%E3%82%A2%E3%83%83%E3%83%97%20%E8%87%AA%E5%AE%85%20%E9%83%A8%E5%B1%8B%20%E5%99%A8%E5%85%B7%20%20%E9%80%81%E6%96%99%E7%84%A1%E6%96%99%20:ys-a14341:L-DESIGN%20-%20%E9%80%9A%E8%B2%A9%20-%20Yahoo!%E3%82%B7%E3%83%A7%E3%83%83%E3%83%94%E3%83%B3%E3%82%B0 HTTP/1.1" 404 796 "-" "Googlebot-Image/1.0"
157.55.39.223 - - [29/Aug/2025:19:23:55 +0530] "GET /robots.txt HTTP/2" 404 796 "-" "Mozilla/5.0 AppleWebKit/537.36 (KHTML, like Gecko; compatible; bingbot/2.0; +http://www.bing.com/bingbot.htm) Chrome/116.0.1938.76 Safari/537.36"
47.82.11.89 - - [29/Aug/2025:19:32:36 +0530] "GET /shopdetail/28022395/ HTTP/1.1" 404 796 "https://ranush.com/" "Mozilla/5.0 (Windows NT 10.0; Win64; x64) AppleWebKit/537.36 (KHTML, like Gecko) Chrome/135.0.0.0 Safari/537.36"
57.141.4.19 - - [29/Aug/2025:19:34:24 +0530] "GET /shopdetail/29785162/Flux-cored-wires.pdf HTTP/2" 404 796 "-" "meta-externalagent/1.1 (+https://developers.facebook.com/docs/sharing/webmasters/crawler)"
57.141.4.14 - - [29/Aug/2025:19:34:27 +0530] "GET /shopdetail/5053484/CAST-IRON.pdf HTTP/2" 404 796 "-" "meta-externalagent/1.1 (+https://developers.facebook.com/docs/sharing/webmasters/crawler)"
57.141.4.20 - - [29/Aug/2025:19:38:27 +0530] "GET /shopdetail/29634039/Tig-filler-wires.pdf HTTP/2" 404 796 "-" "meta-externalagent/1.1 (+https://developers.facebook.com/docs/sharing/webmasters/crawler)"
66.249.66.34 - - [29/Aug/2025:19:42:15 +0530] "GET /shopdetail/6029573/ HTTP/1.1" 404 796 "-" "Mozilla/5.0 (Linux; Android 6.0.1; Nexus 5X Build/MMB29P) AppleWebKit/537.36 (KHTML, like Gecko) Chrome/138.0.7204.183 Mobile Safari/537.36 (compatible; Googlebot/2.1; +http://www.google.com/bot.html)"
57.141.4.19 - - [29/Aug/2025:19:42:27 +0530] "GET /shopdetail/12322395/CONSUMABLES-RANUSH.pdf HTTP/2" 404 796 "-" "meta-externalagent/1.1 (+https://developers.facebook.com/docs/sharing/webmasters/crawler)"
57.141.4.30 - - [29/Aug/2025:19:46:27 +0530] "GET /shopdetail/14638628/WEAR-PLATES.pdf HTTP/2" 404 796 "-" "meta-externalagent/1.1 (+https://developers.facebook.com/docs/sharing/webmasters/crawler)"
8.217.170.12 - - [29/Aug/2025:19:46:58 +0530] "GET /robots.txt HTTP/1.1" 404 796 "-" "AliyunSecBot/Aliyun (AliyunSecBot@service.alibaba.com)"
66.249.66.36 - - [29/Aug/2025:19:47:53 +0530] "GET /?_gl=1*tmsfgn*_ga*MTAxNzI5NjQ3OC4xNzM4OTgwODUz*_ga_0VKVKKN4NV*MTczODk4MDg1NC4xLjEuMTczODk4MDg1Ny41Ny4wLjA.&_bd_prev_page=https://ranush.com/detail.php?shopdetail/28696540/ HTTP/1.1" 200 4729 "-" "Mozilla/5.0 (Linux; Android 6.0.1; Nexus 5X Build/MMB29P) AppleWebKit/537.36 (KHTML, like Gecko) Chrome/138.0.7204.183 Mobile Safari/537.36 (compatible; Googlebot/2.1; +http://www.google.com/bot.html)"
57.141.4.4 - - [29/Aug/2025:19:50:24 +0530] "GET /shopdetail/18539728/Hot-metal-spray-powders.pdf HTTP/2" 404 796 "-" "meta-externalagent/1.1 (+https://developers.facebook.com/docs/sharing/webmasters/crawler)"
57.141.4.1 - - [29/Aug/2025:19:50:27 +0530] "GET /shopdetail/836028/CUTTING-AND-GOUGING.pdf HTTP/2" 404 796 "-" "meta-externalagent/1.1 (+https://developers.facebook.com/docs/sharing/webmasters/crawler)"
66.249.66.35 - - [29/Aug/2025:19:54:13 +0530] "GET /shopdetail/2448528/ HTTP/1.1" 404 796 "-" "Mozilla/5.0 (Linux; Android 6.0.1; Nexus 5X Build/MMB29P) AppleWebKit/537.36 (KHTML, like Gecko) Chrome/138.0.7204.183 Mobile Safari/537.36 (compatible; Googlebot/2.1; +http://www.google.com/bot.html)"
57.141.4.14 - - [29/Aug/2025:19:54:24 +0530] "GET /shopdetail/17883351/NON-FERROUS-ALLOY.pdf HTTP/2" 404 796 "-" "meta-externalagent/1.1 (+https://developers.facebook.com/docs/sharing/webmasters/crawler)"
57.141.4.22 - - [29/Aug/2025:19:54:25 +0530] "GET /shopdetail/3204262/Tig-filler-wires.pdf HTTP/2" 404 796 "-" "meta-externalagent/1.1 (+https://developers.facebook.com/docs/sharing/webmasters/crawler)"
57.141.4.9 - - [29/Aug/2025:19:54:26 +0530] "GET /shopdetail/18897762/CAST-IRON.pdf HTTP/2" 404 796 "-" "meta-externalagent/1.1 (+https://developers.facebook.com/docs/sharing/webmasters/crawler)"
5.255.231.95 - - [29/Aug/2025:19:56:05 +0530] "GET /shopdetail/95729488 HTTP/1.1" 404 796 "-" "Mozilla/5.0 (compatible; YandexBot/3.0; +http://yandex.com/bots)"
57.141.4.23 - - [29/Aug/2025:19:58:25 +0530] "GET /shopdetail/24516495/Tig-filler-wires.pdf HTTP/2" 404 796 "-" "meta-externalagent/1.1 (+https://developers.facebook.com/docs/sharing/webmasters/crawler)"
57.141.4.11 - - [29/Aug/2025:19:58:27 +0530] "GET /shopdetail/15090228/welding.php HTTP/2" 404 796 "-" "meta-externalagent/1.1 (+https://developers.facebook.com/docs/sharing/webmasters/crawler)"
87.250.224.16 - - [29/Aug/2025:19:59:39 +0530] "GET /shopdetail/360610988 HTTP/1.1" 404 796 "-" "Mozilla/5.0 (compatible; YandexBot/3.0; +http://yandex.com/bots)"
87.250.224.114 - - [29/Aug/2025:19:59:39 +0530] "GET /shopdetail/172215388 HTTP/1.1" 404 796 "-" "Mozilla/5.0 (compatible; YandexBot/3.0; +http://yandex.com/bots)"
57.141.4.1 - - [29/Aug/2025:20:02:24 +0530] "GET /shopdetail/16369540/ HTTP/2" 404 796 "-" "meta-externalagent/1.1 (+https://developers.facebook.com/docs/sharing/webmasters/crawler)"
57.141.4.5 - - [29/Aug/2025:20:02:26 +0530] "GET /shopdetail/21538106/NON-FERROUS-ALLOY.pdf HTTP/2" 404 796 "-" "meta-externalagent/1.1 (+https://developers.facebook.com/docs/sharing/webmasters/crawler)"
57.141.4.15 - - [29/Aug/2025:20:02:27 +0530] "GET /shopdetail/11301340/Tig-filler-wires.pdf HTTP/2" 404 796 "-" "meta-externalagent/1.1 (+https://developers.facebook.com/docs/sharing/webmasters/crawler)"
57.141.4.7 - - [29/Aug/2025:20:06:24 +0530] "GET /shopdetail/29220373/Steel-and-Dissimilar-Steel-Joining-Alloys.pdf HTTP/2" 404 796 "-" "meta-externalagent/1.1 (+https://developers.facebook.com/docs/sharing/webmasters/crawler)"
66.249.66.35 - - [29/Aug/2025:20:06:25 +0530] "GET /shopdetail/6388917/ HTTP/1.1" 404 796 "-" "Mozilla/5.0 (Linux; Android 6.0.1; Nexus 5X Build/MMB29P) AppleWebKit/537.36 (KHTML, like Gecko) Chrome/138.0.7204.183 Mobile Safari/537.36 (compatible; Googlebot/2.1; +http://www.google.com/bot.html)"
57.141.4.9 - - [29/Aug/2025:20:06:27 +0530] "GET /shopdetail/8715595/gallery.php HTTP/2" 404 796 "-" "meta-externalagent/1.1 (+https://developers.facebook.com/docs/sharing/webmasters/crawler)"
157.55.39.223 - - [29/Aug/2025:20:06:51 +0530] "GET /robots.txt HTTP/2" 404 796 "-" "Mozilla/5.0 AppleWebKit/537.36 (KHTML, like Gecko; compatible; bingbot/2.0; +http://www.bing.com/bingbot.htm) Chrome/116.0.1938.76 Safari/537.36"
205.210.31.111 - - [29/Aug/2025:20:09:37 +0530] "GET / HTTP/1.1" 200 19243 "-" "Hello from Palo Alto Networks, find out more about our scans in https://docs-cortex.paloaltonetworks.com/r/1/Cortex-Xpanse/Scanning-activity"
57.141.4.11 - - [29/Aug/2025:20:10:25 +0530] "GET /shopdetail/26240773/WEAR-PLATES.pdf HTTP/2" 404 796 "-" "meta-externalagent/1.1 (+https://developers.facebook.com/docs/sharing/webmasters/crawler)"
57.141.4.26 - - [29/Aug/2025:20:10:25 +0530] "GET /shopdetail/3156995/ HTTP/2" 404 796 "-" "meta-externalagent/1.1 (+https://developers.facebook.com/docs/sharing/webmasters/crawler)"
57.141.4.29 - - [29/Aug/2025:20:10:26 +0530] "GET /shopdetail/12507684/Steel-and-Dissimilar-Steel-Joining-Alloys.pdf HTTP/2" 404 796 "-" "meta-externalagent/1.1 (+https://developers.facebook.com/docs/sharing/webmasters/crawler)"
57.141.4.15 - - [29/Aug/2025:20:14:24 +0530] "GET /shopdetail/2828884/CAST-IRON.pdf HTTP/2" 404 796 "-" "meta-externalagent/1.1 (+https://developers.facebook.com/docs/sharing/webmasters/crawler)"
8.217.209.125 - - [29/Aug/2025:19:46:59 +0530] "GET /?_bd_prev_page=https%3A%2F%2Franush.com%2Fdetail.php%3Fshopdetail%2F2160139%2F&_gl=1%2Atmsfgn%2A_ga%2AMTAxNzI5NjQ3OC4xNzM4OTgwODUz%2A_ga_0VKVKKN4NV%2AMTczODk4MDg1NC4xLjEuMTczODk4MDg1Ny41Ny4wLjA. HTTP/1.1" 200 4729 "-" "AliyunSecBot/Aliyun (AliyunSecBot@service.alibaba.com)"
5.255.231.95 - - [29/Aug/2025:19:47:15 +0530] "GET /shopdetail/168192288 HTTP/1.1" 404 796 "-" "Mozilla/5.0 (compatible; YandexBot/3.0; +http://yandex.com/bots)"
37.66.22.37 - - [29/Aug/2025:19:49:50 +0530] "GET /?_bd_prev_page=https%3A%2F%2Franush.com%2Fdetail.php%3Fshopdetail%2F17140228%2F&_gl=1%2Atmsfgn%2A_ga%2AMTAxNzI5NjQ3OC4xNzM4OTgwODUz%2A_ga_0VKVKKN4NV%2AMTczODk4MDg1NC4xLjEuMTczODk4MDg1Ny41Ny4wLjA. HTTP/1.1" 200 5472 "-" "Mozilla/5.0 (Windows NT 10.0; Win64; x64) AppleWebKit/537.36 (KHTML, like Gecko) Chrome/99.101.4951.54 Safari/537.36"
57.141.4.23 - - [29/Aug/2025:19:50:24 +0530] "GET /shopdetail/6644006/WEAR-PLATES.pdf HTTP/2" 404 796 "-" "meta-externalagent/1.1 (+https://developers.facebook.com/docs/sharing/webmasters/crawler)"
95.108.213.102 - - [29/Aug/2025:19:50:35 +0530] "GET /shopdetail/303442688 HTTP/1.1" 404 796 "-" "Mozilla/5.0 (compatible; YandexBot/3.0; +http://yandex.com/bots)"
57.141.4.25 - - [29/Aug/2025:19:58:24 +0530] "GET /shopdetail/17679239/ESAB-Low-Heat-Hardfacing-alloys.pdf HTTP/2" 404 796 "-" "meta-externalagent/1.1 (+https://developers.facebook.com/docs/sharing/webmasters/crawler)"
57.141.4.12 - - [29/Aug/2025:19:58:27 +0530] "GET /shopdetail/25058273/Tig-filler-wires.pdf HTTP/2" 404 796 "-" "meta-externalagent/1.1 (+https://developers.facebook.com/docs/sharing/webmasters/crawler)"
57.141.4.25 - - [29/Aug/2025:20:02:25 +0530] "GET /shopdetail/10148917/CAST-IRON.pdf HTTP/2" 404 796 "-" "meta-externalagent/1.1 (+https://developers.facebook.com/docs/sharing/webmasters/crawler)"
57.141.4.4 - - [29/Aug/2025:20:06:24 +0530] "GET /shopdetail/3668373/CUTTING-AND-GOUGING.pdf HTTP/2" 404 796 "-" "meta-externalagent/1.1 (+https://developers.facebook.com/docs/sharing/webmasters/crawler)"
57.141.4.13 - - [29/Aug/2025:20:06:26 +0530] "GET /shopdetail/22492695/CUTTING-AND-GOUGING.pdf HTTP/2" 404 796 "-" "meta-externalagent/1.1 (+https://developers.facebook.com/docs/sharing/webmasters/crawler)"
40.77.167.116 - - [29/Aug/2025:20:06:58 +0530] "GET /shopdetail/ HTTP/2" 404 796 "-" "Mozilla/5.0 AppleWebKit/537.36 (KHTML, like Gecko; compatible; bingbot/2.0; +http://www.bing.com/bingbot.htm) Chrome/116.0.1938.76 Safari/537.36"
57.141.4.19 - - [29/Aug/2025:20:14:27 +0530] "GET /shopdetail/1568484/CAST-IRON.pdf HTTP/2" 404 796 "-" "meta-externalagent/1.1 (+https://developers.facebook.com/docs/sharing/webmasters/crawler)"
57.141.4.4 - - [29/Aug/2025:20:18:24 +0530] "GET /shopdetail/3701739/Flux-cored-wires.pdf HTTP/2" 404 796 "-" "meta-externalagent/1.1 (+https://developers.facebook.com/docs/sharing/webmasters/crawler)"
57.141.4.8 - - [29/Aug/2025:20:18:27 +0530] "GET /shopdetail/25215828/Flux-cored-wires.pdf HTTP/2" 404 796 "-" "meta-externalagent/1.1 (+https://developers.facebook.com/docs/sharing/webmasters/crawler)"
37.40.225.192 - - [29/Aug/2025:20:19:04 +0530] "GET /shopdetail/19010939/ HTTP/1.1" 404 796 "-" "Mozilla/5.0 (Windows NT 6.1) AppleWebKit/537.36 (KHTML, like Gecko) Chrome/87.0.4280.107 Safari/537.36"
66.249.66.34 - - [29/Aug/2025:20:21:10 +0530] "GET /robots.txt HTTP/1.1" 404 796 "-" "Mozilla/5.0 (compatible; Googlebot/2.1; +http://www.google.com/bot.html)"
57.141.4.5 - - [29/Aug/2025:20:22:25 +0530] "GET /shopdetail/5926162/EQUIPMENTS.pdf HTTP/2" 404 796 "-" "meta-externalagent/1.1 (+https://developers.facebook.com/docs/sharing/webmasters/crawler)"
57.141.4.3 - - [29/Aug/2025:20:22:26 +0530] "GET /shopdetail/17647640/Hot-metal-spray-powders.pdf HTTP/2" 404 796 "-" "meta-externalagent/1.1 (+https://developers.facebook.com/docs/sharing/webmasters/crawler)"
57.141.4.11 - - [29/Aug/2025:20:26:24 +0530] "GET /shopdetail/16330639/CONSUMABLES-RANUSH.pdf HTTP/2" 404 796 "-" "meta-externalagent/1.1 (+https://developers.facebook.com/docs/sharing/webmasters/crawler)"
57.141.4.2 - - [29/Aug/2025:20:26:25 +0530] "GET /shopdetail/15762617/ HTTP/2" 404 796 "-" "meta-externalagent/1.1 (+https://developers.facebook.com/docs/sharing/webmasters/crawler)"
57.141.4.17 - - [29/Aug/2025:20:26:27 +0530] "GET /shopdetail/17245551/plasmacutting.php HTTP/2" 404 796 "-" "meta-externalagent/1.1 (+https://developers.facebook.com/docs/sharing/webmasters/crawler)"
66.249.66.36 - - [29/Aug/2025:20:29:05 +0530] "GET /shopdetail/28046395/ HTTP/1.1" 404 796 "-" "Mozilla/5.0 (Linux; Android 6.0.1; Nexus 5X Build/MMB29P) AppleWebKit/537.36 (KHTML, like Gecko) Chrome/138.0.7204.183 Mobile Safari/537.36 (compatible; Googlebot/2.1; +http://www.google.com/bot.html)"
57.141.4.8 - - [29/Aug/2025:20:30:27 +0530] "GET /shopdetail/5449317/TUBULAR-ELECTRODES.pdf HTTP/2" 404 796 "-" "meta-externalagent/1.1 (+https://developers.facebook.com/docs/sharing/webmasters/crawler)"
95.108.213.138 - - [29/Aug/2025:20:33:36 +0530] "GET /shopdetail/96664888 HTTP/1.1" 404 796 "-" "Mozilla/5.0 (compatible; YandexBot/3.0; +http://yandex.com/bots)"
57.141.4.8 - - [29/Aug/2025:20:34:27 +0530] "GET /shopdetail/19785762/Gas-brazing-alloys.pdf HTTP/2" 404 796 "-" "meta-externalagent/1.1 (+https://developers.facebook.com/docs/sharing/webmasters/crawler)"
57.141.4.1 - - [29/Aug/2025:20:38:25 +0530] "GET /shopdetail/3675451/CUTTING-AND-GOUGING.pdf HTTP/2" 404 796 "-" "meta-externalagent/1.1 (+https://developers.facebook.com/docs/sharing/webmasters/crawler)"
57.141.4.27 - - [29/Aug/2025:20:38:26 +0530] "GET /shopdetail/29552651/CONSUMABLES-RANUSH.pdf HTTP/2" 404 796 "-" "meta-externalagent/1.1 (+https://developers.facebook.com/docs/sharing/webmasters/crawler)"
57.141.4.22 - - [29/Aug/2025:20:38:27 +0530] "GET /shopdetail/9009439/WEAR-PLATES.pdf HTTP/2" 404 796 "-" "meta-externalagent/1.1 (+https://developers.facebook.com/docs/sharing/webmasters/crawler)"
5.255.231.95 - - [29/Aug/2025:20:40:28 +0530] "GET /shopdetail/190075788 HTTP/1.1" 404 796 "-" "Mozilla/5.0 (compatible; YandexBot/3.0; +http://yandex.com/bots)"
212.34.146.152 - - [29/Aug/2025:20:41:02 +0530] "GET /contact.php HTTP/1.1" 200 6898 "-" "Mozilla/5.0 (Macintosh; Intel Mac OS X 10_15_7) AppleWebKit/537.36 (KHTML, like Gecko) Chrome/133.0.0.0 Safari/537.36"
36.92.189.26 - - [29/Aug/2025:20:41:03 +0530] "POST /contact.php HTTP/1.1" 200 7111 "-" "Mozilla/5.0 (Macintosh; Intel Mac OS X 10_15_7) AppleWebKit/537.36 (KHTML, like Gecko) Chrome/133.0.0.0 Safari/537.36"
36.92.189.26 - - [29/Aug/2025:20:41:05 +0530] "POST /contact.php HTTP/1.1" 200 6898 "-" "Mozilla/5.0 (Windows NT 10.0; Win64; x64) AppleWebKit/537.36 (KHTML, like Gecko) Chrome/120.0.0.0 Safari/537.36"
95.108.213.102 - - [29/Aug/2025:20:42:17 +0530] "GET /shopdetail/140862388 HTTP/1.1" 404 796 "-" "Mozilla/5.0 (compatible; YandexBot/3.0; +http://yandex.com/bots)"
57.141.4.19 - - [29/Aug/2025:20:42:24 +0530] "GET /shopdetail/21413995/EQUIPMENTS.pdf HTTP/2" 404 796 "-" "meta-externalagent/1.1 (+https://developers.facebook.com/docs/sharing/webmasters/crawler)"
57.141.4.25 - - [29/Aug/2025:20:42:24 +0530] "GET /shopdetail/2906717/NON-FERROUS-ALLOY.pdf HTTP/2" 404 796 "-" "meta-externalagent/1.1 (+https://developers.facebook.com/docs/sharing/webmasters/crawler)"
57.141.4.30 - - [29/Aug/2025:20:42:26 +0530] "GET /shopdetail/2680328/TUBULAR-ELECTRODES.pdf HTTP/2" 404 796 "-" "meta-externalagent/1.1 (+https://developers.facebook.com/docs/sharing/webmasters/crawler)"
57.141.4.29 - - [29/Aug/2025:20:46:24 +0530] "GET /shopdetail/9872662/WEAR-PLATES.pdf HTTP/2" 404 796 "-" "meta-externalagent/1.1 (+https://developers.facebook.com/docs/sharing/webmasters/crawler)"
57.141.4.14 - - [29/Aug/2025:20:46:25 +0530] "GET /shopdetail/25184695/ HTTP/2" 404 796 "-" "meta-externalagent/1.1 (+https://developers.facebook.com/docs/sharing/webmasters/crawler)"
5.255.231.100 - - [29/Aug/2025:20:48:49 +0530] "GET /shopdetail/380387988 HTTP/1.1" 404 796 "-" "Mozilla/5.0 (compatible; YandexBot/3.0; +http://yandex.com/bots)"
57.141.4.15 - - [29/Aug/2025:20:14:25 +0530] "GET /shopdetail/9278595/CAST-IRON.pdf HTTP/2" 404 796 "-" "meta-externalagent/1.1 (+https://developers.facebook.com/docs/sharing/webmasters/crawler)"
66.249.66.35 - - [29/Aug/2025:20:15:16 +0530] "GET /shopdetail/28257873/ HTTP/1.1" 404 796 "-" "Mozilla/5.0 (Linux; Android 6.0.1; Nexus 5X Build/MMB29P) AppleWebKit/537.36 (KHTML, like Gecko) Chrome/138.0.7204.183 Mobile Safari/537.36 (compatible; Googlebot/2.1; +http://www.google.com/bot.html)"
66.249.66.34 - - [29/Aug/2025:20:15:16 +0530] "GET /robots.txt HTTP/1.1" 404 796 "-" "Mozilla/5.0 (compatible; Googlebot/2.1; +http://www.google.com/bot.html)"
57.141.4.19 - - [29/Aug/2025:20:18:24 +0530] "GET /shopdetail/27127628/Tig-filler-wires.pdf HTTP/2" 404 796 "-" "meta-externalagent/1.1 (+https://developers.facebook.com/docs/sharing/webmasters/crawler)"
57.141.4.25 - - [29/Aug/2025:20:18:26 +0530] "GET /shopdetail/28040717/WEAR-PLATES.pdf HTTP/2" 404 796 "-" "meta-externalagent/1.1 (+https://developers.facebook.com/docs/sharing/webmasters/crawler)"
66.249.66.36 - - [29/Aug/2025:20:21:10 +0530] "GET /shopdetail/17954717/ HTTP/1.1" 404 796 "-" "Mozilla/5.0 (Linux; Android 6.0.1; Nexus 5X Build/MMB29P) AppleWebKit/537.36 (KHTML, like Gecko) Chrome/138.0.7204.183 Mobile Safari/537.36 (compatible; Googlebot/2.1; +http://www.google.com/bot.html)"
57.141.4.20 - - [29/Aug/2025:20:22:25 +0530] "GET /shopdetail/16828062/EQUIPMENTS.pdf HTTP/2" 404 796 "-" "meta-externalagent/1.1 (+https://developers.facebook.com/docs/sharing/webmasters/crawler)"
57.141.4.7 - - [29/Aug/2025:20:22:27 +0530] "GET /shopdetail/23397117/CAST-IRON.pdf HTTP/2" 404 796 "-" "meta-externalagent/1.1 (+https://developers.facebook.com/docs/sharing/webmasters/crawler)"
57.141.4.8 - - [29/Aug/2025:20:26:26 +0530] "GET /shopdetail/16388517/Flux-cored-wires.pdf HTTP/2" 404 796 "-" "meta-externalagent/1.1 (+https://developers.facebook.com/docs/sharing/webmasters/crawler)"
57.141.4.26 - - [29/Aug/2025:20:30:24 +0530] "GET /shopdetail/19129362/ESAB-Low-Heat-Hardfacing-alloys.pdf HTTP/2" 404 796 "-" "meta-externalagent/1.1 (+https://developers.facebook.com/docs/sharing/webmasters/crawler)"
57.141.4.18 - - [29/Aug/2025:20:30:25 +0530] "GET /shopdetail/5727639/plasmacutting.php HTTP/2" 404 796 "-" "meta-externalagent/1.1 (+https://developers.facebook.com/docs/sharing/webmasters/crawler)"
57.141.4.25 - - [29/Aug/2025:20:34:24 +0530] "GET /shopdetail/4467984/Tig-filler-wires.pdf HTTP/2" 404 796 "-" "meta-externalagent/1.1 (+https://developers.facebook.com/docs/sharing/webmasters/crawler)"
57.141.4.4 - - [29/Aug/2025:20:34:24 +0530] "GET /shopdetail/13716917/ESAB-Low-Heat-Hardfacing-alloys.pdf HTTP/2" 404 796 "-" "meta-externalagent/1.1 (+https://developers.facebook.com/docs/sharing/webmasters/crawler)"
57.141.4.8 - - [29/Aug/2025:20:38:24 +0530] "GET /shopdetail/21029362/WEAR-PLATES.pdf HTTP/2" 404 796 "-" "meta-externalagent/1.1 (+https://developers.facebook.com/docs/sharing/webmasters/crawler)"
87.250.224.52 - - [29/Aug/2025:20:39:21 +0530] "GET /shopdetail/212535488 HTTP/1.1" 404 796 "-" "Mozilla/5.0 (compatible; YandexBot/3.0; +http://yandex.com/bots)"
87.250.224.125 - - [29/Aug/2025:20:39:33 +0530] "GET /shopdetail/161982988 HTTP/1.1" 404 796 "-" "Mozilla/5.0 (compatible; YandexBot/3.0; +http://yandex.com/bots)"
212.34.146.152 - - [29/Aug/2025:20:41:01 +0530] "GET / HTTP/1.1" 200 5472 "-" "Mozilla/5.0 (Macintosh; Intel Mac OS X 10_15_7) AppleWebKit/537.36 (KHTML, like Gecko) Chrome/133.0.0.0 Safari/537.36"
57.141.4.11 - - [29/Aug/2025:20:42:27 +0530] "GET /shopdetail/21146728/ HTTP/2" 404 796 "-" "meta-externalagent/1.1 (+https://developers.facebook.com/docs/sharing/webmasters/crawler)"
57.141.4.12 - - [29/Aug/2025:20:46:27 +0530] "GET /shopdetail/3805362/Flux-cored-wires.pdf HTTP/2" 404 796 "-" "meta-externalagent/1.1 (+https://developers.facebook.com/docs/sharing/webmasters/crawler)"
66.249.66.36 - - [29/Aug/2025:20:49:32 +0530] "GET /shopdetail/92353988 HTTP/1.1" 404 796 "-" "Mozilla/5.0 (Linux; Android 6.0.1; Nexus 5X Build/MMB29P) AppleWebKit/537.36 (KHTML, like Gecko) Chrome/138.0.7204.183 Mobile Safari/537.36 (compatible; Googlebot/2.1; +http://www.google.com/bot.html)"
110.249.202.197 - - [29/Aug/2025:20:52:10 +0530] "GET / HTTP/2" 200 4729 "-" "Mozilla/5.0 (Linux; Android 5.0) AppleWebKit/537.36 (KHTML, like Gecko) Mobile Safari/537.36 (compatible; Bytespider; https://zhanzhang.toutiao.com/)"
110.249.202.197 - - [29/Aug/2025:20:52:11 +0530] "GET /assets/css/elegant-icons.css HTTP/2" 200 4389 "-" "Mozilla/5.0 (Linux; Android 5.0) AppleWebKit/537.36 (KHTML, like Gecko) Mobile Safari/537.36 (compatible; Bytespider; https://zhanzhang.toutiao.com/)"
110.249.202.197 - - [29/Aug/2025:20:52:11 +0530] "GET /assets/css/font-awesome.min.css HTTP/2" 200 6670 "-" "Mozilla/5.0 (Linux; Android 5.0) AppleWebKit/537.36 (KHTML, like Gecko) Mobile Safari/537.36 (compatible; Bytespider; https://zhanzhang.toutiao.com/)"
110.249.202.197 - - [29/Aug/2025:20:52:11 +0530] "GET /assets/css/bootstrap.css HTTP/2" 200 20338 "-" "Mozilla/5.0 (Linux; Android 5.0) AppleWebKit/537.36 (KHTML, like Gecko) Mobile Safari/537.36 (compatible; Bytespider; https://zhanzhang.toutiao.com/)"
110.249.202.197 - - [29/Aug/2025:20:52:11 +0530] "GET /assets/css/stroke-gap-icons.css HTTP/2" 200 48844 "-" "Mozilla/5.0 (Linux; Android 5.0) AppleWebKit/537.36 (KHTML, like Gecko) Mobile Safari/537.36 (compatible; Bytespider; https://zhanzhang.toutiao.com/)"
110.249.202.197 - - [29/Aug/2025:20:52:12 +0530] "GET /assets/custom-slider/css/nivo-slider.css HTTP/2" 200 2059 "-" "Mozilla/5.0 (Linux; Android 5.0) AppleWebKit/537.36 (KHTML, like Gecko) Mobile Safari/537.36 (compatible; Bytespider; https://zhanzhang.toutiao.com/)"
110.249.202.197 - - [29/Aug/2025:20:52:12 +0530] "GET /assets/css/owl.transitions.css HTTP/2" 200 652 "-" "Mozilla/5.0 (Linux; Android 5.0) AppleWebKit/537.36 (KHTML, like Gecko) Mobile Safari/537.36 (compatible; Bytespider; https://zhanzhang.toutiao.com/)"
110.249.202.197 - - [29/Aug/2025:20:52:12 +0530] "GET /assets/css/lightbox.min.css HTTP/2" 200 892 "-" "Mozilla/5.0 (Linux; Android 5.0) AppleWebKit/537.36 (KHTML, like Gecko) Mobile Safari/537.36 (compatible; Bytespider; https://zhanzhang.toutiao.com/)"
110.249.202.197 - - [29/Aug/2025:20:52:12 +0530] "GET /assets/css/owl.theme.css HTTP/2" 200 508 "-" "Mozilla/5.0 (Linux; Android 5.0) AppleWebKit/537.36 (KHTML, like Gecko) Mobile Safari/537.36 (compatible; Bytespider; https://zhanzhang.toutiao.com/)"
110.249.202.197 - - [29/Aug/2025:20:52:12 +0530] "GET /assets/css/animate.css HTTP/2" 200 3644 "-" "Mozilla/5.0 (Linux; Android 5.0) AppleWebKit/537.36 (KHTML, like Gecko) Mobile Safari/537.36 (compatible; Bytespider; https://zhanzhang.toutiao.com/)"
110.249.202.197 - - [29/Aug/2025:20:52:12 +0530] "GET /assets/css/owl.carousel.css HTTP/2" 200 469 "-" "Mozilla/5.0 (Linux; Android 5.0) AppleWebKit/537.36 (KHTML, like Gecko) Mobile Safari/537.36 (compatible; Bytespider; https://zhanzhang.toutiao.com/)"
110.249.202.197 - - [29/Aug/2025:20:52:13 +0530] "GET /assets/css/creative-responsive.css HTTP/2" 200 2076 "-" "Mozilla/5.0 (Linux; Android 5.0) AppleWebKit/537.36 (KHTML, like Gecko) Mobile Safari/537.36 (compatible; Bytespider; https://zhanzhang.toutiao.com/)"
110.249.202.197 - - [29/Aug/2025:20:52:13 +0530] "GET /assets/css/creative-main.css HTTP/2" 200 8516 "-" "Mozilla/5.0 (Linux; Android 5.0) AppleWebKit/537.36 (KHTML, like Gecko) Mobile Safari/537.36 (compatible; Bytespider; https://zhanzhang.toutiao.com/)"
110.249.202.197 - - [29/Aug/2025:20:52:13 +0530] "GET /assets/css/nice-select.css HTTP/2" 200 931 "-" "Mozilla/5.0 (Linux; Android 5.0) AppleWebKit/537.36 (KHTML, like Gecko) Mobile Safari/537.36 (compatible; Bytespider; https://zhanzhang.toutiao.com/)"
110.249.202.197 - - [29/Aug/2025:20:52:13 +0530] "GET /assets/js/modernizr-2.8.3.min.js HTTP/2" 200 6009 "-" "Mozilla/5.0 (Linux; Android 5.0) AppleWebKit/537.36 (KHTML, like Gecko) Mobile Safari/537.36 (compatible; Bytespider; https://zhanzhang.toutiao.com/)"
110.249.202.197 - - [29/Aug/2025:20:52:28 +0530] "GET /assets/js/scrollup.js HTTP/2" 200 986 "-" "Mozilla/5.0 (Linux; Android 5.0) AppleWebKit/537.36 (KHTML, like Gecko) Mobile Safari/537.36 (compatible; Bytespider; https://zhanzhang.toutiao.com/)"
110.249.202.197 - - [29/Aug/2025:20:52:28 +0530] "GET /admin/blog/41307906_123.png HTTP/2" 206 500 "-" "Mozilla/5.0 (Linux; Android 5.0) AppleWebKit/537.36 (KHTML, like Gecko) Mobile Safari/537.36 (compatible; Bytespider; https://zhanzhang.toutiao.com/)"
110.249.202.197 - - [29/Aug/2025:20:52:28 +0530] "GET /assets/images/logo.png HTTP/2" 206 500 "-" "Mozilla/5.0 (Linux; Android 5.0) AppleWebKit/537.36 (KHTML, like Gecko) Mobile Safari/537.36 (compatible; Bytespider; https://zhanzhang.toutiao.com/)"
110.249.202.197 - - [29/Aug/2025:20:52:28 +0530] "GET /assets/js/jquery-1.12.0.min.js HTTP/2" 200 32931 "-" "Mozilla/5.0 (Linux; Android 5.0) AppleWebKit/537.36 (KHTML, like Gecko) Mobile Safari/537.36 (compatible; Bytespider; https://zhanzhang.toutiao.com/)"
110.249.202.197 - - [29/Aug/2025:20:52:28 +0530] "GET /assets/custom-slider/home.js HTTP/2" 200 262 "-" "Mozilla/5.0 (Linux; Android 5.0) AppleWebKit/537.36 (KHTML, like Gecko) Mobile Safari/537.36 (compatible; Bytespider; https://zhanzhang.toutiao.com/)"
110.249.202.197 - - [29/Aug/2025:20:52:28 +0530] "GET /assets/js/isotope.pkgd.min.js HTTP/2" 200 9596 "-" "Mozilla/5.0 (Linux; Android 5.0) AppleWebKit/537.36 (KHTML, like Gecko) Mobile Safari/537.36 (compatible; Bytespider; https://zhanzhang.toutiao.com/)"
110.249.202.197 - - [29/Aug/2025:20:52:28 +0530] "GET /assets/custom-slider/js/jquery.nivo.slider.js HTTP/2" 200 4649 "-" "Mozilla/5.0 (Linux; Android 5.0) AppleWebKit/537.36 (KHTML, like Gecko) Mobile Safari/537.36 (compatible; Bytespider; https://zhanzhang.toutiao.com/)"
110.249.202.197 - - [29/Aug/2025:20:52:28 +0530] "GET /assets/js/bootstrap.min.js HTTP/2" 200 9515 "-" "Mozilla/5.0 (Linux; Android 5.0) AppleWebKit/537.36 (KHTML, like Gecko) Mobile Safari/537.36 (compatible; Bytespider; https://zhanzhang.toutiao.com/)"
110.249.202.197 - - [29/Aug/2025:20:52:28 +0530] "GET /assets/js/wow.min.js HTTP/2" 200 2575 "-" "Mozilla/5.0 (Linux; Android 5.0) AppleWebKit/537.36 (KHTML, like Gecko) Mobile Safari/537.36 (compatible; Bytespider; https://zhanzhang.toutiao.com/)"
110.249.202.197 - - [29/Aug/2025:20:52:28 +0530] "GET /assets/js/waypoints.min.js HTTP/2" 200 2461 "-" "Mozilla/5.0 (Linux; Android 5.0) AppleWebKit/537.36 (KHTML, like Gecko) Mobile Safari/537.36 (compatible; Bytespider; https://zhanzhang.toutiao.com/)"
110.249.202.197 - - [29/Aug/2025:20:52:28 +0530] "GET /admin/slider/34343726_r2.jpg HTTP/2" 206 500 "-" "Mozilla/5.0 (Linux; Android 5.0) AppleWebKit/537.36 (KHTML, like Gecko) Mobile Safari/537.36 (compatible; Bytespider; https://zhanzhang.toutiao.com/)"
110.249.202.197 - - [29/Aug/2025:20:52:30 +0530] "GET /assets/js/jquery.knob.js HTTP/2" 200 5732 "-" "Mozilla/5.0 (Linux; Android 5.0) AppleWebKit/537.36 (KHTML, like Gecko) Mobile Safari/537.36 (compatible; Bytespider; https://zhanzhang.toutiao.com/)"
110.249.202.197 - - [29/Aug/2025:20:52:30 +0530] "GET /assets/js/lightbox.min.js HTTP/2" 200 2720 "-" "Mozilla/5.0 (Linux; Android 5.0) AppleWebKit/537.36 (KHTML, like Gecko) Mobile Safari/537.36 (compatible; Bytespider; https://zhanzhang.toutiao.com/)"
110.249.202.197 - - [29/Aug/2025:20:52:30 +0530] "GET /assets/js/jquery.counterup.min.js HTTP/2" 200 496 "-" "Mozilla/5.0 (Linux; Android 5.0) AppleWebKit/537.36 (KHTML, like Gecko) Mobile Safari/537.36 (compatible; Bytespider; https://zhanzhang.toutiao.com/)"
110.249.202.197 - - [29/Aug/2025:20:52:31 +0530] "GET /assets/js/imagesloaded.pkgd.min.js HTTP/2" 200 1698 "-" "Mozilla/5.0 (Linux; Android 5.0) AppleWebKit/537.36 (KHTML, like Gecko) Mobile Safari/537.36 (compatible; Bytespider; https://zhanzhang.toutiao.com/)"
110.249.202.197 - - [29/Aug/2025:20:52:33 +0530] "GET /assets/js/owl.carousel.min.js HTTP/2" 200 6271 "-" "Mozilla/5.0 (Linux; Android 5.0) AppleWebKit/537.36 (KHTML, like Gecko) Mobile Safari/537.36 (compatible; Bytespider; https://zhanzhang.toutiao.com/)"
110.249.202.197 - - [29/Aug/2025:20:52:33 +0530] "GET /assets/js/custom-script.js HTTP/2" 200 1778 "-" "Mozilla/5.0 (Linux; Android 5.0) AppleWebKit/537.36 (KHTML, like Gecko) Mobile Safari/537.36 (compatible; Bytespider; https://zhanzhang.toutiao.com/)"
110.249.202.197 - - [29/Aug/2025:20:52:33 +0530] "GET /assets/js/gmaps.js HTTP/2" 200 11452 "-" "Mozilla/5.0 (Linux; Android 5.0) AppleWebKit/537.36 (KHTML, like Gecko) Mobile Safari/537.36 (compatible; Bytespider; https://zhanzhang.toutiao.com/)"
110.249.202.197 - - [29/Aug/2025:20:52:33 +0530] "GET /assets/js/masonry.pkgd.min.js HTTP/2" 200 7124 "-" "Mozilla/5.0 (Linux; Android 5.0) AppleWebKit/537.36 (KHTML, like Gecko) Mobile Safari/537.36 (compatible; Bytespider; https://zhanzhang.toutiao.com/)"
110.249.202.197 - - [29/Aug/2025:20:52:33 +0530] "GET /assets/js/jquery.nice-select.min.js HTTP/2" 200 930 "-" "Mozilla/5.0 (Linux; Android 5.0) AppleWebKit/537.36 (KHTML, like Gecko) Mobile Safari/537.36 (compatible; Bytespider; https://zhanzhang.toutiao.com/)"
110.249.202.197 - - [29/Aug/2025:20:52:33 +0530] "GET /assets/js/jquery.matchHeight.js HTTP/2" 200 1254 "-" "Mozilla/5.0 (Linux; Android 5.0) AppleWebKit/537.36 (KHTML, like Gecko) Mobile Safari/537.36 (compatible; Bytespider; https://zhanzhang.toutiao.com/)"
110.249.202.197 - - [29/Aug/2025:20:52:33 +0530] "GET /assets/js/jquery.appear.js HTTP/2" 200 1159 "-" "Mozilla/5.0 (Linux; Android 5.0) AppleWebKit/537.36 (KHTML, like Gecko) Mobile Safari/537.36 (compatible; Bytespider; https://zhanzhang.toutiao.com/)"
110.249.202.197 - - [29/Aug/2025:20:52:47 +0530] "GET /assets/images/next.png HTTP/2" 206 500 "-" "Mozilla/5.0 (Linux; Android 5.0) AppleWebKit/537.36 (KHTML, like Gecko) Mobile Safari/537.36 (compatible; Bytespider; https://zhanzhang.toutiao.com/)"
110.249.202.197 - - [29/Aug/2025:20:52:48 +0530] "GET /assets/images/footer.jpg HTTP/2" 206 500 "https://ranush.com/" "Mozilla/5.0 (Linux; Android 5.0) AppleWebKit/537.36 (KHTML, like Gecko) Mobile Safari/537.36 (compatible; Bytespider; https://zhanzhang.toutiao.com/)"
110.249.202.197 - - [29/Aug/2025:20:52:48 +0530] "GET /assets/images/loading.gif HTTP/2" 206 500 "-" "Mozilla/5.0 (Linux; Android 5.0) AppleWebKit/537.36 (KHTML, like Gecko) Mobile Safari/537.36 (compatible; Bytespider; https://zhanzhang.toutiao.com/)"
110.249.202.197 - - [29/Aug/2025:20:52:48 +0530] "GET /assets/images/prev.png HTTP/2" 206 500 "-" "Mozilla/5.0 (Linux; Android 5.0) AppleWebKit/537.36 (KHTML, like Gecko) Mobile Safari/537.36 (compatible; Bytespider; https://zhanzhang.toutiao.com/)"
110.249.202.197 - - [29/Aug/2025:20:52:48 +0530] "GET /assets/images/close.png HTTP/2" 206 280 "-" "Mozilla/5.0 (Linux; Android 5.0) AppleWebKit/537.36 (KHTML, like Gecko) Mobile Safari/537.36 (compatible; Bytespider; https://zhanzhang.toutiao.com/)"
57.141.4.17 - - [29/Aug/2025:20:54:25 +0530] "GET /shopdetail/4632084/ESAB-Low-Heat-Hardfacing-alloys.pdf HTTP/2" 404 796 "-" "meta-externalagent/1.1 (+https://developers.facebook.com/docs/sharing/webmasters/crawler)"
114.119.156.185 - - [29/Aug/2025:20:55:36 +0530] "GET /shopdetail/6461717/ HTTP/1.1" 404 796 "-" "Mozilla/5.0 (Linux; Android 7.0;) AppleWebKit/537.36 (KHTML, like Gecko) Mobile Safari/537.36 (compatible; PetalBot;+https://webmaster.petalsearch.com/site/petalbot)"
114.119.141.201 - - [29/Aug/2025:20:58:13 +0530] "GET /shopdetail/3948539/ HTTP/1.1" 404 796 "-" "Mozilla/5.0 (Linux; Android 7.0;) AppleWebKit/537.36 (KHTML, like Gecko) Mobile Safari/537.36 (compatible; PetalBot;+https://webmaster.petalsearch.com/site/petalbot)"
57.141.4.30 - - [29/Aug/2025:20:50:25 +0530] "GET /shopdetail/3433017/TUBULAR-ELECTRODES.pdf HTTP/2" 404 796 "-" "meta-externalagent/1.1 (+https://developers.facebook.com/docs/sharing/webmasters/crawler)"
57.141.4.18 - - [29/Aug/2025:20:50:25 +0530] "GET /shopdetail/27911873/TUBULAR-ELECTRODES.pdf HTTP/2" 404 796 "-" "meta-externalagent/1.1 (+https://developers.facebook.com/docs/sharing/webmasters/crawler)"
57.141.4.9 - - [29/Aug/2025:20:50:27 +0530] "GET /shopdetail/5212762/Tig-filler-wires.pdf HTTP/2" 404 796 "-" "meta-externalagent/1.1 (+https://developers.facebook.com/docs/sharing/webmasters/crawler)"
57.141.4.4 - - [29/Aug/2025:20:54:25 +0530] "GET /shopdetail/6341839/Hot-metal-spray-powders.pdf HTTP/2" 404 796 "-" "meta-externalagent/1.1 (+https://developers.facebook.com/docs/sharing/webmasters/crawler)"
57.141.4.15 - - [29/Aug/2025:20:54:26 +0530] "GET /shopdetail/2483806/TUBULAR-ELECTRODES.pdf HTTP/2" 404 796 "-" "meta-externalagent/1.1 (+https://developers.facebook.com/docs/sharing/webmasters/crawler)"
87.250.224.16 - - [29/Aug/2025:20:55:58 +0530] "GET /shopdetail/373137488 HTTP/1.1" 404 796 "-" "Mozilla/5.0 (compatible; YandexBot/3.0; +http://yandex.com/bots)"
114.119.141.201 - - [29/Aug/2025:20:56:51 +0530] "GET /shopdetail/5205428/ HTTP/1.1" 404 796 "-" "Mozilla/5.0 (Linux; Android 7.0;) AppleWebKit/537.36 (KHTML, like Gecko) Mobile Safari/537.36 (compatible; PetalBot;+https://webmaster.petalsearch.com/site/petalbot)"
57.141.4.5 - - [29/Aug/2025:20:58:24 +0530] "GET /shopdetail/3404151/NON-FERROUS-ALLOY.pdf HTTP/2" 404 796 "-" "meta-externalagent/1.1 (+https://developers.facebook.com/docs/sharing/webmasters/crawler)"
57.141.4.4 - - [29/Aug/2025:20:58:27 +0530] "GET /shopdetail/5084906/CAST-IRON.pdf HTTP/2" 404 796 "-" "meta-externalagent/1.1 (+https://developers.facebook.com/docs/sharing/webmasters/crawler)"
114.119.141.217 - - [29/Aug/2025:20:59:38 +0530] "GET /shopdetail/2999773/ HTTP/1.1" 404 796 "-" "Mozilla/5.0 (Linux; Android 7.0;) AppleWebKit/537.36 (KHTML, like Gecko) Mobile Safari/537.36 (compatible; PetalBot;+https://webmaster.petalsearch.com/site/petalbot)"
57.141.4.6 - - [29/Aug/2025:21:02:27 +0530] "GET /shopdetail/6987439/ HTTP/2" 404 796 "-" "meta-externalagent/1.1 (+https://developers.facebook.com/docs/sharing/webmasters/crawler)"
114.119.155.64 - - [29/Aug/2025:21:02:40 +0530] "GET /shopdetail/26680439/ HTTP/1.1" 404 796 "-" "Mozilla/5.0 (Linux; Android 7.0;) AppleWebKit/537.36 (KHTML, like Gecko) Mobile Safari/537.36 (compatible; PetalBot;+https://webmaster.petalsearch.com/site/petalbot)"
66.249.66.35 - - [29/Aug/2025:21:03:12 +0530] "GET /shopdetail/6306117/ HTTP/1.1" 404 796 "-" "Mozilla/5.0 (Linux; Android 6.0.1; Nexus 5X Build/MMB29P) AppleWebKit/537.36 (KHTML, like Gecko) Chrome/138.0.7204.183 Mobile Safari/537.36 (compatible; Googlebot/2.1; +http://www.google.com/bot.html)"
87.250.224.16 - - [29/Aug/2025:21:03:25 +0530] "GET /shopdetail/62071088 HTTP/1.1" 404 796 "-" "Mozilla/5.0 (compatible; YandexBot/3.0; +http://yandex.com/bots)"
114.119.132.18 - - [29/Aug/2025:21:03:47 +0530] "GET /shopdetail/26110039/ HTTP/1.1" 404 796 "-" "Mozilla/5.0 (Linux; Android 7.0;) AppleWebKit/537.36 (KHTML, like Gecko) Mobile Safari/537.36 (compatible; PetalBot;+https://webmaster.petalsearch.com/site/petalbot)"
5.255.231.95 - - [29/Aug/2025:21:04:00 +0530] "GET /shopdetail/186403388 HTTP/1.1" 404 796 "-" "Mozilla/5.0 (compatible; YandexBot/3.0; +http://yandex.com/bots)"
57.141.4.20 - - [29/Aug/2025:21:06:25 +0530] "GET /shopdetail/17022595/Hot-metal-spray-powders.pdf HTTP/2" 404 796 "-" "meta-externalagent/1.1 (+https://developers.facebook.com/docs/sharing/webmasters/crawler)"
57.141.4.5 - - [29/Aug/2025:21:06:26 +0530] "GET /shopdetail/24220151/welding.php HTTP/2" 404 796 "-" "meta-externalagent/1.1 (+https://developers.facebook.com/docs/sharing/webmasters/crawler)"
66.249.66.35 - - [29/Aug/2025:21:08:07 +0530] "GET /shopdetail/TYRE%20SUMMER%20NS-2%20285/30%20R18%2093Y%20NANKANG HTTP/1.1" 404 796 "-" "Mozilla/5.0 (Linux; Android 6.0.1; Nexus 5X Build/MMB29P) AppleWebKit/537.36 (KHTML, like Gecko) Chrome/138.0.7204.183 Mobile Safari/537.36 (compatible; Googlebot/2.1; +http://www.google.com/bot.html)"
114.119.137.184 - - [29/Aug/2025:21:09:21 +0530] "GET /shopdetail/1954973/ HTTP/1.1" 404 796 "-" "Mozilla/5.0 (Linux; Android 7.0;) AppleWebKit/537.36 (KHTML, like Gecko) Mobile Safari/537.36 (compatible; PetalBot;+https://webmaster.petalsearch.com/site/petalbot)"
57.141.4.19 - - [29/Aug/2025:21:10:24 +0530] "GET /shopdetail/12512895/CONSUMABLES-RANUSH.pdf HTTP/2" 404 796 "-" "meta-externalagent/1.1 (+https://developers.facebook.com/docs/sharing/webmasters/crawler)"
57.141.4.24 - - [29/Aug/2025:21:10:27 +0530] "GET /shopdetail/4955395/Tig-filler-wires.pdf HTTP/2" 404 796 "-" "meta-externalagent/1.1 (+https://developers.facebook.com/docs/sharing/webmasters/crawler)"
66.249.66.34 - - [29/Aug/2025:21:10:46 +0530] "GET /shopdetail/%E2%97%87%E5%90%89%E5%AE%97%E2%97%87%E8%B6%8A%E4%B8%AD%E4%BA%95%E6%B3%A2%E5%BD%AB%E5%88%BB%20%E7%A7%80%E4%B8%80%E5%88%80%20%E7%B4%B0%E5%AF%86%E5%BD%AB%E5%9B%9B%E5%90%9B%E5%AD%90%E6%96%87%E6%AC%84%E9%96%93%E4%B8%80%E5%AF%BE%20%E3%81%AE%E8%90%BD%E6%9C%AD%E6%83%85%E5%A0%B1%E8%A9%B3%E7%B4%B0 HTTP/1.1" 404 796 "-" "Mozilla/5.0 (Linux; Android 6.0.1; Nexus 5X Build/MMB29P) AppleWebKit/537.36 (KHTML, like Gecko) Chrome/138.0.7204.183 Mobile Safari/537.36 (compatible; Googlebot/2.1; +http://www.google.com/bot.html)"
66.249.66.36 - - [29/Aug/2025:21:11:35 +0530] "GET /shopdetail/%E3%80%90%E6%96%AD%E3%82%B3%E3%83%9E%E4%BD%BF%E7%94%A8%E3%80%91%E6%BC%8F%E6%B0%B4%E4%BF%AE%E7%90%86 HTTP/1.1" 404 796 "-" "Mozilla/5.0 (Linux; Android 6.0.1; Nexus 5X Build/MMB29P) AppleWebKit/537.36 (KHTML, like Gecko) Chrome/138.0.7204.183 Mobile Safari/537.36 (compatible; Googlebot/2.1; +http://www.google.com/bot.html)"
114.119.160.248 - - [29/Aug/2025:21:12:13 +0530] "GET /shopdetail/14800028/ HTTP/1.1" 404 796 "-" "Mozilla/5.0 (Linux; Android 7.0;) AppleWebKit/537.36 (KHTML, like Gecko) Mobile Safari/537.36 (compatible; PetalBot;+https://webmaster.petalsearch.com/site/petalbot)"
114.119.141.217 - - [29/Aug/2025:21:13:31 +0530] "GET /shopdetail/12911740/ HTTP/1.1" 404 796 "-" "Mozilla/5.0 (Linux; Android 7.0;) AppleWebKit/537.36 (KHTML, like Gecko) Mobile Safari/537.36 (compatible; PetalBot;+https://webmaster.petalsearch.com/site/petalbot)"
66.249.66.34 - - [29/Aug/2025:21:13:38 +0530] "GET /%E3%83%9C%E3%83%BC%E3%82%AF%E3%82%B9%E7%A7%8B%E8%91%89%E5%8E%9F%E3%83%9B%E3%83%93%E3%83%BC%E5%A4%A9%E5%9B%BD%EF%BC%92%20on%20Twitter: HTTP/1.1" 404 796 "-" "Mozilla/5.0 (Linux; Android 6.0.1; Nexus 5X Build/MMB29P) AppleWebKit/537.36 (KHTML, like Gecko) Chrome/138.0.7204.183 Mobile Safari/537.36 (compatible; Googlebot/2.1; +http://www.google.com/bot.html)"
66.249.66.34 - - [29/Aug/2025:21:14:14 +0530] "GET /%E3%81%BB%E3%81%BC%E6%97%A5%E6%89%8B%E5%B8%B3%20%E3%82%AB%E3%82%BA%E3%83%B3(A5%E3%82%B5%E3%82%A4%E3%82%BA)%E6%89%8B%E5%B8%B3%E3%82%AB%E3%83%90%E3%83%BC/%E3%82%AB%E3%83%A9%E3%83%BC%E3%82%BA/%E3%83%9E%E3%82%B7%E3%83%A5%E3%83%9E%E3%83%AD%20T200000X00390 HTTP/1.1" 404 796 "-" "Mozilla/5.0 (Linux; Android 6.0.1; Nexus 5X Build/MMB29P) AppleWebKit/537.36 (KHTML, like Gecko) Chrome/138.0.7204.183 Mobile Safari/537.36 (compatible; Googlebot/2.1; +http://www.google.com/bot.html)"
57.141.4.16 - - [29/Aug/2025:21:14:25 +0530] "GET /shopdetail/29436240/NON-FERROUS-ALLOY.pdf HTTP/2" 404 796 "-" "meta-externalagent/1.1 (+https://developers.facebook.com/docs/sharing/webmasters/crawler)"
57.141.4.19 - - [29/Aug/2025:21:14:27 +0530] "GET /shopdetail/7189528/WEAR-PLATES.pdf HTTP/2" 404 796 "-" "meta-externalagent/1.1 (+https://developers.facebook.com/docs/sharing/webmasters/crawler)"
57.141.4.26 - - [29/Aug/2025:20:58:25 +0530] "GET /shopdetail/15082584/Gas-brazing-alloys.pdf HTTP/2" 404 796 "-" "meta-externalagent/1.1 (+https://developers.facebook.com/docs/sharing/webmasters/crawler)"
57.141.4.27 - - [29/Aug/2025:20:58:27 +0530] "GET /shopdetail/30524717/WEAR-PLATES.pdf HTTP/2" 404 796 "-" "meta-externalagent/1.1 (+https://developers.facebook.com/docs/sharing/webmasters/crawler)"
114.119.151.179 - - [29/Aug/2025:21:02:23 +0530] "GET /shopdetail/27531417/ HTTP/1.1" 404 796 "-" "Mozilla/5.0 (Linux; Android 7.0;) AppleWebKit/537.36 (KHTML, like Gecko) Mobile Safari/537.36 (compatible; PetalBot;+https://webmaster.petalsearch.com/site/petalbot)"
57.141.4.16 - - [29/Aug/2025:21:02:24 +0530] "GET /shopdetail/10992217/Tig-filler-wires.pdf HTTP/2" 404 796 "-" "meta-externalagent/1.1 (+https://developers.facebook.com/docs/sharing/webmasters/crawler)"
57.141.4.23 - - [29/Aug/2025:21:02:25 +0530] "GET /shopdetail/19135217/NON-FERROUS-ALLOY.pdf HTTP/2" 404 796 "-" "meta-externalagent/1.1 (+https://developers.facebook.com/docs/sharing/webmasters/crawler)"
57.141.4.29 - - [29/Aug/2025:21:02:27 +0530] "GET /shopdetail/23870473/CONSUMABLES-RANUSH.pdf HTTP/2" 404 796 "-" "meta-externalagent/1.1 (+https://developers.facebook.com/docs/sharing/webmasters/crawler)"
66.249.66.34 - - [29/Aug/2025:21:03:26 +0530] "GET /product/edit/18095399 HTTP/1.1" 404 796 "-" "Mozilla/5.0 (Linux; Android 6.0.1; Nexus 5X Build/MMB29P) AppleWebKit/537.36 (KHTML, like Gecko) Chrome/138.0.7204.183 Mobile Safari/537.36 (compatible; Googlebot/2.1; +http://www.google.com/bot.html)"
114.119.137.184 - - [29/Aug/2025:21:05:11 +0530] "GET /shopdetail/24562973/ HTTP/1.1" 404 796 "-" "Mozilla/5.0 (Linux; Android 7.0;) AppleWebKit/537.36 (KHTML, like Gecko) Mobile Safari/537.36 (compatible; PetalBot;+https://webmaster.petalsearch.com/site/petalbot)"
57.141.4.9 - - [29/Aug/2025:21:06:25 +0530] "GET /shopdetail/7921251/ HTTP/2" 404 796 "-" "meta-externalagent/1.1 (+https://developers.facebook.com/docs/sharing/webmasters/crawler)"
114.119.155.64 - - [29/Aug/2025:21:06:34 +0530] "GET /shopdetail/20412928/ HTTP/1.1" 404 796 "-" "Mozilla/5.0 (Linux; Android 7.0;) AppleWebKit/537.36 (KHTML, like Gecko) Mobile Safari/537.36 (compatible; PetalBot;+https://webmaster.petalsearch.com/site/petalbot)"
114.119.137.184 - - [29/Aug/2025:21:07:59 +0530] "GET /shopdetail/20173462/ HTTP/1.1" 404 796 "-" "Mozilla/5.0 (Linux; Android 7.0;) AppleWebKit/537.36 (KHTML, like Gecko) Mobile Safari/537.36 (compatible; PetalBot;+https://webmaster.petalsearch.com/site/petalbot)"
66.249.66.34 - - [29/Aug/2025:21:08:32 +0530] "GET /shopdetail/NIKE%20ACG%EF%BC%88%E3%83%8A%E3%82%A4%E3%82%AD%E3%82%A8%E3%82%A3%E3%82%B7%E3%83%BC%E3%82%B8%E3%83%BC%EF%BC%89%E3%81%AE%E3%80%8CNIKE%20AS%20M%20NRG%20ACG%20CARGO%20SHORT HTTP/1.1" 404 796 "-" "Mozilla/5.0 (Linux; Android 6.0.1; Nexus 5X Build/MMB29P) AppleWebKit/537.36 (KHTML, like Gecko) Chrome/138.0.7204.183 Mobile Safari/537.36 (compatible; Googlebot/2.1; +http://www.google.com/bot.html)"
57.141.4.24 - - [29/Aug/2025:21:10:25 +0530] "GET /shopdetail/7586473/ HTTP/2" 404 796 "-" "meta-externalagent/1.1 (+https://developers.facebook.com/docs/sharing/webmasters/crawler)"
114.119.132.18 - - [29/Aug/2025:21:10:45 +0530] "GET /shopdetail/15378995/ HTTP/1.1" 404 796 "-" "Mozilla/5.0 (Linux; Android 7.0;) AppleWebKit/537.36 (KHTML, like Gecko) Mobile Safari/537.36 (compatible; PetalBot;+https://webmaster.petalsearch.com/site/petalbot)"
57.141.4.24 - - [29/Aug/2025:21:14:24 +0530] "GET /shopdetail/25924695/ HTTP/2" 404 796 "-" "meta-externalagent/1.1 (+https://developers.facebook.com/docs/sharing/webmasters/crawler)"
57.141.4.18 - - [29/Aug/2025:21:14:27 +0530] "GET /shopdetail/4906217/CONSUMABLES-RANUSH.pdf HTTP/2" 404 796 "-" "meta-externalagent/1.1 (+https://developers.facebook.com/docs/sharing/webmasters/crawler)"
114.119.156.185 - - [29/Aug/2025:21:14:56 +0530] "GET /shopdetail/11855939/ HTTP/1.1" 404 796 "-" "Mozilla/5.0 (Linux; Android 7.0;) AppleWebKit/537.36 (KHTML, like Gecko) Mobile Safari/537.36 (compatible; PetalBot;+https://webmaster.petalsearch.com/site/petalbot)"
66.249.66.35 - - [29/Aug/2025:21:15:40 +0530] "GET /shopdetail/%E4%B8%AD%E5%8F%A4%20C%20Panasonic%E3%83%91%E3%83%8A%E3%82%BD%E3%83%8B%E3%83%83%E3%82%AF%20%E7%B4%99%E3%83%91%E3%83%83%E3%82%AF%E5%BC%8F%E6%8E%83%E9%99%A4%E6%A9%9F%20MC-PC34AG-P%20%E3%82%A8%E3%82%B3%E3%83%8A%E3%83%93%E6%90%AD%E8%BC%89%20%E3%83%94%E3%83%B3%E3%82%AF%E3%82%B7%E3%83%A3%E3%83%B3%E3%83%91%E3%83%B3%20%20:d1394620:%E3%82%A8%E3%82%B9%E3%83%8D%E3%83%83%E3%83%88%E3%82%B7%E3%83%A7%E3%83%83%E3%83%97%20%E3%83%A4%E3%83%95%E3%83%BC%E5%BA%97%20-%20%E9%80%9A%E8%B2%A9%20-%20Yahoo!%E3%82%B7%E3%83%A7%E3%83%83%E3%83%94%E3%83%B3%E3%82%B0 HTTP/1.1" 404 796 "-" "Mozilla/5.0 (Linux; Android 6.0.1; Nexus 5X Build/MMB29P) AppleWebKit/537.36 (KHTML, like Gecko) Chrome/138.0.7204.183 Mobile Safari/537.36 (compatible; Googlebot/2.1; +http://www.google.com/bot.html)"
66.249.66.34 - - [29/Aug/2025:21:16:47 +0530] "GET /shopdetail/%E4%BA%BA%E6%B0%97%E7%89%B9%E4%BE%A1%20%E5%8C%97%E5%B7%9D%E6%99%AF%E5%AD%90%E3%81%95%E3%82%93%E7%9D%80%E7%94%A8%E3%80%8E%E3%83%AA%E3%82%B3%E3%82%AB%E3%83%84%E3%80%8F%E3%83%9E%E3%83%AB%E3%83%81%E3%82%B9%E3%83%88%E3%83%A9%E3%82%A4%E3%83%97%E3%83%8B%E3%83%83%E3%83%88%20-%20T HTTP/1.1" 404 796 "-" "Mozilla/5.0 (Linux; Android 6.0.1; Nexus 5X Build/MMB29P) AppleWebKit/537.36 (KHTML, like Gecko) Chrome/138.0.7204.183 Mobile Safari/537.36 (compatible; Googlebot/2.1; +http://www.google.com/bot.html)"
57.141.4.7 - - [29/Aug/2025:21:18:24 +0530] "GET /shopdetail/17217640/Hot-metal-spray-powders.pdf HTTP/2" 404 796 "-" "meta-externalagent/1.1 (+https://developers.facebook.com/docs/sharing/webmasters/crawler)"
57.141.4.21 - - [29/Aug/2025:21:18:26 +0530] "GET /shopdetail/10441384/Flux-cored-wires.pdf HTTP/2" 404 796 "-" "meta-externalagent/1.1 (+https://developers.facebook.com/docs/sharing/webmasters/crawler)"
57.141.4.2 - - [29/Aug/2025:21:18:27 +0530] "GET /shopdetail/20167217/TUBULAR-ELECTRODES.pdf HTTP/2" 404 796 "-" "meta-externalagent/1.1 (+https://developers.facebook.com/docs/sharing/webmasters/crawler)"
57.141.4.19 - - [29/Aug/2025:21:22:24 +0530] "GET /shopdetail/24799617/TUBULAR-ELECTRODES.pdf HTTP/2" 404 796 "-" "meta-externalagent/1.1 (+https://developers.facebook.com/docs/sharing/webmasters/crawler)"
57.141.4.20 - - [29/Aug/2025:21:22:27 +0530] "GET /shopdetail/25432051/CAST-IRON.pdf HTTP/2" 404 796 "-" "meta-externalagent/1.1 (+https://developers.facebook.com/docs/sharing/webmasters/crawler)"
66.249.66.34 - - [29/Aug/2025:21:22:55 +0530] "GET /shopdetail/%E8%91%89%E5%B1%B1%E7%BF%94%E5%A4%AA%20on%20Twitter: HTTP/1.1" 404 796 "-" "Mozilla/5.0 (Linux; Android 6.0.1; Nexus 5X Build/MMB29P) AppleWebKit/537.36 (KHTML, like Gecko) Chrome/138.0.7204.183 Mobile Safari/537.36 (compatible; Googlebot/2.1; +http://www.google.com/bot.html)"
66.249.66.35 - - [29/Aug/2025:21:24:44 +0530] "GET /shopdetail/%E7%BE%8E%E9%A1%94%E5%99%A8%20%E3%83%A4%E3%83%BC%E3%83%9E%E3%83%B3%20RF%E3%83%9C%E3%83%BC%E3%83%86%20%E3%83%96%E3%83%AB%E3%83%BC%E3%83%A0%20RF-BLOOM%20%E3%82%B7%E3%83%AB%E3%83%90%E3%83%BC%20%E3%83%AC%E3%83%83%E3%83%89%20YA-MAN%20%E7%BE%8E%E5%AE%B9%20%E3%83%8F%E3%83%AA%20%E5%BC%BE%E5%8A%9B%20%E3%83%A9%E3%82%B8%E3%82%AA%E6%B3%A2 HTTP/1.1" 404 796 "-" "Mozilla/5.0 (Linux; Android 6.0.1; Nexus 5X Build/MMB29P) AppleWebKit/537.36 (KHTML, like Gecko) Chrome/138.0.7204.183 Mobile Safari/537.36 (compatible; Googlebot/2.1; +http://www.google.com/bot.html)"
66.249.66.36 - - [29/Aug/2025:21:29:20 +0530] "GET /shopdetail/2544628/ HTTP/1.1" 404 796 "-" "Mozilla/5.0 (Linux; Android 6.0.1; Nexus 5X Build/MMB29P) AppleWebKit/537.36 (KHTML, like Gecko) Chrome/138.0.7204.183 Mobile Safari/537.36 (compatible; Googlebot/2.1; +http://www.google.com/bot.html)"
66.249.66.36 - - [29/Aug/2025:21:16:03 +0530] "GET /%E5%8D%92%E6%A5%AD%E5%BC%8F%20%E8%A2%B4%E3%82%BB%E3%83%83%E3%83%88%20%E8%A2%B4%20%E5%A4%A7%E5%AD%A6%E7%94%9F%20%E3%83%AC%E3%83%87%E3%82%A3%E3%83%BC%E3%82%B9%20%E5%A5%B3%E6%80%A7%20%E5%B0%8F%E5%AD%A6%E7%94%9F%20%E3%82%B8%E3%83%A5%E3%83%8B%E3%82%A2%20%E5%A5%B3%E3%81%AE%E5%AD%90 HTTP/1.1" 404 796 "-" "Mozilla/5.0 (Linux; Android 6.0.1; Nexus 5X Build/MMB29P) AppleWebKit/537.36 (KHTML, like Gecko) Chrome/138.0.7204.183 Mobile Safari/537.36 (compatible; Googlebot/2.1; +http://www.google.com/bot.html)"
114.119.151.179 - - [29/Aug/2025:21:16:19 +0530] "GET /shopdetail/11568962/ HTTP/1.1" 404 796 "-" "Mozilla/5.0 (Linux; Android 7.0;) AppleWebKit/537.36 (KHTML, like Gecko) Mobile Safari/537.36 (compatible; PetalBot;+https://webmaster.petalsearch.com/site/petalbot)"
