66.249.66.35 - - [30/Aug/2025:00:38:33 +0530] "GET /product/edit/65289801 HTTP/1.1" 404 796 "-" "Mozilla/5.0 (Linux; Android 6.0.1; Nexus 5X Build/MMB29P) AppleWebKit/537.36 (KHTML, like Gecko) Chrome/138.0.7204.183 Mobile Safari/537.36 (compatible; Googlebot/2.1; +http://www.google.com/bot.html)"
57.141.4.28 - - [30/Aug/2025:00:42:25 +0530] "GET /shopdetail/16130284/Steel-and-Dissimilar-Steel-Joining-Alloys.pdf HTTP/2" 404 796 "-" "meta-externalagent/1.1 (+https://developers.facebook.com/docs/sharing/webmasters/crawler)"
57.141.4.9 - - [30/Aug/2025:00:42:27 +0530] "GET /shopdetail/4734628/NON-FERROUS-ALLOY.pdf HTTP/2" 404 796 "-" "meta-externalagent/1.1 (+https://developers.facebook.com/docs/sharing/webmasters/crawler)"
87.250.224.30 - - [30/Aug/2025:00:45:44 +0530] "GET /shopdetail/2443488 HTTP/1.1" 404 796 "-" "Mozilla/5.0 (compatible; YandexBot/3.0; +http://yandex.com/bots)"
57.141.4.3 - - [30/Aug/2025:00:46:24 +0530] "GET /shopdetail/4092328/Tig-filler-wires.pdf HTTP/2" 404 796 "-" "meta-externalagent/1.1 (+https://developers.facebook.com/docs/sharing/webmasters/crawler)"
57.141.4.27 - - [30/Aug/2025:00:46:24 +0530] "GET /shopdetail/8348617/Flux-cored-wires.pdf HTTP/2" 404 796 "-" "meta-externalagent/1.1 (+https://developers.facebook.com/docs/sharing/webmasters/crawler)"
57.141.4.19 - - [30/Aug/2025:00:46:26 +0530] "GET /shopdetail/3952784/Gas-brazing-alloys.pdf HTTP/2" 404 796 "-" "meta-externalagent/1.1 (+https://developers.facebook.com/docs/sharing/webmasters/crawler)"
57.141.4.13 - - [30/Aug/2025:00:54:24 +0530] "GET /shopdetail/19237039/ESAB-Low-Heat-Hardfacing-alloys.pdf HTTP/2" 404 796 "-" "meta-externalagent/1.1 (+https://developers.facebook.com/docs/sharing/webmasters/crawler)"
57.141.4.17 - - [30/Aug/2025:00:54:25 +0530] "GET /shopdetail/29486739/NON-FERROUS-ALLOY.pdf HTTP/2" 404 796 "-" "meta-externalagent/1.1 (+https://developers.facebook.com/docs/sharing/webmasters/crawler)"
104.220.30.207 - - [30/Aug/2025:00:56:26 +0530] "GET /shopdetail/19720484/about.php HTTP/1.1" 404 796 "-" "Mozilla/5.0 (Macintosh; Intel Mac OS X 10_12_6) AppleWebKit/537.36 (KHTML, like Gecko) Chrome/61.0.3163.79 Safari/537.36"
57.141.4.14 - - [30/Aug/2025:00:58:24 +0530] "GET /shopdetail/21955251/ESAB-Low-Heat-Hardfacing-alloys.pdf HTTP/2" 404 796 "-" "meta-externalagent/1.1 (+https://developers.facebook.com/docs/sharing/webmasters/crawler)"
57.141.4.9 - - [30/Aug/2025:00:58:26 +0530] "GET /shopdetail/23337451/ HTTP/2" 404 796 "-" "meta-externalagent/1.1 (+https://developers.facebook.com/docs/sharing/webmasters/crawler)"
57.141.4.27 - - [30/Aug/2025:00:58:26 +0530] "GET /shopdetail/25712639/WEAR-PLATES.pdf HTTP/2" 404 796 "-" "meta-externalagent/1.1 (+https://developers.facebook.com/docs/sharing/webmasters/crawler)"
87.250.224.52 - - [30/Aug/2025:00:59:56 +0530] "GET /shopdetail/358744988 HTTP/1.1" 404 796 "-" "Mozilla/5.0 (compatible; YandexBot/3.0; +http://yandex.com/bots)"
57.141.4.30 - - [30/Aug/2025:01:02:27 +0530] "GET /shopdetail/2691906/WEAR-PLATES.pdf HTTP/2" 404 796 "-" "meta-externalagent/1.1 (+https://developers.facebook.com/docs/sharing/webmasters/crawler)"
57.141.4.29 - - [30/Aug/2025:01:02:28 +0530] "GET /shopdetail/4720773/Gas-brazing-alloys.pdf HTTP/2" 404 796 "-" "meta-externalagent/1.1 (+https://developers.facebook.com/docs/sharing/webmasters/crawler)"
57.141.4.22 - - [30/Aug/2025:01:06:25 +0530] "GET /shopdetail/24166251/Flux-cored-wires.pdf HTTP/2" 404 796 "-" "meta-externalagent/1.1 (+https://developers.facebook.com/docs/sharing/webmasters/crawler)"
66.249.66.35 - - [30/Aug/2025:01:07:54 +0530] "GET /shopdetail/7851728/ HTTP/1.1" 404 796 "-" "Mozilla/5.0 (Linux; Android 6.0.1; Nexus 5X Build/MMB29P) AppleWebKit/537.36 (KHTML, like Gecko) Chrome/138.0.7204.183 Mobile Safari/537.36 (compatible; Googlebot/2.1; +http://www.google.com/bot.html)"
57.141.4.21 - - [30/Aug/2025:01:10:26 +0530] "GET /shopdetail/28493006/ESAB-Low-Heat-Hardfacing-alloys.pdf HTTP/2" 404 796 "-" "meta-externalagent/1.1 (+https://developers.facebook.com/docs/sharing/webmasters/crawler)"
57.141.4.14 - - [30/Aug/2025:00:54:26 +0530] "GET /shopdetail/10350040/ HTTP/2" 404 796 "-" "meta-externalagent/1.1 (+https://developers.facebook.com/docs/sharing/webmasters/crawler)"
57.141.4.3 - - [30/Aug/2025:00:54:27 +0530] "GET /shopdetail/20913095/Flux-cored-wires.pdf HTTP/2" 404 796 "-" "meta-externalagent/1.1 (+https://developers.facebook.com/docs/sharing/webmasters/crawler)"
57.141.4.6 - - [30/Aug/2025:00:58:25 +0530] "GET /shopdetail/13924795/Tig-filler-wires.pdf HTTP/2" 404 796 "-" "meta-externalagent/1.1 (+https://developers.facebook.com/docs/sharing/webmasters/crawler)"
57.141.4.6 - - [30/Aug/2025:01:02:24 +0530] "GET /shopdetail/26714784/Steel-and-Dissimilar-Steel-Joining-Alloys.pdf HTTP/2" 404 796 "-" "meta-externalagent/1.1 (+https://developers.facebook.com/docs/sharing/webmasters/crawler)"
57.141.4.16 - - [30/Aug/2025:01:02:25 +0530] "GET /shopdetail/9165662/CUTTING-AND-GOUGING.pdf HTTP/2" 404 796 "-" "meta-externalagent/1.1 (+https://developers.facebook.com/docs/sharing/webmasters/crawler)"
57.141.4.29 - - [30/Aug/2025:01:06:25 +0530] "GET /shopdetail/15308784/TUBULAR-ELECTRODES.pdf HTTP/2" 404 796 "-" "meta-externalagent/1.1 (+https://developers.facebook.com/docs/sharing/webmasters/crawler)"
57.141.4.12 - - [30/Aug/2025:01:06:26 +0530] "GET /shopdetail/22399339/Hot-metal-spray-powders.pdf HTTP/2" 404 796 "-" "meta-externalagent/1.1 (+https://developers.facebook.com/docs/sharing/webmasters/crawler)"
66.249.66.36 - - [30/Aug/2025:01:07:30 +0530] "GET /shopdetail/276757288 HTTP/1.1" 404 796 "-" "Mozilla/5.0 (Linux; Android 6.0.1; Nexus 5X Build/MMB29P) AppleWebKit/537.36 (KHTML, like Gecko) Chrome/138.0.7204.183 Mobile Safari/537.36 (compatible; Googlebot/2.1; +http://www.google.com/bot.html)"
57.141.4.10 - - [30/Aug/2025:01:10:24 +0530] "GET /shopdetail/28534895/Hot-metal-spray-powders.pdf HTTP/2" 404 796 "-" "meta-externalagent/1.1 (+https://developers.facebook.com/docs/sharing/webmasters/crawler)"
57.141.4.19 - - [30/Aug/2025:01:10:25 +0530] "GET /shopdetail/7698095/welding.php HTTP/2" 404 796 "-" "meta-externalagent/1.1 (+https://developers.facebook.com/docs/sharing/webmasters/crawler)"
57.141.4.1 - - [30/Aug/2025:01:14:24 +0530] "GET /shopdetail/10019417/Tig-filler-wires.pdf HTTP/2" 404 796 "-" "meta-externalagent/1.1 (+https://developers.facebook.com/docs/sharing/webmasters/crawler)"
66.249.66.36 - - [30/Aug/2025:01:16:11 +0530] "GET /shopdetail/25238340/ HTTP/1.1" 404 796 "-" "Mozilla/5.0 (Linux; Android 6.0.1; Nexus 5X Build/MMB29P) AppleWebKit/537.36 (KHTML, like Gecko) Chrome/138.0.7204.183 Mobile Safari/537.36 (compatible; Googlebot/2.1; +http://www.google.com/bot.html)"
66.249.66.34 - - [30/Aug/2025:01:16:23 +0530] "GET /shopdetail/4334384/ HTTP/1.1" 404 796 "-" "Mozilla/5.0 (Linux; Android 6.0.1; Nexus 5X Build/MMB29P) AppleWebKit/537.36 (KHTML, like Gecko) Chrome/138.0.7204.183 Mobile Safari/537.36 (compatible; Googlebot/2.1; +http://www.google.com/bot.html)"
66.249.66.35 - - [30/Aug/2025:01:17:30 +0530] "GET /shopdetail/20957806/ HTTP/1.1" 404 796 "-" "Mozilla/5.0 (Linux; Android 6.0.1; Nexus 5X Build/MMB29P) AppleWebKit/537.36 (KHTML, like Gecko) Chrome/138.0.7204.183 Mobile Safari/537.36 (compatible; Googlebot/2.1; +http://www.google.com/bot.html)"
57.141.4.16 - - [30/Aug/2025:01:18:24 +0530] "GET /shopdetail/2916662/CONSUMABLES-RANUSH.pdf HTTP/2" 404 796 "-" "meta-externalagent/1.1 (+https://developers.facebook.com/docs/sharing/webmasters/crawler)"
57.141.4.11 - - [30/Aug/2025:01:18:27 +0530] "GET /shopdetail/6412351/Steel-and-Dissimilar-Steel-Joining-Alloys.pdf HTTP/2" 404 796 "-" "meta-externalagent/1.1 (+https://developers.facebook.com/docs/sharing/webmasters/crawler)"
57.141.4.20 - - [30/Aug/2025:01:18:27 +0530] "GET /shopdetail/22896028/NON-FERROUS-ALLOY.pdf HTTP/2" 404 796 "-" "meta-externalagent/1.1 (+https://developers.facebook.com/docs/sharing/webmasters/crawler)"
104.210.140.143 - - [30/Aug/2025:01:18:40 +0530] "GET /robots.txt HTTP/2" 404 796 "-" "Mozilla/5.0 (Macintosh; Intel Mac OS X 10_15_7) AppleWebKit/537.36 (KHTML, like Gecko) Chrome/131.0.0.0 Safari/537.36; compatible; OAI-SearchBot/1.0; +https://openai.com/searchbot"
57.141.4.25 - - [30/Aug/2025:01:22:25 +0530] "GET /shopdetail/27960440/CUTTING-AND-GOUGING.pdf HTTP/2" 404 796 "-" "meta-externalagent/1.1 (+https://developers.facebook.com/docs/sharing/webmasters/crawler)"
57.141.4.14 - - [30/Aug/2025:01:26:25 +0530] "GET /shopdetail/4085862/ HTTP/2" 404 796 "-" "meta-externalagent/1.1 (+https://developers.facebook.com/docs/sharing/webmasters/crawler)"
57.141.4.3 - - [30/Aug/2025:01:14:24 +0530] "GET /shopdetail/4798206/welding.php HTTP/2" 404 796 "-" "meta-externalagent/1.1 (+https://developers.facebook.com/docs/sharing/webmasters/crawler)"
57.141.4.27 - - [30/Aug/2025:01:14:26 +0530] "GET /shopdetail/13253528/Flux-cored-wires.pdf HTTP/2" 404 796 "-" "meta-externalagent/1.1 (+https://developers.facebook.com/docs/sharing/webmasters/crawler)"
66.249.66.34 - - [30/Aug/2025:01:15:47 +0530] "GET /shopdetail/7994140/ HTTP/1.1" 404 796 "-" "Mozilla/5.0 (Linux; Android 6.0.1; Nexus 5X Build/MMB29P) AppleWebKit/537.36 (KHTML, like Gecko) Chrome/138.0.7204.183 Mobile Safari/537.36 (compatible; Googlebot/2.1; +http://www.google.com/bot.html)"
57.141.4.28 - - [30/Aug/2025:01:18:24 +0530] "GET /shopdetail/21714473/TUBULAR-ELECTRODES.pdf HTTP/2" 404 796 "-" "meta-externalagent/1.1 (+https://developers.facebook.com/docs/sharing/webmasters/crawler)"
57.141.4.29 - - [30/Aug/2025:01:22:24 +0530] "GET /shopdetail/29722606/CAST-IRON.pdf HTTP/2" 404 796 "-" "meta-externalagent/1.1 (+https://developers.facebook.com/docs/sharing/webmasters/crawler)"
57.141.4.14 - - [30/Aug/2025:01:22:26 +0530] "GET /shopdetail/24794551/Flux-cored-wires.pdf HTTP/2" 404 796 "-" "meta-externalagent/1.1 (+https://developers.facebook.com/docs/sharing/webmasters/crawler)"
57.141.4.8 - - [30/Aug/2025:01:22:27 +0530] "GET /shopdetail/30283228/Tig-filler-wires.pdf HTTP/2" 404 796 "-" "meta-externalagent/1.1 (+https://developers.facebook.com/docs/sharing/webmasters/crawler)"
57.141.4.17 - - [30/Aug/2025:01:26:25 +0530] "GET /shopdetail/22847617/WEAR-PLATES.pdf HTTP/2" 404 796 "-" "meta-externalagent/1.1 (+https://developers.facebook.com/docs/sharing/webmasters/crawler)"
57.141.4.4 - - [30/Aug/2025:01:26:27 +0530] "GET /shopdetail/21465139/Steel-and-Dissimilar-Steel-Joining-Alloys.pdf HTTP/2" 404 796 "-" "meta-externalagent/1.1 (+https://developers.facebook.com/docs/sharing/webmasters/crawler)"
147.135.212.200 - - [30/Aug/2025:01:28:59 +0530] "GET /robots.txt HTTP/1.1" 404 796 "-" "Mozilla/5.0 (compatible; MJ12bot/v1.4.8; http://mj12bot.com/)"
147.135.212.200 - - [30/Aug/2025:01:29:01 +0530] "GET /?shopdetail/18702851/ HTTP/1.1" 200 4729 "-" "Mozilla/5.0 (compatible; MJ12bot/v1.4.8; http://mj12bot.com/)"
57.141.4.24 - - [30/Aug/2025:01:30:24 +0530] "GET /shopdetail/19368739/Flux-cored-wires.pdf HTTP/2" 404 796 "-" "meta-externalagent/1.1 (+https://developers.facebook.com/docs/sharing/webmasters/crawler)"
165.165.119.183 - - [30/Aug/2025:01:31:19 +0530] "GET /shopdetail/21610440/ HTTP/1.1" 404 796 "-" "Mozilla/5.0 (Windows NT 5.1) AppleWebKit/537.36 (KHTML, like Gecko) Chrome/35.0.2117.157 Safari/537.36"
57.141.4.20 - - [30/Aug/2025:01:34:25 +0530] "GET /shopdetail/9134362/ HTTP/2" 404 796 "-" "meta-externalagent/1.1 (+https://developers.facebook.com/docs/sharing/webmasters/crawler)"
57.141.4.27 - - [30/Aug/2025:01:34:25 +0530] "GET /shopdetail/20211817/Flux-cored-wires.pdf HTTP/2" 404 796 "-" "meta-externalagent/1.1 (+https://developers.facebook.com/docs/sharing/webmasters/crawler)"
157.55.39.223 - - [30/Aug/2025:01:37:11 +0530] "GET /robots.txt HTTP/2" 404 796 "-" "Mozilla/5.0 AppleWebKit/537.36 (KHTML, like Gecko; compatible; bingbot/2.0; +http://www.bing.com/bingbot.htm) Chrome/116.0.1938.76 Safari/537.36"
57.141.4.11 - - [30/Aug/2025:01:38:24 +0530] "GET /shopdetail/13917706/Flux-cored-wires.pdf HTTP/2" 404 796 "-" "meta-externalagent/1.1 (+https://developers.facebook.com/docs/sharing/webmasters/crawler)"
57.141.4.27 - - [30/Aug/2025:01:38:25 +0530] "GET /shopdetail/8163473/Tig-filler-wires.pdf HTTP/2" 404 796 "-" "meta-externalagent/1.1 (+https://developers.facebook.com/docs/sharing/webmasters/crawler)"
57.141.4.10 - - [30/Aug/2025:01:42:27 +0530] "GET /shopdetail/3208184/CAST-IRON.pdf HTTP/2" 404 796 "-" "meta-externalagent/1.1 (+https://developers.facebook.com/docs/sharing/webmasters/crawler)"
66.249.66.34 - - [30/Aug/2025:01:43:21 +0530] "GET /shopdetail/13571984/ HTTP/1.1" 404 796 "-" "Mozilla/5.0 (Linux; Android 6.0.1; Nexus 5X Build/MMB29P) AppleWebKit/537.36 (KHTML, like Gecko) Chrome/138.0.7204.183 Mobile Safari/537.36 (compatible; Googlebot/2.1; +http://www.google.com/bot.html)"
57.141.4.7 - - [30/Aug/2025:01:30:25 +0530] "GET /shopdetail/14677740/Gas-brazing-alloys.pdf HTTP/2" 404 796 "-" "meta-externalagent/1.1 (+https://developers.facebook.com/docs/sharing/webmasters/crawler)"
57.141.4.21 - - [30/Aug/2025:01:30:27 +0530] "GET /shopdetail/16034528/Gas-brazing-alloys.pdf HTTP/2" 404 796 "-" "meta-externalagent/1.1 (+https://developers.facebook.com/docs/sharing/webmasters/crawler)"
66.249.66.35 - - [30/Aug/2025:01:31:38 +0530] "GET /shopdetail/21173828/ HTTP/1.1" 404 796 "-" "Mozilla/5.0 (Linux; Android 6.0.1; Nexus 5X Build/MMB29P) AppleWebKit/537.36 (KHTML, like Gecko) Chrome/138.0.7204.183 Mobile Safari/537.36 (compatible; Googlebot/2.1; +http://www.google.com/bot.html)"
57.141.4.1 - - [30/Aug/2025:01:34:26 +0530] "GET /shopdetail/5776162/Gas-brazing-alloys.pdf HTTP/2" 404 796 "-" "meta-externalagent/1.1 (+https://developers.facebook.com/docs/sharing/webmasters/crawler)"
52.167.144.160 - - [30/Aug/2025:01:37:16 +0530] "GET /Steel-and-Dissimilar-Steel-Joining-Alloys.pdf HTTP/2" 200 28066 "-" "Mozilla/5.0 AppleWebKit/537.36 (KHTML, like Gecko; compatible; bingbot/2.0; +http://www.bing.com/bingbot.htm) Chrome/116.0.1938.76 Safari/537.36"
66.249.66.34 - - [30/Aug/2025:01:37:28 +0530] "GET /%E6%B5%B7%E5%A4%96%E6%9C%80%E6%96%B0%20%E5%B0%91%E5%B9%B4%E5%87%BA%E7%89%88%E7%A4%BE%201992%E5%B9%B4%205%E6%9C%88%E5%8F%B7%E5%A2%97%E5%88%8A%20%E3%82%B9%E3%83%BC%E3%83%91%E3%83%BC%E5%86%99%E7%9C%9F%E5%A1%BE%20%E3%82%A6%E3%83%AB%E3%83%88%E3%83%A9%E3%83%A1%E3%82%AC HTTP/1.1" 404 796 "-" "Mozilla/5.0 (Linux; Android 6.0.1; Nexus 5X Build/MMB29P) AppleWebKit/537.36 (KHTML, like Gecko) Chrome/138.0.7204.183 Mobile Safari/537.36 (compatible; Googlebot/2.1; +http://www.google.com/bot.html)"
57.141.4.3 - - [30/Aug/2025:01:38:26 +0530] "GET /shopdetail/19949784/ HTTP/2" 404 796 "-" "meta-externalagent/1.1 (+https://developers.facebook.com/docs/sharing/webmasters/crawler)"
57.141.4.30 - - [30/Aug/2025:01:38:27 +0530] "GET /shopdetail/3930962/EQUIPMENTS.pdf HTTP/2" 404 796 "-" "meta-externalagent/1.1 (+https://developers.facebook.com/docs/sharing/webmasters/crawler)"
57.141.4.30 - - [30/Aug/2025:01:42:25 +0530] "GET /shopdetail/20109539/EQUIPMENTS.pdf HTTP/2" 404 796 "-" "meta-externalagent/1.1 (+https://developers.facebook.com/docs/sharing/webmasters/crawler)"
57.141.4.11 - - [30/Aug/2025:01:42:25 +0530] "GET /shopdetail/3307017/Steel-and-Dissimilar-Steel-Joining-Alloys.pdf HTTP/2" 404 796 "-" "meta-externalagent/1.1 (+https://developers.facebook.com/docs/sharing/webmasters/crawler)"
57.141.4.29 - - [30/Aug/2025:01:42:27 +0530] "GET /shopdetail/25382706/CAST-IRON.pdf HTTP/2" 404 796 "-" "meta-externalagent/1.1 (+https://developers.facebook.com/docs/sharing/webmasters/crawler)"
57.141.4.24 - - [30/Aug/2025:01:46:24 +0530] "GET /shopdetail/13464873/CAST-IRON.pdf HTTP/2" 404 796 "-" "meta-externalagent/1.1 (+https://developers.facebook.com/docs/sharing/webmasters/crawler)"
66.249.66.34 - - [30/Aug/2025:01:46:53 +0530] "GET /shopdetail/8473417/ HTTP/1.1" 404 796 "-" "Mozilla/5.0 (Linux; Android 6.0.1; Nexus 5X Build/MMB29P) AppleWebKit/537.36 (KHTML, like Gecko) Chrome/138.0.7204.183 Mobile Safari/537.36 (compatible; Googlebot/2.1; +http://www.google.com/bot.html)"
66.249.92.35 - - [30/Aug/2025:01:49:48 +0530] "GET /shopdetail/20686428/ HTTP/1.1" 404 796 "-" "Mozilla/5.0 (X11; Linux x86_64) AppleWebKit/537.36 (KHTML, like Gecko) Chrome/139.0.7258.127 Safari/537.36"
57.141.4.9 - - [30/Aug/2025:01:50:24 +0530] "GET /shopdetail/5286873/TUBULAR-ELECTRODES.pdf HTTP/2" 404 796 "-" "meta-externalagent/1.1 (+https://developers.facebook.com/docs/sharing/webmasters/crawler)"
57.141.4.30 - - [30/Aug/2025:01:50:24 +0530] "GET /shopdetail/19385984/ HTTP/2" 404 796 "-" "meta-externalagent/1.1 (+https://developers.facebook.com/docs/sharing/webmasters/crawler)"
57.141.4.3 - - [30/Aug/2025:01:54:25 +0530] "GET /shopdetail/8268217/CUTTING-AND-GOUGING.pdf HTTP/2" 404 796 "-" "meta-externalagent/1.1 (+https://developers.facebook.com/docs/sharing/webmasters/crawler)"
66.249.66.36 - - [30/Aug/2025:01:54:49 +0530] "GET /shopdetail/5759473/ HTTP/1.1" 404 796 "-" "Mozilla/5.0 (Linux; Android 6.0.1; Nexus 5X Build/MMB29P) AppleWebKit/537.36 (KHTML, like Gecko) Chrome/138.0.7204.183 Mobile Safari/537.36 (compatible; Googlebot/2.1; +http://www.google.com/bot.html)"
66.249.66.35 - - [30/Aug/2025:01:55:31 +0530] "GET /shopdetail/2969051/ HTTP/1.1" 404 796 "-" "Mozilla/5.0 (Linux; Android 6.0.1; Nexus 5X Build/MMB29P) AppleWebKit/537.36 (KHTML, like Gecko) Chrome/138.0.7204.183 Mobile Safari/537.36 (compatible; Googlebot/2.1; +http://www.google.com/bot.html)"
57.141.4.23 - - [30/Aug/2025:01:58:24 +0530] "GET /shopdetail/22128251/Steel-and-Dissimilar-Steel-Joining-Alloys.pdf HTTP/2" 404 796 "-" "meta-externalagent/1.1 (+https://developers.facebook.com/docs/sharing/webmasters/crawler)"
57.141.4.5 - - [30/Aug/2025:01:58:26 +0530] "GET /shopdetail/27829795/Tig-filler-wires.pdf HTTP/2" 404 796 "-" "meta-externalagent/1.1 (+https://developers.facebook.com/docs/sharing/webmasters/crawler)"
47.238.13.8 - - [30/Aug/2025:01:59:01 +0530] "GET /sitemap718.xml HTTP/2" 404 796 "-" "Mozilla/5.0 (Macintosh; Intel Mac OS X 10_15_7) AppleWebKit/537.36 (KHTML, like Gecko) Chrome/109.0.0.0 Safari/537.36"
24.216.151.63 - - [30/Aug/2025:01:44:30 +0530] "GET /shopdetail/645740/plasmacutting.php HTTP/1.1" 404 796 "-" "Mozilla/5.0 (Macintosh; Intel Mac OS X 10_15_1) AppleWebKit/537.36 (KHTML, like Gecko) Chrome/80.0.3987.122 Safari/537.36"
186.233.129.7 - - [30/Aug/2025:01:45:12 +0530] "GET /shopdetail/645740/contact.php HTTP/1.1" 404 796 "-" "Mozilla/5.0 (Windows NT 10.0; Win64; x64) AppleWebKit/537.36 (KHTML, like Gecko) Chrome/81.0.4044.138 Safari/537.36"
66.249.66.35 - - [30/Aug/2025:01:45:42 +0530] "GET /shopdetail/20388951/ HTTP/1.1" 404 796 "-" "Mozilla/5.0 (Linux; Android 6.0.1; Nexus 5X Build/MMB29P) AppleWebKit/537.36 (KHTML, like Gecko) Chrome/138.0.7204.183 Mobile Safari/537.36 (compatible; Googlebot/2.1; +http://www.google.com/bot.html)"
66.249.66.35 - - [30/Aug/2025:01:45:42 +0530] "GET /shopdetail/24209639/ HTTP/1.1" 404 796 "-" "Mozilla/5.0 (Linux; Android 6.0.1; Nexus 5X Build/MMB29P) AppleWebKit/537.36 (KHTML, like Gecko) Chrome/138.0.7204.183 Mobile Safari/537.36 (compatible; Googlebot/2.1; +http://www.google.com/bot.html)"
57.141.4.24 - - [30/Aug/2025:01:46:25 +0530] "GET /shopdetail/8922617/ HTTP/2" 404 796 "-" "meta-externalagent/1.1 (+https://developers.facebook.com/docs/sharing/webmasters/crawler)"
57.141.4.19 - - [30/Aug/2025:01:46:27 +0530] "GET /shopdetail/6701528/CAST-IRON.pdf HTTP/2" 404 796 "-" "meta-externalagent/1.1 (+https://developers.facebook.com/docs/sharing/webmasters/crawler)"
57.141.4.20 - - [30/Aug/2025:01:46:27 +0530] "GET /shopdetail/14996951/CAST-IRON.pdf HTTP/2" 404 796 "-" "meta-externalagent/1.1 (+https://developers.facebook.com/docs/sharing/webmasters/crawler)"
191.99.56.42 - - [30/Aug/2025:01:49:28 +0530] "GET /shopdetail/20988051/ HTTP/1.1" 404 796 "-" "Mozilla/5.0 (Windows NT 6.3; Win64; x64) AppleWebKit/537.36 (KHTML, like Gecko) Chrome/96.0.4664.45 Safari/537.36"
57.141.4.24 - - [30/Aug/2025:01:50:27 +0530] "GET /shopdetail/19737817/Tig-filler-wires.pdf HTTP/2" 404 796 "-" "meta-externalagent/1.1 (+https://developers.facebook.com/docs/sharing/webmasters/crawler)"
57.141.4.9 - - [30/Aug/2025:01:54:25 +0530] "GET /shopdetail/10417339/NON-FERROUS-ALLOY.pdf HTTP/2" 404 796 "-" "meta-externalagent/1.1 (+https://developers.facebook.com/docs/sharing/webmasters/crawler)"
57.141.4.3 - - [30/Aug/2025:01:54:27 +0530] "GET /shopdetail/13890640/Flux-cored-wires.pdf HTTP/2" 404 796 "-" "meta-externalagent/1.1 (+https://developers.facebook.com/docs/sharing/webmasters/crawler)"
110.249.202.174 - - [30/Aug/2025:01:57:21 +0530] "GET /robots.txt HTTP/1.1" 404 796 "-" "Mozilla/5.0 (Linux; Android 5.0) AppleWebKit/537.36 (KHTML, like Gecko) Mobile Safari/537.36 (compatible; Bytespider; https://zhanzhang.toutiao.com/)"
57.141.4.1 - - [30/Aug/2025:01:58:24 +0530] "GET /shopdetail/21516640/gallery.php HTTP/2" 404 796 "-" "meta-externalagent/1.1 (+https://developers.facebook.com/docs/sharing/webmasters/crawler)"
57.141.4.25 - - [30/Aug/2025:01:58:27 +0530] "GET /shopdetail/5372384/Steel-and-Dissimilar-Steel-Joining-Alloys.pdf HTTP/2" 404 796 "-" "meta-externalagent/1.1 (+https://developers.facebook.com/docs/sharing/webmasters/crawler)"
57.141.4.18 - - [30/Aug/2025:02:02:25 +0530] "GET /shopdetail/20863039/Flux-cored-wires.pdf HTTP/2" 404 796 "-" "meta-externalagent/1.1 (+https://developers.facebook.com/docs/sharing/webmasters/crawler)"
57.141.4.14 - - [30/Aug/2025:02:02:25 +0530] "GET /shopdetail/11259439/CAST-IRON.pdf HTTP/2" 404 796 "-" "meta-externalagent/1.1 (+https://developers.facebook.com/docs/sharing/webmasters/crawler)"
57.141.4.5 - - [30/Aug/2025:02:02:26 +0530] "GET /shopdetail/19889284/EQUIPMENTS.pdf HTTP/2" 404 796 "-" "meta-externalagent/1.1 (+https://developers.facebook.com/docs/sharing/webmasters/crawler)"
57.141.4.4 - - [30/Aug/2025:02:06:24 +0530] "GET /shopdetail/3481039/Flux-cored-wires.pdf HTTP/2" 404 796 "-" "meta-externalagent/1.1 (+https://developers.facebook.com/docs/sharing/webmasters/crawler)"
57.141.4.22 - - [30/Aug/2025:02:06:26 +0530] "GET /shopdetail/27929739/WEAR-PLATES.pdf HTTP/2" 404 796 "-" "meta-externalagent/1.1 (+https://developers.facebook.com/docs/sharing/webmasters/crawler)"
57.141.4.19 - - [30/Aug/2025:02:06:27 +0530] "GET /shopdetail/7125128/Flux-cored-wires.pdf HTTP/2" 404 796 "-" "meta-externalagent/1.1 (+https://developers.facebook.com/docs/sharing/webmasters/crawler)"
57.141.4.2 - - [30/Aug/2025:02:02:26 +0530] "GET /shopdetail/22313984/welding.php HTTP/2" 404 796 "-" "meta-externalagent/1.1 (+https://developers.facebook.com/docs/sharing/webmasters/crawler)"
66.249.66.36 - - [30/Aug/2025:02:03:24 +0530] "GET /shopdetail/4608428/ HTTP/1.1" 404 796 "-" "Mozilla/5.0 (Linux; Android 6.0.1; Nexus 5X Build/MMB29P) AppleWebKit/537.36 (KHTML, like Gecko) Chrome/138.0.7204.183 Mobile Safari/537.36 (compatible; Googlebot/2.1; +http://www.google.com/bot.html)"
103.180.72.89 - - [30/Aug/2025:02:04:29 +0530] "GET /shopdetail/19010939/gallery.php HTTP/1.1" 404 796 "-" "Mozilla/5.0 (Macintosh; Intel Mac OS X 10_7_3) AppleWebKit/537.36 (KHTML, like Gecko, Mediapartners-Google) Chrome/88.0.4324.175 Safari/537.36"
66.249.92.35 - - [30/Aug/2025:02:05:38 +0530] "GET /shopdetail/20686428/ HTTP/1.1" 404 796 "-" "Mozilla/5.0 (X11; Linux x86_64) AppleWebKit/537.36 (KHTML, like Gecko) Chrome/139.0.7258.127 Safari/537.36"
57.141.4.17 - - [30/Aug/2025:02:06:24 +0530] "GET /shopdetail/12731984/NON-FERROUS-ALLOY.pdf HTTP/2" 404 796 "-" "meta-externalagent/1.1 (+https://developers.facebook.com/docs/sharing/webmasters/crawler)"
66.249.66.34 - - [30/Aug/2025:02:08:21 +0530] "GET /shopdetail/20800439/ HTTP/1.1" 404 796 "-" "Mozilla/5.0 (Linux; Android 6.0.1; Nexus 5X Build/MMB29P) AppleWebKit/537.36 (KHTML, like Gecko) Chrome/138.0.7204.183 Mobile Safari/537.36 (compatible; Googlebot/2.1; +http://www.google.com/bot.html)"
57.141.4.9 - - [30/Aug/2025:02:10:25 +0530] "GET /shopdetail/623517/CAST-IRON.pdf HTTP/2" 404 796 "-" "meta-externalagent/1.1 (+https://developers.facebook.com/docs/sharing/webmasters/crawler)"
57.141.4.28 - - [30/Aug/2025:02:10:26 +0530] "GET /shopdetail/24381251/TUBULAR-ELECTRODES.pdf HTTP/2" 404 796 "-" "meta-externalagent/1.1 (+https://developers.facebook.com/docs/sharing/webmasters/crawler)"
170.83.224.220 - - [30/Aug/2025:02:11:41 +0530] "GET /shopdetail/645740/gallerycategory.php HTTP/1.1" 404 796 "-" "Mozilla/5.0 (Windows NT 10.0; WOW64) AppleWebKit/537.36 (KHTML, like Gecko) Chrome/94.0.4606.81 Safari/537.36"
57.141.4.26 - - [30/Aug/2025:02:14:24 +0530] "GET /shopdetail/20660706/Flux-cored-wires.pdf HTTP/2" 404 796 "-" "meta-externalagent/1.1 (+https://developers.facebook.com/docs/sharing/webmasters/crawler)"
57.141.4.2 - - [30/Aug/2025:02:14:26 +0530] "GET /shopdetail/6002784/Flux-cored-wires.pdf HTTP/2" 404 796 "-" "meta-externalagent/1.1 (+https://developers.facebook.com/docs/sharing/webmasters/crawler)"
57.141.4.13 - - [30/Aug/2025:02:10:24 +0530] "GET /shopdetail/4822940/Tig-filler-wires.pdf HTTP/2" 404 796 "-" "meta-externalagent/1.1 (+https://developers.facebook.com/docs/sharing/webmasters/crawler)"
66.249.66.34 - - [30/Aug/2025:02:11:52 +0530] "GET /shopdetail/14466562/ HTTP/1.1" 404 796 "-" "Mozilla/5.0 (Linux; Android 6.0.1; Nexus 5X Build/MMB29P) AppleWebKit/537.36 (KHTML, like Gecko) Chrome/138.0.7204.183 Mobile Safari/537.36 (compatible; Googlebot/2.1; +http://www.google.com/bot.html)"
57.141.4.24 - - [30/Aug/2025:02:14:24 +0530] "GET /shopdetail/14396751/ESAB-Low-Heat-Hardfacing-alloys.pdf HTTP/2" 404 796 "-" "meta-externalagent/1.1 (+https://developers.facebook.com/docs/sharing/webmasters/crawler)"
57.141.4.12 - - [30/Aug/2025:02:18:25 +0530] "GET /shopdetail/9396939/ESAB-Low-Heat-Hardfacing-alloys.pdf HTTP/2" 404 796 "-" "meta-externalagent/1.1 (+https://developers.facebook.com/docs/sharing/webmasters/crawler)"
57.141.4.30 - - [30/Aug/2025:02:18:25 +0530] "GET /shopdetail/28035995/Tig-filler-wires.pdf HTTP/2" 404 796 "-" "meta-externalagent/1.1 (+https://developers.facebook.com/docs/sharing/webmasters/crawler)"
57.141.4.12 - - [30/Aug/2025:02:18:26 +0530] "GET /shopdetail/29680217/ HTTP/2" 404 796 "-" "meta-externalagent/1.1 (+https://developers.facebook.com/docs/sharing/webmasters/crawler)"
57.141.4.8 - - [30/Aug/2025:02:22:25 +0530] "GET /shopdetail/860695/CUTTING-AND-GOUGING.pdf HTTP/2" 404 796 "-" "meta-externalagent/1.1 (+https://developers.facebook.com/docs/sharing/webmasters/crawler)"
57.141.4.24 - - [30/Aug/2025:02:22:27 +0530] "GET /shopdetail/21154140/Hot-metal-spray-powders.pdf HTTP/2" 404 796 "-" "meta-externalagent/1.1 (+https://developers.facebook.com/docs/sharing/webmasters/crawler)"
66.249.66.34 - - [30/Aug/2025:02:24:20 +0530] "GET /shopdetail/19801573/ HTTP/1.1" 404 796 "-" "Mozilla/5.0 (Linux; Android 6.0.1; Nexus 5X Build/MMB29P) AppleWebKit/537.36 (KHTML, like Gecko) Chrome/138.0.7204.183 Mobile Safari/537.36 (compatible; Googlebot/2.1; +http://www.google.com/bot.html)"
57.141.4.19 - - [30/Aug/2025:02:26:25 +0530] "GET /shopdetail/19436295/Steel-and-Dissimilar-Steel-Joining-Alloys.pdf HTTP/2" 404 796 "-" "meta-externalagent/1.1 (+https://developers.facebook.com/docs/sharing/webmasters/crawler)"
57.141.4.9 - - [30/Aug/2025:02:26:25 +0530] "GET /shopdetail/24383162/WEAR-PLATES.pdf HTTP/2" 404 796 "-" "meta-externalagent/1.1 (+https://developers.facebook.com/docs/sharing/webmasters/crawler)"
57.141.4.29 - - [30/Aug/2025:02:26:27 +0530] "GET /shopdetail/29303284/Tig-filler-wires.pdf HTTP/2" 404 796 "-" "meta-externalagent/1.1 (+https://developers.facebook.com/docs/sharing/webmasters/crawler)"
104.210.140.132 - - [30/Aug/2025:02:27:30 +0530] "GET /robots.txt HTTP/2" 404 796 "-" "Mozilla/5.0 (Macintosh; Intel Mac OS X 10_15_7) AppleWebKit/537.36 (KHTML, like Gecko) Chrome/131.0.0.0 Safari/537.36; compatible; OAI-SearchBot/1.0; +https://openai.com/searchbot"
66.249.66.35 - - [30/Aug/2025:02:29:50 +0530] "GET /shopdetail/24714128/ HTTP/1.1" 404 796 "-" "Mozilla/5.0 (Linux; Android 6.0.1; Nexus 5X Build/MMB29P) AppleWebKit/537.36 (KHTML, like Gecko) Chrome/138.0.7204.183 Mobile Safari/537.36 (compatible; Googlebot/2.1; +http://www.google.com/bot.html)"
57.141.4.28 - - [30/Aug/2025:02:30:24 +0530] "GET /shopdetail/26005373/ HTTP/2" 404 796 "-" "meta-externalagent/1.1 (+https://developers.facebook.com/docs/sharing/webmasters/crawler)"
57.141.4.1 - - [30/Aug/2025:02:30:24 +0530] "GET /shopdetail/17361984/CUTTING-AND-GOUGING.pdf HTTP/2" 404 796 "-" "meta-externalagent/1.1 (+https://developers.facebook.com/docs/sharing/webmasters/crawler)"
66.249.66.34 - - [30/Aug/2025:02:32:09 +0530] "GET /shopdetail/17913184/ HTTP/1.1" 404 796 "-" "Mozilla/5.0 (Linux; Android 6.0.1; Nexus 5X Build/MMB29P) AppleWebKit/537.36 (KHTML, like Gecko) Chrome/138.0.7204.183 Mobile Safari/537.36 (compatible; Googlebot/2.1; +http://www.google.com/bot.html)"
57.141.4.11 - - [30/Aug/2025:02:34:25 +0530] "GET /shopdetail/13375873/Gas-brazing-alloys.pdf HTTP/2" 404 796 "-" "meta-externalagent/1.1 (+https://developers.facebook.com/docs/sharing/webmasters/crawler)"
57.141.4.28 - - [30/Aug/2025:02:18:27 +0530] "GET /shopdetail/9007062/CONSUMABLES-RANUSH.pdf HTTP/2" 404 796 "-" "meta-externalagent/1.1 (+https://developers.facebook.com/docs/sharing/webmasters/crawler)"
66.249.66.35 - - [30/Aug/2025:02:19:16 +0530] "GET /shopdetail/5166540/ HTTP/1.1" 404 796 "-" "Mozilla/5.0 (Linux; Android 6.0.1; Nexus 5X Build/MMB29P) AppleWebKit/537.36 (KHTML, like Gecko) Chrome/138.0.7204.183 Mobile Safari/537.36 (compatible; Googlebot/2.1; +http://www.google.com/bot.html)"
66.249.66.34 - - [30/Aug/2025:02:20:24 +0530] "GET /shopdetail/16234339/ HTTP/1.1" 404 796 "-" "Mozilla/5.0 (Linux; Android 6.0.1; Nexus 5X Build/MMB29P) AppleWebKit/537.36 (KHTML, like Gecko) Chrome/138.0.7204.183 Mobile Safari/537.36 (compatible; Googlebot/2.1; +http://www.google.com/bot.html)"
57.141.4.29 - - [30/Aug/2025:02:22:24 +0530] "GET /shopdetail/2957240/Hot-metal-spray-powders.pdf HTTP/2" 404 796 "-" "meta-externalagent/1.1 (+https://developers.facebook.com/docs/sharing/webmasters/crawler)"
57.141.4.19 - - [30/Aug/2025:02:22:26 +0530] "GET /shopdetail/17688540/about.php HTTP/2" 404 796 "-" "meta-externalagent/1.1 (+https://developers.facebook.com/docs/sharing/webmasters/crawler)"
57.141.4.17 - - [30/Aug/2025:02:26:26 +0530] "GET /shopdetail/18826495/NON-FERROUS-ALLOY.pdf HTTP/2" 404 796 "-" "meta-externalagent/1.1 (+https://developers.facebook.com/docs/sharing/webmasters/crawler)"
57.141.4.7 - - [30/Aug/2025:02:30:27 +0530] "GET /shopdetail/16344306/WEAR-PLATES.pdf HTTP/2" 404 796 "-" "meta-externalagent/1.1 (+https://developers.facebook.com/docs/sharing/webmasters/crawler)"
66.249.66.35 - - [30/Aug/2025:02:32:49 +0530] "GET /shopdetail/19653462/ HTTP/1.1" 404 796 "-" "Mozilla/5.0 (Linux; Android 6.0.1; Nexus 5X Build/MMB29P) AppleWebKit/537.36 (KHTML, like Gecko) Chrome/138.0.7204.183 Mobile Safari/537.36 (compatible; Googlebot/2.1; +http://www.google.com/bot.html)"
57.141.4.24 - - [30/Aug/2025:02:34:25 +0530] "GET /shopdetail/28759728/ HTTP/2" 404 796 "-" "meta-externalagent/1.1 (+https://developers.facebook.com/docs/sharing/webmasters/crawler)"
57.141.4.18 - - [30/Aug/2025:02:34:27 +0530] "GET /shopdetail/28987351/NON-FERROUS-ALLOY.pdf HTTP/2" 404 796 "-" "meta-externalagent/1.1 (+https://developers.facebook.com/docs/sharing/webmasters/crawler)"
57.141.4.26 - - [30/Aug/2025:02:38:25 +0530] "GET /shopdetail/19847795/CUTTING-AND-GOUGING.pdf HTTP/2" 404 796 "-" "meta-externalagent/1.1 (+https://developers.facebook.com/docs/sharing/webmasters/crawler)"
57.141.4.6 - - [30/Aug/2025:02:38:25 +0530] "GET /shopdetail/28763039/Flux-cored-wires.pdf HTTP/2" 404 796 "-" "meta-externalagent/1.1 (+https://developers.facebook.com/docs/sharing/webmasters/crawler)"
57.141.4.25 - - [30/Aug/2025:02:38:27 +0530] "GET /shopdetail/25867373/Gas-brazing-alloys.pdf HTTP/2" 404 796 "-" "meta-externalagent/1.1 (+https://developers.facebook.com/docs/sharing/webmasters/crawler)"
66.249.66.35 - - [30/Aug/2025:02:41:12 +0530] "GET /shopdetail/10656028/ HTTP/1.1" 404 796 "-" "Mozilla/5.0 (Linux; Android 6.0.1; Nexus 5X Build/MMB29P) AppleWebKit/537.36 (KHTML, like Gecko) Chrome/138.0.7204.183 Mobile Safari/537.36 (compatible; Googlebot/2.1; +http://www.google.com/bot.html)"
57.141.4.18 - - [30/Aug/2025:02:42:25 +0530] "GET /shopdetail/27989406/ HTTP/2" 404 796 "-" "meta-externalagent/1.1 (+https://developers.facebook.com/docs/sharing/webmasters/crawler)"
57.141.4.6 - - [30/Aug/2025:02:46:24 +0530] "GET /shopdetail/20628873/EQUIPMENTS.pdf HTTP/2" 404 796 "-" "meta-externalagent/1.1 (+https://developers.facebook.com/docs/sharing/webmasters/crawler)"
57.141.4.6 - - [30/Aug/2025:02:46:25 +0530] "GET /shopdetail/14149917/Tig-filler-wires.pdf HTTP/2" 404 796 "-" "meta-externalagent/1.1 (+https://developers.facebook.com/docs/sharing/webmasters/crawler)"
57.141.4.1 - - [30/Aug/2025:02:46:26 +0530] "GET /shopdetail/22628840/Tig-filler-wires.pdf HTTP/2" 404 796 "-" "meta-externalagent/1.1 (+https://developers.facebook.com/docs/sharing/webmasters/crawler)"
57.141.4.26 - - [30/Aug/2025:02:46:26 +0530] "GET /shopdetail/22545073/EQUIPMENTS.pdf HTTP/2" 404 796 "-" "meta-externalagent/1.1 (+https://developers.facebook.com/docs/sharing/webmasters/crawler)"
57.141.4.9 - - [30/Aug/2025:02:50:24 +0530] "GET /shopdetail/3131939/EQUIPMENTS.pdf HTTP/2" 404 796 "-" "meta-externalagent/1.1 (+https://developers.facebook.com/docs/sharing/webmasters/crawler)"
57.141.4.3 - - [30/Aug/2025:02:50:26 +0530] "GET /shopdetail/4098795/Hot-metal-spray-powders.pdf HTTP/2" 404 796 "-" "meta-externalagent/1.1 (+https://developers.facebook.com/docs/sharing/webmasters/crawler)"
57.141.4.6 - - [30/Aug/2025:02:38:27 +0530] "GET /shopdetail/20583895/CAST-IRON.pdf HTTP/2" 404 796 "-" "meta-externalagent/1.1 (+https://developers.facebook.com/docs/sharing/webmasters/crawler)"
47.242.200.220 - - [30/Aug/2025:02:41:50 +0530] "GET /sitemap604.xml HTTP/2" 404 796 "-" "Mozilla/5.0 (Macintosh; Intel Mac OS X 10_15_7) AppleWebKit/537.36 (KHTML, like Gecko) Chrome/109.0.0.0 Safari/537.36"
57.141.4.28 - - [30/Aug/2025:02:42:25 +0530] "GET /shopdetail/17522917/Steel-and-Dissimilar-Steel-Joining-Alloys.pdf HTTP/2" 404 796 "-" "meta-externalagent/1.1 (+https://developers.facebook.com/docs/sharing/webmasters/crawler)"
57.141.4.2 - - [30/Aug/2025:02:42:26 +0530] "GET /shopdetail/19784428/WEAR-PLATES.pdf HTTP/2" 404 796 "-" "meta-externalagent/1.1 (+https://developers.facebook.com/docs/sharing/webmasters/crawler)"
57.141.4.2 - - [30/Aug/2025:02:42:27 +0530] "GET /shopdetail/24255917/CUTTING-AND-GOUGING.pdf HTTP/2" 404 796 "-" "meta-externalagent/1.1 (+https://developers.facebook.com/docs/sharing/webmasters/crawler)"
57.141.4.8 - - [30/Aug/2025:02:50:24 +0530] "GET /shopdetail/15531384/EQUIPMENTS.pdf HTTP/2" 404 796 "-" "meta-externalagent/1.1 (+https://developers.facebook.com/docs/sharing/webmasters/crawler)"
45.7.181.200 - - [30/Aug/2025:02:50:46 +0530] "GET /admin/blog/77563085_WhatsApp%20Image%202018-07-21%20at%2017.30.20.jpeg HTTP/1.1" 200 79161 "-" "Mozilla/5.0 (Windows NT 6.3; WOW64) AppleWebKit/537.36 (KHTML, like Gecko) Chrome/92.0.4515.131 Safari/537.36"
57.141.4.10 - - [30/Aug/2025:02:54:26 +0530] "GET /shopdetail/4815784/CAST-IRON.pdf HTTP/2" 404 796 "-" "meta-externalagent/1.1 (+https://developers.facebook.com/docs/sharing/webmasters/crawler)"
57.141.4.17 - - [30/Aug/2025:02:58:24 +0530] "GET /shopdetail/29278573/EQUIPMENTS.pdf HTTP/2" 404 796 "-" "meta-externalagent/1.1 (+https://developers.facebook.com/docs/sharing/webmasters/crawler)"
57.141.4.11 - - [30/Aug/2025:02:58:26 +0530] "GET /shopdetail/29881406/WEAR-PLATES.pdf HTTP/2" 404 796 "-" "meta-externalagent/1.1 (+https://developers.facebook.com/docs/sharing/webmasters/crawler)"
57.141.4.8 - - [30/Aug/2025:03:02:25 +0530] "GET /shopdetail/3396662/WEAR-PLATES.pdf HTTP/2" 404 796 "-" "meta-externalagent/1.1 (+https://developers.facebook.com/docs/sharing/webmasters/crawler)"
57.141.4.22 - - [30/Aug/2025:03:02:25 +0530] "GET /shopdetail/11046439/plasmacutting.php HTTP/2" 404 796 "-" "meta-externalagent/1.1 (+https://developers.facebook.com/docs/sharing/webmasters/crawler)"
34.174.207.231 - - [30/Aug/2025:03:05:47 +0530] "GET /CUTTING-AND-GOUGING.pdf HTTP/1.1" 200 51645 "-" "Mozilla/5.0 (Windows NT 10.0; Win64; x64) AppleWebKit/537.36 (KHTML, like Gecko) Chrome/120.0.0.0 Safari/537.36"
34.174.207.231 - - [30/Aug/2025:03:06:33 +0530] "GET /CUTTING-AND-GOUGING.pdf HTTP/1.1" 200 51645 "-" "Mozilla/5.0 (Windows NT 10.0; Win64; x64) AppleWebKit/537.36 (KHTML, like Gecko) Chrome/120.0.0.0 Safari/537.36"
57.141.4.22 - - [30/Aug/2025:02:54:24 +0530] "GET /shopdetail/1968451/Hot-metal-spray-powders.pdf HTTP/2" 404 796 "-" "meta-externalagent/1.1 (+https://developers.facebook.com/docs/sharing/webmasters/crawler)"
57.141.4.22 - - [30/Aug/2025:02:54:24 +0530] "GET /shopdetail/22081306/CONSUMABLES-RANUSH.pdf HTTP/2" 404 796 "-" "meta-externalagent/1.1 (+https://developers.facebook.com/docs/sharing/webmasters/crawler)"
57.141.4.16 - - [30/Aug/2025:02:58:25 +0530] "GET /shopdetail/19361439/CAST-IRON.pdf HTTP/2" 404 796 "-" "meta-externalagent/1.1 (+https://developers.facebook.com/docs/sharing/webmasters/crawler)"
57.141.4.11 - - [30/Aug/2025:02:58:26 +0530] "GET /shopdetail/6453540/EQUIPMENTS.pdf HTTP/2" 404 796 "-" "meta-externalagent/1.1 (+https://developers.facebook.com/docs/sharing/webmasters/crawler)"
66.249.66.34 - - [30/Aug/2025:03:02:25 +0530] "GET /index.php/safe_search/CAST-IRON.pdf HTTP/1.1" 200 4729 "-" "Mozilla/5.0 AppleWebKit/537.36 (KHTML, like Gecko; compatible; GoogleOther) Chrome/138.0.7204.183 Safari/537.36"
57.141.4.1 - - [30/Aug/2025:03:02:27 +0530] "GET /shopdetail/4012362/Hot-metal-spray-powders.pdf HTTP/2" 404 796 "-" "meta-externalagent/1.1 (+https://developers.facebook.com/docs/sharing/webmasters/crawler)"
57.141.4.3 - - [30/Aug/2025:03:02:27 +0530] "GET /shopdetail/2798273/NON-FERROUS-ALLOY.pdf HTTP/2" 404 796 "-" "meta-externalagent/1.1 (+https://developers.facebook.com/docs/sharing/webmasters/crawler)"
57.141.4.10 - - [30/Aug/2025:03:06:25 +0530] "GET /shopdetail/20275151/ HTTP/2" 404 796 "-" "meta-externalagent/1.1 (+https://developers.facebook.com/docs/sharing/webmasters/crawler)"
57.141.4.16 - - [30/Aug/2025:03:06:25 +0530] "GET /shopdetail/23206317/CONSUMABLES-RANUSH.pdf HTTP/2" 404 796 "-" "meta-externalagent/1.1 (+https://developers.facebook.com/docs/sharing/webmasters/crawler)"
57.141.4.16 - - [30/Aug/2025:03:06:27 +0530] "GET /shopdetail/9116473/EQUIPMENTS.pdf HTTP/2" 404 796 "-" "meta-externalagent/1.1 (+https://developers.facebook.com/docs/sharing/webmasters/crawler)"
57.141.4.9 - - [30/Aug/2025:03:06:27 +0530] "GET /shopdetail/1247873/WEAR-PLATES.pdf HTTP/2" 404 796 "-" "meta-externalagent/1.1 (+https://developers.facebook.com/docs/sharing/webmasters/crawler)"
57.141.4.29 - - [30/Aug/2025:03:10:24 +0530] "GET /shopdetail/6791628/CAST-IRON.pdf HTTP/2" 404 796 "-" "meta-externalagent/1.1 (+https://developers.facebook.com/docs/sharing/webmasters/crawler)"
57.141.4.24 - - [30/Aug/2025:03:14:25 +0530] "GET /shopdetail/3540228/Flux-cored-wires.pdf HTTP/2" 404 796 "-" "meta-externalagent/1.1 (+https://developers.facebook.com/docs/sharing/webmasters/crawler)"
57.141.4.20 - - [30/Aug/2025:03:14:25 +0530] "GET /shopdetail/10042539/WEAR-PLATES.pdf HTTP/2" 404 796 "-" "meta-externalagent/1.1 (+https://developers.facebook.com/docs/sharing/webmasters/crawler)"
57.141.4.1 - - [30/Aug/2025:03:18:25 +0530] "GET /shopdetail/8461151/NON-FERROUS-ALLOY.pdf HTTP/2" 404 796 "-" "meta-externalagent/1.1 (+https://developers.facebook.com/docs/sharing/webmasters/crawler)"
57.141.4.23 - - [30/Aug/2025:03:18:26 +0530] "GET /shopdetail/11734673/ HTTP/2" 404 796 "-" "meta-externalagent/1.1 (+https://developers.facebook.com/docs/sharing/webmasters/crawler)"
57.141.4.30 - - [30/Aug/2025:03:18:27 +0530] "GET /shopdetail/10530928/TUBULAR-ELECTRODES.pdf HTTP/2" 404 796 "-" "meta-externalagent/1.1 (+https://developers.facebook.com/docs/sharing/webmasters/crawler)"
66.249.66.34 - - [30/Aug/2025:03:20:51 +0530] "GET /shopdetail/30531628/ HTTP/1.1" 404 796 "-" "Mozilla/5.0 (Linux; Android 6.0.1; Nexus 5X Build/MMB29P) AppleWebKit/537.36 (KHTML, like Gecko) Chrome/138.0.7204.183 Mobile Safari/537.36 (compatible; Googlebot/2.1; +http://www.google.com/bot.html)"
57.141.4.13 - - [30/Aug/2025:03:10:25 +0530] "GET /shopdetail/12393417/CAST-IRON.pdf HTTP/2" 404 796 "-" "meta-externalagent/1.1 (+https://developers.facebook.com/docs/sharing/webmasters/crawler)"
57.141.4.3 - - [30/Aug/2025:03:10:26 +0530] "GET /shopdetail/24165373/ESAB-Low-Heat-Hardfacing-alloys.pdf HTTP/2" 404 796 "-" "meta-externalagent/1.1 (+https://developers.facebook.com/docs/sharing/webmasters/crawler)"
57.141.4.24 - - [30/Aug/2025:03:14:27 +0530] "GET /shopdetail/5100539/EQUIPMENTS.pdf HTTP/2" 404 796 "-" "meta-externalagent/1.1 (+https://developers.facebook.com/docs/sharing/webmasters/crawler)"
57.141.4.28 - - [30/Aug/2025:03:18:24 +0530] "GET /shopdetail/28018117/CONSUMABLES-RANUSH.pdf HTTP/2" 404 796 "-" "meta-externalagent/1.1 (+https://developers.facebook.com/docs/sharing/webmasters/crawler)"
191.7.72.39 - - [30/Aug/2025:03:22:14 +0530] "GET /admin/blog/68878517_WhatsApp%20Image%202018-05-14%20at%2010.19.00.jpeg HTTP/1.1" 200 196039 "-" "Mozilla/5.0 (Windows NT 6.1; ) AppleWebKit/537.36 (KHTML, like Gecko) Chrome/83.0.4103.116 Safari/537.36 AOLShield/83.0.4103.0"
57.141.4.18 - - [30/Aug/2025:03:22:24 +0530] "GET /shopdetail/15202528/Steel-and-Dissimilar-Steel-Joining-Alloys.pdf HTTP/2" 404 796 "-" "meta-externalagent/1.1 (+https://developers.facebook.com/docs/sharing/webmasters/crawler)"
57.141.4.19 - - [30/Aug/2025:03:22:25 +0530] "GET /shopdetail/27569262/NON-FERROUS-ALLOY.pdf HTTP/2" 404 796 "-" "meta-externalagent/1.1 (+https://developers.facebook.com/docs/sharing/webmasters/crawler)"
57.141.4.11 - - [30/Aug/2025:03:22:26 +0530] "GET /shopdetail/18678517/CUTTING-AND-GOUGING.pdf HTTP/2" 404 796 "-" "meta-externalagent/1.1 (+https://developers.facebook.com/docs/sharing/webmasters/crawler)"
57.141.4.6 - - [30/Aug/2025:03:22:27 +0530] "GET /shopdetail/28603417/EQUIPMENTS.pdf HTTP/2" 404 796 "-" "meta-externalagent/1.1 (+https://developers.facebook.com/docs/sharing/webmasters/crawler)"
35.146.124.28 - - [30/Aug/2025:03:23:37 +0530] "GET /pcmypage?callback=product%2Freview%2F46397166 HTTP/1.1" 404 796 "-" "Mozilla/5.0 (Windows NT 6.1) AppleWebKit/537.36 (KHTML, like Gecko) Chrome/68.0.3440.84 Safari/537.36"
5.255.231.93 - - [30/Aug/2025:03:24:58 +0530] "GET /shopdetail/24066988 HTTP/1.1" 404 796 "-" "Mozilla/5.0 (compatible; YandexBot/3.0; +http://yandex.com/bots)"
57.141.4.23 - - [30/Aug/2025:03:26:27 +0530] "GET /shopdetail/975517/Flux-cored-wires.pdf HTTP/2" 404 796 "-" "meta-externalagent/1.1 (+https://developers.facebook.com/docs/sharing/webmasters/crawler)"
57.141.4.26 - - [30/Aug/2025:03:30:25 +0530] "GET /shopdetail/8430051/plasmacutting.php HTTP/2" 404 796 "-" "meta-externalagent/1.1 (+https://developers.facebook.com/docs/sharing/webmasters/crawler)"
57.141.4.11 - - [30/Aug/2025:03:34:26 +0530] "GET /shopdetail/16931039/Gas-brazing-alloys.pdf HTTP/2" 404 796 "-" "meta-externalagent/1.1 (+https://developers.facebook.com/docs/sharing/webmasters/crawler)"
57.141.4.20 - - [30/Aug/2025:03:38:24 +0530] "GET /shopdetail/4915839/EQUIPMENTS.pdf HTTP/2" 404 796 "-" "meta-externalagent/1.1 (+https://developers.facebook.com/docs/sharing/webmasters/crawler)"
57.141.4.23 - - [30/Aug/2025:03:38:24 +0530] "GET /shopdetail/12416362/Tig-filler-wires.pdf HTTP/2" 404 796 "-" "meta-externalagent/1.1 (+https://developers.facebook.com/docs/sharing/webmasters/crawler)"
5.255.231.200 - - [30/Aug/2025:03:24:58 +0530] "GET /robots.txt HTTP/1.1" 404 796 "-" "Mozilla/5.0 (compatible; YandexBot/3.0; +http://yandex.com/bots)"
57.141.4.6 - - [30/Aug/2025:03:26:24 +0530] "GET /shopdetail/18380640/about.php HTTP/2" 404 796 "-" "meta-externalagent/1.1 (+https://developers.facebook.com/docs/sharing/webmasters/crawler)"
57.141.4.24 - - [30/Aug/2025:03:26:25 +0530] "GET /shopdetail/2116895/WEAR-PLATES.pdf HTTP/2" 404 796 "-" "meta-externalagent/1.1 (+https://developers.facebook.com/docs/sharing/webmasters/crawler)"
57.141.4.28 - - [30/Aug/2025:03:26:27 +0530] "GET /shopdetail/8266317/TUBULAR-ELECTRODES.pdf HTTP/2" 404 796 "-" "meta-externalagent/1.1 (+https://developers.facebook.com/docs/sharing/webmasters/crawler)"
57.141.4.24 - - [30/Aug/2025:03:30:24 +0530] "GET /shopdetail/27589551/CAST-IRON.pdf HTTP/2" 404 796 "-" "meta-externalagent/1.1 (+https://developers.facebook.com/docs/sharing/webmasters/crawler)"
57.141.4.8 - - [30/Aug/2025:03:30:26 +0530] "GET /shopdetail/4311262/Hot-metal-spray-powders.pdf HTTP/2" 404 796 "-" "meta-externalagent/1.1 (+https://developers.facebook.com/docs/sharing/webmasters/crawler)"
57.141.4.14 - - [30/Aug/2025:03:34:25 +0530] "GET /shopdetail/27075440/WEAR-PLATES.pdf HTTP/2" 404 796 "-" "meta-externalagent/1.1 (+https://developers.facebook.com/docs/sharing/webmasters/crawler)"
57.141.4.5 - - [30/Aug/2025:03:34:25 +0530] "GET /shopdetail/5789995/contact.php HTTP/2" 404 796 "-" "meta-externalagent/1.1 (+https://developers.facebook.com/docs/sharing/webmasters/crawler)"
57.141.4.1 - - [30/Aug/2025:03:38:26 +0530] "GET /shopdetail/25082717/Hot-metal-spray-powders.pdf HTTP/2" 404 796 "-" "meta-externalagent/1.1 (+https://developers.facebook.com/docs/sharing/webmasters/crawler)"
5.255.231.169 - - [30/Aug/2025:03:39:47 +0530] "GET /robots.txt HTTP/1.1" 404 796 "-" "Mozilla/5.0 (compatible; YandexBot/3.0; +http://yandex.com/bots)"
142.154.21.89 - - [30/Aug/2025:03:42:23 +0530] "GET /shopdetail/4832484/ HTTP/1.1" 404 796 "-" "Mozilla/5.0 (Macintosh; Intel Mac OS X 10_15_7) AppleWebKit/537.36 (KHTML, like Gecko) Chrome/102.0.0.0 Safari/537.36"
57.141.4.15 - - [30/Aug/2025:03:42:25 +0530] "GET /shopdetail/9507251/CUTTING-AND-GOUGING.pdf HTTP/2" 404 796 "-" "meta-externalagent/1.1 (+https://developers.facebook.com/docs/sharing/webmasters/crawler)"
57.141.4.6 - - [30/Aug/2025:03:42:25 +0530] "GET /shopdetail/7469395/Gas-brazing-alloys.pdf HTTP/2" 404 796 "-" "meta-externalagent/1.1 (+https://developers.facebook.com/docs/sharing/webmasters/crawler)"
57.141.4.8 - - [30/Aug/2025:03:42:27 +0530] "GET /shopdetail/15286451/WEAR-PLATES.pdf HTTP/2" 404 796 "-" "meta-externalagent/1.1 (+https://developers.facebook.com/docs/sharing/webmasters/crawler)"
57.141.4.20 - - [30/Aug/2025:03:46:27 +0530] "GET /shopdetail/6013039/Flux-cored-wires.pdf HTTP/2" 404 796 "-" "meta-externalagent/1.1 (+https://developers.facebook.com/docs/sharing/webmasters/crawler)"
57.141.4.5 - - [30/Aug/2025:03:50:25 +0530] "GET /shopdetail/25973473/EQUIPMENTS.pdf HTTP/2" 404 796 "-" "meta-externalagent/1.1 (+https://developers.facebook.com/docs/sharing/webmasters/crawler)"
47.82.11.37 - - [30/Aug/2025:03:42:26 +0530] "GET /shopdetail/4186751/ HTTP/1.1" 404 796 "https://ranush.com/" "Mozilla/5.0 (Windows NT 10.0; Win64; x64) AppleWebKit/537.36 (KHTML, like Gecko) Chrome/135.0.0.0 Safari/537.36 Edg/135.0.0.0"
57.141.4.11 - - [30/Aug/2025:03:42:26 +0530] "GET /shopdetail/22215762/Steel-and-Dissimilar-Steel-Joining-Alloys.pdf HTTP/2" 404 796 "-" "meta-externalagent/1.1 (+https://developers.facebook.com/docs/sharing/webmasters/crawler)"
57.141.4.8 - - [30/Aug/2025:03:46:24 +0530] "GET /shopdetail/16315628/Tig-filler-wires.pdf HTTP/2" 404 796 "-" "meta-externalagent/1.1 (+https://developers.facebook.com/docs/sharing/webmasters/crawler)"
57.141.4.12 - - [30/Aug/2025:03:46:25 +0530] "GET /shopdetail/6205039/Steel-and-Dissimilar-Steel-Joining-Alloys.pdf HTTP/2" 404 796 "-" "meta-externalagent/1.1 (+https://developers.facebook.com/docs/sharing/webmasters/crawler)"
57.141.4.26 - - [30/Aug/2025:03:46:26 +0530] "GET /shopdetail/16808528/Gas-brazing-alloys.pdf HTTP/2" 404 796 "-" "meta-externalagent/1.1 (+https://developers.facebook.com/docs/sharing/webmasters/crawler)"
191.95.165.133 - - [30/Aug/2025:03:47:03 +0530] "GET /admin/blog/19829695_photo%20icl.jpeg HTTP/1.1" 200 189595 "-" "Mozilla/5.0 (Macintosh; Intel Mac OS X 11_2_3) AppleWebKit/537.36 (KHTML, like Gecko) Chrome/88.0.4324.152 Safari/537.36"
57.141.4.8 - - [30/Aug/2025:03:50:25 +0530] "GET /shopdetail/23695506/CONSUMABLES-RANUSH.pdf HTTP/2" 404 796 "-" "meta-externalagent/1.1 (+https://developers.facebook.com/docs/sharing/webmasters/crawler)"
57.141.4.3 - - [30/Aug/2025:03:50:26 +0530] "GET /shopdetail/9681017/WEAR-PLATES.pdf HTTP/2" 404 796 "-" "meta-externalagent/1.1 (+https://developers.facebook.com/docs/sharing/webmasters/crawler)"
57.141.4.9 - - [30/Aug/2025:03:54:24 +0530] "GET /shopdetail/6153039/Tig-filler-wires.pdf HTTP/2" 404 796 "-" "meta-externalagent/1.1 (+https://developers.facebook.com/docs/sharing/webmasters/crawler)"
57.141.4.28 - - [30/Aug/2025:03:54:24 +0530] "GET /shopdetail/1156128/Gas-brazing-alloys.pdf HTTP/2" 404 796 "-" "meta-externalagent/1.1 (+https://developers.facebook.com/docs/sharing/webmasters/crawler)"
57.141.4.16 - - [30/Aug/2025:03:54:26 +0530] "GET /shopdetail/30557806/Gas-brazing-alloys.pdf HTTP/2" 404 796 "-" "meta-externalagent/1.1 (+https://developers.facebook.com/docs/sharing/webmasters/crawler)"
144.48.111.147 - - [30/Aug/2025:03:57:24 +0530] "GET /shopdetail/19010939/contact.php HTTP/1.1" 404 796 "-" "Mozilla/5.0 (Windows NT 6.1; Win64; x64) AppleWebKit/537.36 (KHTML, like Gecko) Brave Chrome/86.0.4240.183 Safari/537.36"
8.217.183.195 - - [30/Aug/2025:04:00:58 +0530] "GET /robots.txt HTTP/1.1" 404 796 "-" "AliyunSecBot/Aliyun (AliyunSecBot@service.alibaba.com)"
57.141.4.2 - - [30/Aug/2025:04:02:24 +0530] "GET /shopdetail/20911917/ESAB-Low-Heat-Hardfacing-alloys.pdf HTTP/2" 404 796 "-" "meta-externalagent/1.1 (+https://developers.facebook.com/docs/sharing/webmasters/crawler)"
57.141.4.18 - - [30/Aug/2025:04:02:24 +0530] "GET /shopdetail/19830140/ HTTP/2" 404 796 "-" "meta-externalagent/1.1 (+https://developers.facebook.com/docs/sharing/webmasters/crawler)"
